-- Table structure for table `kbm_6_posts`
--

CREATE TABLE `kbm_6_posts` (
  `ID` bigint(20) unsigned NOT NULL AUTO_INCREMENT,
  `post_author` bigint(20) unsigned NOT NULL DEFAULT '0',
  `post_date` datetime NOT NULL DEFAULT '0000-00-00 00:00:00',
  `post_date_gmt` datetime NOT NULL DEFAULT '0000-00-00 00:00:00',
  `post_content` longtext COLLATE utf8mb4_unicode_ci NOT NULL,
  `post_title` text COLLATE utf8mb4_unicode_ci NOT NULL,
  `post_excerpt` text COLLATE utf8mb4_unicode_ci NOT NULL,
  `post_status` varchar(20) COLLATE utf8mb4_unicode_ci NOT NULL DEFAULT 'publish',
  `comment_status` varchar(20) COLLATE utf8mb4_unicode_ci NOT NULL DEFAULT 'open',
  `ping_status` varchar(20) COLLATE utf8mb4_unicode_ci NOT NULL DEFAULT 'open',
  `post_password` varchar(255) COLLATE utf8mb4_unicode_ci NOT NULL DEFAULT '',
  `post_name` varchar(200) COLLATE utf8mb4_unicode_ci NOT NULL DEFAULT '',
  `to_ping` text COLLATE utf8mb4_unicode_ci NOT NULL,
  `pinged` text COLLATE utf8mb4_unicode_ci NOT NULL,
  `post_modified` datetime NOT NULL DEFAULT '0000-00-00 00:00:00',
  `post_modified_gmt` datetime NOT NULL DEFAULT '0000-00-00 00:00:00',
  `post_content_filtered` longtext COLLATE utf8mb4_unicode_ci NOT NULL,
  `post_parent` bigint(20) unsigned NOT NULL DEFAULT '0',
  `guid` varchar(255) COLLATE utf8mb4_unicode_ci NOT NULL DEFAULT '',
  `menu_order` int(11) NOT NULL DEFAULT '0',
  `post_type` varchar(20) COLLATE utf8mb4_unicode_ci NOT NULL DEFAULT 'post',
  `post_mime_type` varchar(100) COLLATE utf8mb4_unicode_ci NOT NULL DEFAULT '',
  `comment_count` bigint(20) NOT NULL DEFAULT '0',
  PRIMARY KEY (`ID`),
  KEY `post_name` (`post_name`(191)),
  KEY `type_status_date` (`post_type`,`post_status`,`post_date`,`ID`),
  KEY `post_parent` (`post_parent`),
  KEY `post_author` (`post_author`)
) ENGINE=InnoDB AUTO_INCREMENT=22 DEFAULT CHARSET=utf8mb4 COLLATE=utf8mb4_unicode_ci;

--
-- Dumping data for table `kbm_6_posts`
--

INSERT INTO `kbm_6_posts` VALUES (1,6,'2018-03-31 19:34:05','2018-03-31 12:34:05','Welcome to <a href=\"http://kbm.apmd.ac.id/\">kbm@apmd.ac.id Sites</a>. This is your first post. Edit or delete it, then start blogging!','Halo dunia!','','publish','open','open','','halo-dunia','','','2018-03-31 19:34:05','2018-03-31 12:34:05','',0,'http://kbm.apmd.ac.id/mkm/?p=1',0,'post','',1),(2,6,'2018-03-31 19:34:05','2018-03-31 12:34:05','Ini adalah contoh laman. Ini berbeda dengan posting blog karena akan tetap berada di satu tempat dan akan muncul di navigasi situs Anda (di kebanyakan tema). Kebanyakan orang memulai dengan laman Tentang yang mengenalkannya ke calon pengunjung situs. Biasanya terdengar seperti ini:\n\n<blockquote>Hai disana! Saya adalah pembawa sepeda siang hari, calon aktor di malam hari, dan ini adalah situs web saya. Saya tinggal di Los Angeles, punya anjing hebat bernama Jack, dan saya suka piña colada. (Dan tertangkap basah).</blockquote>\n\n... atau sesuatu seperti ini:\n\n<blockquote>The XYZ Doohickey Company didirikan pada tahun 1971, dan telah menyediakan doohickeys berkualitas kepada masyarakat sejak saat itu. Terletak di Gotham City, XYZ mempekerjakan lebih dari 2.000 orang dan melakukan segala hal yang mengagumkan untuk komunitas Gotham.</blockquote>\n\nSebagai pengguna WordPress baru, Anda harus membuka <a href=\"http://kbm.apmd.ac.id/mkm/wp-admin/\">dasbor</a> untuk menghapus halaman ini dan membuat halaman baru untuk konten Anda. Selamat bersenang-senang!','Laman Contoh','','publish','closed','open','','laman-contoh','','','2018-03-31 19:34:05','2018-03-31 12:34:05','',0,'http://kbm.apmd.ac.id/mkm/?page_id=2',0,'page','',0),(3,4,'2018-03-31 19:38:07','0000-00-00 00:00:00','','Konsep Otomatis','','auto-draft','open','open','','','','','2018-03-31 19:38:07','0000-00-00 00:00:00','',0,'http://kbm.apmd.ac.id/mkm/?p=3',0,'post','',0),(4,4,'2018-03-31 19:41:17','0000-00-00 00:00:00','','Konsep Otomatis','','auto-draft','open','open','','','','','2018-03-31 19:41:17','0000-00-00 00:00:00','',0,'http://kbm.apmd.ac.id/mkm/?p=4',0,'post','',0),(6,6,'2018-04-06 18:57:58','0000-00-00 00:00:00','','Konsep Otomatis','','auto-draft','open','open','','','','','2018-04-06 18:57:58','0000-00-00 00:00:00','',0,'http://kbm.apmd.ac.id/mkm/?p=6',0,'post','',0),(7,6,'2018-04-06 20:05:06','2018-04-06 13:05:06','','Jellyfish','','inherit','open','closed','','jellyfish','','','2018-04-06 20:05:06','2018-04-06 13:05:06','',0,'http://kbm.apmd.ac.id/mkm/wp-content/uploads/sites/6/2018/04/Jellyfish.jpg',0,'attachment','image/jpeg',0),(8,6,'2018-04-06 20:05:18','2018-04-06 13:05:18','','cropped-Jellyfish.jpg','','inherit','open','closed','','cropped-jellyfish-jpg','','','2018-04-06 20:05:18','2018-04-06 13:05:18','',0,'http://kbm.apmd.ac.id/mkm/wp-content/uploads/sites/6/2018/04/cropped-Jellyfish.jpg',0,'attachment','image/jpeg',0),(10,6,'2018-04-06 20:07:45','2018-04-06 13:07:45','','Desert','','inherit','open','closed','','desert','','','2018-04-06 20:07:45','2018-04-06 13:07:45','',0,'http://kbm.apmd.ac.id/mkm/wp-content/uploads/sites/6/2018/04/Desert.jpg',0,'attachment','image/jpeg',0),(11,6,'2018-04-06 20:08:56','2018-04-06 13:08:56','','Chrysanthemum','','inherit','open','closed','','chrysanthemum','','','2018-04-06 20:08:56','2018-04-06 13:08:56','',0,'http://kbm.apmd.ac.id/mkm/wp-content/uploads/sites/6/2018/04/Chrysanthemum.jpg',0,'attachment','image/jpeg',0),(12,6,'2018-04-06 20:09:15','2018-04-06 13:09:15','','cropped-Chrysanthemum.jpg','','inherit','open','closed','','cropped-chrysanthemum-jpg','','','2018-04-06 20:09:15','2018-04-06 13:09:15','',0,'http://kbm.apmd.ac.id/mkm/wp-content/uploads/sites/6/2018/04/cropped-Chrysanthemum.jpg',0,'attachment','image/jpeg',0),(14,6,'2018-04-06 20:10:26','2018-04-06 13:10:26','','Hydrangeas','','inherit','open','closed','','hydrangeas','','','2018-04-06 20:10:26','2018-04-06 13:10:26','',0,'http://kbm.apmd.ac.id/mkm/wp-content/uploads/sites/6/2018/04/Hydrangeas.jpg',0,'attachment','image/jpeg',0),(15,6,'2018-04-06 20:10:41','2018-04-06 13:10:41','http://kbm.apmd.ac.id/mkm/wp-content/uploads/sites/6/2018/04/cropped-Hydrangeas.jpg','cropped-Hydrangeas.jpg','','inherit','open','closed','','cropped-hydrangeas-jpg','','','2018-04-06 20:10:41','2018-04-06 13:10:41','',0,'http://kbm.apmd.ac.id/mkm/wp-content/uploads/sites/6/2018/04/cropped-Hydrangeas.jpg',0,'attachment','image/jpeg',0),(16,6,'2018-04-06 20:11:25','2018-04-06 13:11:25','http://kbm.apmd.ac.id/mkm/wp-content/uploads/sites/6/2018/04/cropped-Jellyfish-1.jpg','cropped-Jellyfish-1.jpg','','inherit','open','closed','','cropped-jellyfish-1-jpg','','','2018-04-06 20:11:25','2018-04-06 13:11:25','',0,'http://kbm.apmd.ac.id/mkm/wp-content/uploads/sites/6/2018/04/cropped-Jellyfish-1.jpg',0,'attachment','image/jpeg',0),(18,6,'2018-04-06 20:18:14','2018-04-06 13:18:14','http://kbm.apmd.ac.id/mkm/wp-content/uploads/sites/6/2018/04/cropped-Jellyfish-2.jpg','cropped-Jellyfish-2.jpg','','inherit','open','closed','','cropped-jellyfish-2-jpg','','','2018-04-06 20:18:14','2018-04-06 13:18:14','',0,'http://kbm.apmd.ac.id/mkm/wp-content/uploads/sites/6/2018/04/cropped-Jellyfish-2.jpg',0,'attachment','image/jpeg',0),(19,6,'2018-04-06 20:18:59','2018-04-06 13:18:59','','Koala','','inherit','open','closed','','koala','','','2018-04-06 20:18:59','2018-04-06 13:18:59','',0,'http://kbm.apmd.ac.id/mkm/wp-content/uploads/sites/6/2018/04/Koala.jpg',0,'attachment','image/jpeg',0),(21,6,'2018-04-06 20:19:59','2018-04-06 13:19:59','http://kbm.apmd.ac.id/mkm/wp-content/uploads/sites/6/2018/04/cropped-Koala.jpg','cropped-Koala.jpg','','inherit','open','closed','','cropped-koala-jpg','','','2018-04-06 20:19:59','2018-04-06 13:19:59','',0,'http://kbm.apmd.ac.id/mkm/wp-content/uploads/sites/6/2018/04/cropped-Koala.jpg',0,'attachment','image/jpeg',0);

--
-- Table structure for table `kbm_6_term_relationships`
--

CREATE TABLE `kbm_6_term_relationships` (
  `object_id` bigint(20) unsigned NOT NULL DEFAULT '0',
  `term_taxonomy_id` bigint(20) unsigned NOT NULL DEFAULT '0',
  `term_order` int(11) NOT NULL DEFAULT '0',
  PRIMARY KEY (`object_id`,`term_taxonomy_id`),
  KEY `term_taxonomy_id` (`term_taxonomy_id`)
) ENGINE=InnoDB DEFAULT CHARSET=utf8mb4 COLLATE=utf8mb4_unicode_ci;

--
-- Dumping data for table `kbm_6_term_relationships`
--

INSERT INTO `kbm_6_term_relationships` VALUES (1,1,0);

--
-- Table structure for table `kbm_6_term_taxonomy`
--

CREATE TABLE `kbm_6_term_taxonomy` (
  `term_taxonomy_id` bigint(20) unsigned NOT NULL AUTO_INCREMENT,
  `term_id` bigint(20) unsigned NOT NULL DEFAULT '0',
  `taxonomy` varchar(32) COLLATE utf8mb4_unicode_ci NOT NULL DEFAULT '',
  `description` longtext COLLATE utf8mb4_unicode_ci NOT NULL,
  `parent` bigint(20) unsigned NOT NULL DEFAULT '0',
  `count` bigint(20) NOT NULL DEFAULT '0',
  PRIMARY KEY (`term_taxonomy_id`),
  UNIQUE KEY `term_id_taxonomy` (`term_id`,`taxonomy`),
  KEY `taxonomy` (`taxonomy`)
) ENGINE=InnoDB AUTO_INCREMENT=2 DEFAULT CHARSET=utf8mb4 COLLATE=utf8mb4_unicode_ci;

--
-- Dumping data for table `kbm_6_term_taxonomy`
--

INSERT INTO `kbm_6_term_taxonomy` VALUES (1,1,'category','',0,1);

--
-- Table structure for table `kbm_6_termmeta`
--

CREATE TABLE `kbm_6_termmeta` (
  `meta_id` bigint(20) unsigned NOT NULL AUTO_INCREMENT,
  `term_id` bigint(20) unsigned NOT NULL DEFAULT '0',
  `meta_key` varchar(255) COLLATE utf8mb4_unicode_ci DEFAULT NULL,
  `meta_value` longtext COLLATE utf8mb4_unicode_ci,
  PRIMARY KEY (`meta_id`),
  KEY `term_id` (`term_id`),
  KEY `meta_key` (`meta_key`(191))
) ENGINE=InnoDB DEFAULT CHARSET=utf8mb4 COLLATE=utf8mb4_unicode_ci;

--
-- Dumping data for table `kbm_6_termmeta`
--


--
-- Table structure for table `kbm_6_terms`
--

CREATE TABLE `kbm_6_terms` (
  `term_id` bigint(20) unsigned NOT NULL AUTO_INCREMENT,
  `name` varchar(200) COLLATE utf8mb4_unicode_ci NOT NULL DEFAULT '',
  `slug` varchar(200) COLLATE utf8mb4_unicode_ci NOT NULL DEFAULT '',
  `term_group` bigint(10) NOT NULL DEFAULT '0',
  `term_order` int(4) DEFAULT '0',
  PRIMARY KEY (`term_id`),
  KEY `slug` (`slug`(191)),
  KEY `name` (`name`(191))
) ENGINE=InnoDB AUTO_INCREMENT=2 DEFAULT CHARSET=utf8mb4 COLLATE=utf8mb4_unicode_ci;

--
-- Dumping data for table `kbm_6_terms`
--

INSERT INTO `kbm_6_terms` VALUES (1,'Tak Berkategori','tak-berkategori',0,0);

--
-- Table structure for table `kbm_7_Counterize`
--

CREATE TABLE `kbm_7_Counterize` (
  `id` int(11) NOT NULL AUTO_INCREMENT,
  `IP` varchar(16) NOT NULL,
  `haship` varchar(16) NOT NULL,
  `timestamp` datetime NOT NULL,
  `pageID` int(11) NOT NULL,
  `agentID` int(11) NOT NULL,
  `refererID` int(11) NOT NULL,
  `countryID` int(11) NOT NULL DEFAULT '0',
  `outlinkID` int(11) NOT NULL DEFAULT '0',
  PRIMARY KEY (`id`),
  KEY `timestamp` (`timestamp`),
  KEY `IP` (`IP`),
  KEY `pageID` (`pageID`),
  KEY `agentID` (`agentID`),
  KEY `refererID` (`refererID`),
  KEY `countryID` (`countryID`),
  KEY `outlinkID` (`outlinkID`)
) ENGINE=InnoDB DEFAULT CHARSET=latin1;

--
-- Dumping data for table `kbm_7_Counterize`
--


--
-- Table structure for table `kbm_7_Counterize_Countries`
--

CREATE TABLE `kbm_7_Counterize_Countries` (
  `countryID` int(11) NOT NULL AUTO_INCREMENT,
  `code` varchar(16) NOT NULL,
  `count` int(11) NOT NULL DEFAULT '1',
  PRIMARY KEY (`countryID`),
  UNIQUE KEY `code` (`code`),
  KEY `count` (`count`)
) ENGINE=InnoDB AUTO_INCREMENT=265 DEFAULT CHARSET=latin1;

--
-- Dumping data for table `kbm_7_Counterize_Countries`
--

INSERT INTO `kbm_7_Counterize_Countries` VALUES (1,'AC',0),(2,'AD',0),(3,'AE',0),(4,'AF',0),(5,'AG',0),(6,'AI',0),(7,'AL',0),(8,'AM',0),(9,'AN',0),(10,'AO',0),(11,'AQ',0),(12,'AR',0),(13,'AS',0),(14,'AT',0),(15,'AU',0),(16,'AW',0),(17,'AX',0),(18,'AZ',0),(19,'BA',0),(20,'BB',0),(21,'BD',0),(22,'BE',0),(23,'BF',0),(24,'BG',0),(25,'BH',0),(26,'BI',0),(27,'BJ',0),(28,'BL',0),(29,'BM',0),(30,'BN',0),(31,'BO',0),(32,'BQ',0),(33,'BR',0),(34,'BS',0),(35,'BT',0),(36,'BV',0),(37,'BW',0),(38,'BY',0),(39,'BZ',0),(40,'CA',0),(41,'CD',0),(42,'CF',0),(43,'CG',0),(44,'CH',0),(45,'CI',0),(46,'CK',0),(47,'CL',0),(48,'CM',0),(49,'CN',0),(50,'CO',0),(51,'CP',0),(52,'CR',0),(53,'CS',0),(54,'CU',0),(55,'CV',0),(56,'CW',0),(57,'CX',0),(58,'CY',0),(59,'CZ',0),(60,'DE',0),(61,'DG',0),(62,'DJ',0),(63,'DK',0),(64,'DM',0),(65,'DO',0),(66,'DZ',0),(67,'EA',0),(68,'EC',0),(69,'EE',0),(70,'EH',0),(71,'EG',0),(72,'ER',0),(73,'ES',0),(74,'ET',0),(75,'EU',0),(76,'FI',0),(77,'FJ',0),(78,'FK',0),(79,'FM',0),(80,'FO',0),(81,'FR',0),(82,'GA',0),(83,'GB',0),(84,'GD',0),(85,'GE',0),(86,'GF',0),(87,'GG',0),(88,'GH',0),(89,'GI',0),(90,'GL',0),(91,'GM',0),(92,'GN',0),(93,'GP',0),(94,'GQ',0),(95,'GR',0),(96,'GS',0),(97,'GT',0),(98,'GU',0),(99,'GW',0),(100,'GY',0),(101,'HK',0),(102,'HM',0),(103,'HN',0),(104,'HR',0),(105,'HT',0),(106,'HU',0),(107,'IC',0),(108,'ID',0),(109,'IE',0),(110,'IL',0),(111,'IM',0),(112,'IN',0),(113,'IO',0),(114,'IQ',0),(115,'IR',0),(116,'IS',0),(117,'IT',0),(118,'JE',0),(119,'JM',0),(120,'JO',0),(121,'JP',0),(122,'KE',0),(123,'KG',0),(124,'KH',0),(125,'KI',0),(126,'KM',0),(127,'KN',0),(128,'KP',0),(129,'KR',0),(130,'KW',0),(131,'KY',0),(132,'KZ',0),(133,'LA',0),(134,'LB',0),(135,'LC',0),(136,'LI',0),(137,'LK',0),(138,'LR',0),(139,'LS',0),(140,'LT',0),(141,'LU',0),(142,'LV',0),(143,'LY',0),(144,'MA',0),(145,'MC',0),(146,'MD',0),(147,'ME',0),(148,'MF',0),(149,'MG',0),(150,'MH',0),(151,'MK',0),(152,'ML',0),(153,'MM',0),(154,'MN',0),(155,'MO',0),(156,'MP',0),(157,'MQ',0),(158,'MR',0),(159,'MS',0),(160,'MT',0),(161,'MU',0),(162,'MV',0),(163,'MW',0),(164,'MX',0),(165,'MY',0),(166,'MZ',0),(167,'NA',0),(168,'NC',0),(169,'NE',0),(170,'NF',0),(171,'NG',0),(172,'NI',0),(173,'NL',0),(174,'NO',0),(175,'NP',0),(176,'NR',0),(177,'NU',0),(178,'NZ',0),(179,'OM',0),(180,'PA',0),(181,'PE',0),(182,'PF',0),(183,'PG',0),(184,'PH',0),(185,'PK',0),(186,'PL',0),(187,'PM',0),(188,'PN',0),(189,'PR',0),(190,'PS',0),(191,'PT',0),(192,'PW',0),(193,'PY',0),(194,'QA',0),(195,'RE',0),(196,'RO',0),(197,'RS',0),(198,'RU',0),(199,'RW',0),(200,'SA',0),(201,'SB',0),(202,'SC',0),(203,'SD',0),(204,'SE',0),(205,'SG',0),(206,'SH',0),(207,'SI',0),(208,'SJ',0),(209,'SK',0),(210,'SL',0),(211,'SM',0),(212,'SN',0),(213,'SO',0),(214,'SR',0),(215,'SS',0),(216,'ST',0),(217,'SV',0),(218,'SX',0),(219,'SY',0),(220,'SZ',0),(221,'TA',0),(222,'TC',0),(223,'TD',0),(224,'TF',0),(225,'TG',0),(226,'TH',0),(227,'TJ',0),(228,'TK',0),(229,'TL',0),(230,'TM',0),(231,'TN',0),(232,'TO',0),(233,'TP',0),(234,'TR',0),(235,'TT',0),(236,'TV',0),(237,'TW',0),(238,'TZ',0),(239,'UA',0),(240,'UG',0),(241,'UM',0),(242,'US',0),(243,'UY',0),(244,'UZ',0),(245,'VA',0),(246,'VC',0),(247,'VE',0),(248,'VG',0),(249,'VI',0),(250,'VN',0),(251,'VU',0),(252,'WF',0),(253,'WG',0),(254,'WL',0),(255,'WS',0),(256,'WV',0),(257,'YE',0),(258,'YT',0),(259,'ZA',0),(260,'ZM',0),(261,'ZR',0),(262,'ZW',0),(263,'ZZ',0),(264,'00',0);

--
-- Table structure for table `kbm_7_Counterize_Keywords`
--

CREATE TABLE `kbm_7_Counterize_Keywords` (
  `keywordID` int(11) NOT NULL AUTO_INCREMENT,
  `keyword` varchar(255) NOT NULL,
  `count` int(11) NOT NULL DEFAULT '1',
  PRIMARY KEY (`keywordID`),
  UNIQUE KEY `keyword` (`keyword`),
  KEY `count` (`count`)
) ENGINE=InnoDB DEFAULT CHARSET=latin1;

--
-- Dumping data for table `kbm_7_Counterize_Keywords`
--


--
-- Table structure for table `kbm_7_Counterize_Outlinks`
--

CREATE TABLE `kbm_7_Counterize_Outlinks` (
  `outlinkID` int(11) unsigned NOT NULL AUTO_INCREMENT,
  `count` int(11) unsigned NOT NULL DEFAULT '0',
  `url` varchar(255) NOT NULL,
  PRIMARY KEY (`outlinkID`),
  UNIQUE KEY `url` (`url`),
  KEY `count` (`count`)
) ENGINE=InnoDB DEFAULT CHARSET=latin1;

--
-- Dumping data for table `kbm_7_Counterize_Outlinks`
--


--
-- Table structure for table `kbm_7_Counterize_Pages`
--

CREATE TABLE `kbm_7_Counterize_Pages` (
  `pageID` int(11) NOT NULL AUTO_INCREMENT,
  `url` varchar(255) NOT NULL,
  `count` int(11) NOT NULL DEFAULT '1',
  `postID` bigint(20) DEFAULT NULL,
  PRIMARY KEY (`pageID`),
  UNIQUE KEY `url` (`url`),
  KEY `count` (`count`),
  KEY `postID` (`postID`)
) ENGINE=InnoDB DEFAULT CHARSET=latin1;

--
-- Dumping data for table `kbm_7_Counterize_Pages`
--


--
-- Table structure for table `kbm_7_Counterize_Referers`
--

CREATE TABLE `kbm_7_Counterize_Referers` (
  `refererID` int(11) NOT NULL AUTO_INCREMENT,
  `name` varchar(255) NOT NULL,
  `count` int(11) NOT NULL DEFAULT '1',
  `keywordID` int(11) NOT NULL,
  PRIMARY KEY (`refererID`),
  UNIQUE KEY `name` (`name`),
  KEY `count` (`count`),
  KEY `keywordID` (`keywordID`)
) ENGINE=InnoDB DEFAULT CHARSET=latin1;

--
-- Dumping data for table `kbm_7_Counterize_Referers`
--


--
-- Table structure for table `kbm_7_Counterize_UserAgents`
--

CREATE TABLE `kbm_7_Counterize_UserAgents` (
  `agentID` int(11) NOT NULL AUTO_INCREMENT,
  `name` varchar(255) NOT NULL,
  `count` int(11) NOT NULL DEFAULT '1',
  `browserName` varchar(255) NOT NULL,
  `browserCode` varchar(255) NOT NULL,
  `browserVersion` varchar(255) NOT NULL,
  `browserURL` varchar(255) NOT NULL,
  `osName` varchar(255) NOT NULL,
  `osCode` varchar(255) NOT NULL,
  `osVersion` varchar(255) NOT NULL,
  `osURL` varchar(255) NOT NULL,
  PRIMARY KEY (`agentID`),
  UNIQUE KEY `name` (`name`),
  KEY `count` (`count`)
) ENGINE=InnoDB DEFAULT CHARSET=latin1;

--
-- Dumping data for table `kbm_7_Counterize_UserAgents`
--


--
-- Table structure for table `kbm_8_Counterize`
--

CREATE TABLE `kbm_8_Counterize` (
  `id` int(11) NOT NULL AUTO_INCREMENT,
  `IP` varchar(16) NOT NULL,
  `haship` varchar(16) NOT NULL,
  `timestamp` datetime NOT NULL,
  `pageID` int(11) NOT NULL,
  `agentID` int(11) NOT NULL,
  `refererID` int(11) NOT NULL,
  `countryID` int(11) NOT NULL DEFAULT '0',
  `outlinkID` int(11) NOT NULL DEFAULT '0',
  PRIMARY KEY (`id`),
  KEY `timestamp` (`timestamp`),
  KEY `IP` (`IP`),
  KEY `pageID` (`pageID`),
  KEY `agentID` (`agentID`),
  KEY `refererID` (`refererID`),
  KEY `countryID` (`countryID`),
  KEY `outlinkID` (`outlinkID`)
) ENGINE=InnoDB AUTO_INCREMENT=1454 DEFAULT CHARSET=latin1;

--
-- Dumping data for table `kbm_8_Counterize`
--

INSERT INTO `kbm_8_Counterize` VALUES (1,'unavailable','c2122e33755a728f','2018-04-05 23:42:02',1,1,1,108,0),(2,'unavailable','a8d24346272e0637','2018-04-06 18:38:20',2,2,2,263,0),(3,'unavailable','40cab91c010a90ae','2018-04-07 20:06:20',2,3,3,242,0),(4,'unavailable','40cab91c010a90ae','2018-04-07 20:06:20',2,3,3,242,0),(5,'unavailable','69a03810e08ce4ba','2018-04-08 12:32:39',2,4,4,108,0),(6,'unavailable','04eed0ebcdcf96d2','2018-04-13 23:28:29',3,5,2,242,0),(7,'unavailable','260f81da7ff81805','2018-05-11 19:58:13',2,2,5,108,0),(8,'unavailable','afecacba682dc36c','2018-05-12 14:00:13',2,5,2,242,0),(9,'unavailable','d0882dfdaba9456d','2018-05-21 19:01:20',2,6,6,263,0),(10,'unavailable','d0882dfdaba9456d','2018-05-21 19:07:18',2,6,6,263,0),(11,'unavailable','d0882dfdaba9456d','2018-05-21 19:10:05',2,6,4,263,0),(12,'unavailable','d0882dfdaba9456d','2018-05-21 19:24:00',2,6,7,263,0),(13,'unavailable','d0882dfdaba9456d','2018-05-21 19:26:32',4,6,8,263,0),(14,'unavailable','d0882dfdaba9456d','2018-05-21 19:33:39',5,6,9,263,0),(15,'unavailable','c8dee1191edd1812','2018-05-21 19:40:59',2,7,4,263,0),(16,'unavailable','c8dee1191edd1812','2018-05-21 19:44:17',6,7,9,263,0),(17,'unavailable','c8dee1191edd1812','2018-05-21 19:45:24',7,7,10,263,0),(18,'unavailable','c8dee1191edd1812','2018-05-21 19:46:42',8,7,10,263,0),(19,'unavailable','c8dee1191edd1812','2018-05-21 19:47:49',9,7,10,263,0),(20,'unavailable','c8dee1191edd1812','2018-05-21 19:50:47',10,7,10,263,0),(21,'unavailable','c8dee1191edd1812','2018-05-21 19:52:01',11,7,10,263,0),(22,'unavailable','c8dee1191edd1812','2018-05-21 19:52:45',12,7,10,263,0),(23,'unavailable','c8dee1191edd1812','2018-05-21 19:52:51',13,7,10,263,0),(24,'unavailable','c8dee1191edd1812','2018-05-21 20:00:22',2,7,11,263,0),(25,'unavailable','c8dee1191edd1812','2018-05-21 20:00:35',2,7,11,263,0),(26,'unavailable','c8dee1191edd1812','2018-05-21 20:01:45',14,7,10,263,0),(27,'unavailable','c8dee1191edd1812','2018-05-21 20:03:54',2,7,11,263,0),(28,'unavailable','c8dee1191edd1812','2018-05-21 20:04:17',15,7,12,263,0),(29,'unavailable','c8dee1191edd1812','2018-05-21 20:08:16',16,7,13,263,0),(30,'unavailable','c8dee1191edd1812','2018-05-21 20:09:26',17,7,13,263,0),(31,'unavailable','1ad12e9914cd32f8','2018-05-21 20:11:03',2,8,2,242,0),(32,'unavailable','d0882dfdaba9456d','2018-05-21 20:21:29',18,6,14,263,0),(33,'unavailable','c8dee1191edd1812','2018-05-21 20:24:44',19,7,10,263,0),(34,'unavailable','c8dee1191edd1812','2018-05-21 20:26:48',20,7,10,263,0),(35,'unavailable','c8dee1191edd1812','2018-05-21 20:28:02',21,7,15,263,0),(36,'unavailable','c8dee1191edd1812','2018-05-21 20:29:25',22,7,15,263,0),(37,'unavailable','c8dee1191edd1812','2018-05-21 20:30:14',23,7,15,263,0),(38,'unavailable','c8dee1191edd1812','2018-05-21 20:33:12',24,7,10,263,0),(39,'unavailable','c8dee1191edd1812','2018-05-21 20:34:48',25,7,10,263,0),(40,'unavailable','1ad12e9914cd32f8','2018-05-21 20:36:40',15,8,2,242,0),(41,'unavailable','c8dee1191edd1812','2018-05-21 20:37:02',26,7,10,263,0),(42,'unavailable','c8dee1191edd1812','2018-05-21 20:37:23',27,7,10,263,0),(43,'unavailable','c8dee1191edd1812','2018-05-21 20:37:24',28,7,10,263,0),(44,'unavailable','c8dee1191edd1812','2018-05-21 20:37:25',29,7,10,263,0),(45,'unavailable','c8dee1191edd1812','2018-05-21 20:37:26',30,7,10,263,0),(46,'unavailable','c8dee1191edd1812','2018-05-21 20:37:27',31,7,10,263,0),(47,'unavailable','c8dee1191edd1812','2018-05-21 20:37:27',32,7,10,263,0),(48,'unavailable','c8dee1191edd1812','2018-05-21 20:38:20',33,7,10,263,0),(49,'unavailable','c8dee1191edd1812','2018-05-21 20:38:44',34,7,10,263,0),(50,'unavailable','c8dee1191edd1812','2018-05-21 20:39:29',35,7,10,263,0),(51,'unavailable','c8dee1191edd1812','2018-05-21 20:45:04',2,7,16,263,0),(52,'unavailable','c8dee1191edd1812','2018-05-21 20:46:19',36,7,17,263,0),(53,'unavailable','c8dee1191edd1812','2018-05-21 20:47:18',37,7,18,263,0),(54,'unavailable','c8dee1191edd1812','2018-05-21 20:47:47',2,7,2,263,0),(55,'unavailable','c8dee1191edd1812','2018-05-21 20:47:58',38,7,12,263,0),(56,'unavailable','c8dee1191edd1812','2018-05-21 20:48:05',39,7,19,263,0),(57,'unavailable','c8dee1191edd1812','2018-05-21 20:48:07',38,7,20,263,0),(58,'unavailable','351bc4ee63d8aa6a','2018-05-21 20:48:49',2,9,2,49,0),(59,'unavailable','47f2d33dd568c813','2018-05-21 20:48:50',2,9,2,49,0),(60,'unavailable','54d220c7ec080e04','2018-05-21 20:53:45',2,9,2,49,0),(61,'unavailable','a6224a08b428323b','2018-05-21 20:54:26',2,9,2,49,0),(62,'unavailable','c8dee1191edd1812','2018-05-21 20:55:59',40,7,21,263,0),(63,'unavailable','b1e230e83e9b94b4','2018-05-21 20:56:56',2,9,2,49,0),(64,'unavailable','f4db9407e5ad92ef','2018-05-21 20:57:37',2,9,2,49,0),(65,'unavailable','c8dee1191edd1812','2018-05-21 20:57:41',41,7,21,263,0),(66,'unavailable','b0c00f9e00317557','2018-05-21 20:58:05',2,9,2,49,0),(67,'unavailable','3602cb6179609935','2018-05-21 20:59:18',2,9,2,49,0),(68,'unavailable','c8dee1191edd1812','2018-05-21 21:00:25',42,7,22,263,0),(69,'unavailable','c8dee1191edd1812','2018-05-21 21:01:09',43,7,22,263,0),(70,'unavailable','60579ff065bd30af','2018-05-21 21:01:21',2,9,2,49,0),(71,'unavailable','4d68505f0c028355','2018-05-21 21:04:04',2,9,2,49,0),(72,'unavailable','1082f0802352cffe','2018-05-21 21:04:28',2,9,2,49,0),(73,'unavailable','c8dee1191edd1812','2018-05-21 21:07:15',38,7,20,263,0),(74,'unavailable','c8dee1191edd1812','2018-05-21 21:07:17',38,7,12,263,0),(75,'unavailable','14d2810aa041a4b3','2018-05-21 21:08:49',2,9,2,49,0),(76,'unavailable','c90ac1bc84077355','2018-05-21 21:09:19',2,9,2,49,0),(77,'unavailable','1ad12e9914cd32f8','2018-05-21 21:14:12',2,8,2,242,0),(78,'unavailable','1ad12e9914cd32f8','2018-05-21 21:14:15',38,8,2,242,0),(79,'unavailable','1ad12e9914cd32f8','2018-05-21 21:14:18',39,8,2,242,0),(80,'unavailable','e08d03b4ab057402','2018-05-21 21:22:39',2,9,2,49,0),(81,'unavailable','c8dee1191edd1812','2018-05-21 21:23:03',2,7,23,263,0),(82,'unavailable','c8dee1191edd1812','2018-05-21 21:26:09',44,7,24,263,0),(83,'unavailable','ba0fd40d73aafce8','2018-05-21 21:27:23',2,9,2,49,0),(84,'unavailable','42323372b5318f9a','2018-05-21 21:27:54',2,9,2,49,0),(85,'unavailable','fbb0c0f78696d946','2018-05-21 21:28:19',2,9,2,49,0),(86,'unavailable','a52d71566403e0f2','2018-05-21 21:28:31',2,9,2,108,0),(87,'unavailable','60be34f747f2288a','2018-05-21 21:30:59',2,9,2,49,0),(88,'unavailable','93ca265e112f65ef','2018-05-21 21:31:46',2,9,2,49,0),(89,'unavailable','36a888aabe8af4cb','2018-05-21 21:31:55',2,9,2,49,0),(90,'unavailable','fcd2d3463cc9a824','2018-05-21 21:35:20',2,9,2,49,0),(91,'unavailable','52f2ccda712df095','2018-05-21 21:35:22',2,9,2,49,0),(92,'unavailable','dd06b75d6a1ca8a8','2018-05-21 21:36:57',2,9,2,49,0),(93,'unavailable','4cebbff81371a23c','2018-05-21 21:37:17',2,9,2,49,0),(94,'unavailable','8f7c7806dfc1ee36','2018-05-21 21:37:21',2,9,2,49,0),(95,'unavailable','e6ef2e2b80eba1df','2018-05-21 21:45:59',2,9,2,237,0),(96,'unavailable','e6651dd90049d808','2018-05-21 21:47:09',2,9,2,49,0),(97,'unavailable','0c66298310f2dff8','2018-05-21 21:57:28',2,9,2,49,0),(98,'unavailable','9f6a062a3204f5e2','2018-05-21 22:27:52',2,9,2,49,0),(99,'unavailable','3f14a6ca22cc0e76','2018-05-21 22:38:10',2,10,25,49,0),(100,'unavailable','94123193d0826a01','2018-05-21 22:59:20',2,11,4,242,0),(101,'unavailable','94123193d0826a01','2018-05-21 23:01:01',2,11,4,242,0),(102,'unavailable','4a19e70a53ac8667','2018-05-22 02:06:07',2,9,2,49,0),(103,'unavailable','9f1f2506a35a0e79','2018-05-23 15:57:49',39,12,26,198,0),(104,'unavailable','1498efe4a7f83379','2018-05-24 05:29:57',39,12,27,198,0),(105,'unavailable','73a36cff0733c44c','2018-06-12 16:36:19',45,5,2,242,0),(106,'unavailable','73a36cff0733c44c','2018-06-12 16:36:19',45,5,2,242,0),(107,'unavailable','583a1437c860b9a1','2018-06-12 16:36:32',46,13,28,108,0),(108,'unavailable','583a1437c860b9a1','2018-06-12 16:36:50',45,13,28,108,0),(109,'unavailable','5a9f2249d5863891','2018-06-22 12:51:29',38,5,2,242,0),(110,'unavailable','05a7e867fdcffd41','2018-07-05 22:37:03',46,14,28,265,0),(111,'unavailable','05a7e867fdcffd41','2018-07-05 22:37:04',38,14,28,265,0),(112,'unavailable','c8a9fa0e742220be','2018-07-06 06:43:23',38,15,28,108,0),(113,'unavailable','fe395e139bbd58e5','2018-07-06 09:19:56',2,16,2,108,0),(114,'unavailable','ac2e1ad8675ef5ed','2018-07-14 17:35:04',38,14,28,242,0),(115,'unavailable','b02787e2972fe2cd','2018-07-19 07:25:22',46,5,2,242,0),(116,'unavailable','884d06f44a1957b8','2018-08-02 19:52:11',38,5,2,242,0),(117,'unavailable','21b18aa45a1c03a2','2018-08-10 17:33:09',38,5,2,242,0),(118,'unavailable','908d2f6a5cf13aba','2018-08-10 17:33:15',2,5,2,242,0),(119,'unavailable','908d2f6a5cf13aba','2018-08-10 17:33:15',39,5,2,242,0),(120,'unavailable','e34bc0bb643be6c9','2018-08-10 17:33:15',38,18,2,242,0),(121,'unavailable','e1171512e7a96628','2018-08-10 17:33:15',38,17,29,242,0),(122,'unavailable','884d06f44a1957b8','2018-08-10 17:33:15',47,5,2,242,0),(123,'unavailable','70855fc92b3148f8','2018-08-20 13:47:30',38,19,28,108,0),(124,'unavailable','d6314dd98b8a033c','2018-08-21 17:00:00',38,20,28,108,0),(125,'unavailable','e34bc0bb643be6c9','2018-08-23 08:41:22',38,21,30,242,0),(126,'unavailable','e1171512e7a96628','2018-08-23 08:47:37',38,21,30,242,0),(127,'unavailable','e1171512e7a96628','2018-08-23 08:49:00',38,21,30,242,0),(128,'unavailable','21b18aa45a1c03a2','2018-08-23 21:37:52',38,5,28,242,0),(129,'unavailable','21b18aa45a1c03a2','2018-08-23 21:37:53',38,5,2,242,0),(130,'unavailable','68140670f49b9e00','2018-08-23 21:38:00',39,5,2,242,0),(131,'unavailable','68140670f49b9e00','2018-08-23 21:38:00',2,5,2,242,0),(132,'unavailable','f6b027474d4e41dc','2018-08-23 21:38:00',47,5,2,242,0),(133,'unavailable','ce5b54fb24a8fcc0','2018-08-25 14:20:41',38,22,30,108,0),(134,'unavailable','d5a5f949cd840f3d','2018-08-26 13:27:56',38,23,31,108,0),(135,'unavailable','d5a5f949cd840f3d','2018-08-26 13:37:22',38,23,31,108,0),(136,'unavailable','d5a5f949cd840f3d','2018-08-26 13:39:59',38,23,31,108,0),(137,'unavailable','d5a5f949cd840f3d','2018-08-26 13:41:21',38,23,31,108,0),(138,'unavailable','d5a5f949cd840f3d','2018-08-26 13:44:30',38,23,31,108,0),(139,'unavailable','40cab91c010a90ae','2018-08-29 18:24:19',38,24,28,242,0),(140,'unavailable','f87b6d03d0f1b418','2018-09-01 19:18:27',38,25,29,108,0),(141,'unavailable','e34bc0bb643be6c9','2018-09-01 23:41:33',38,26,28,242,0),(142,'unavailable','7e87660b1c2b0e3c','2018-09-03 02:36:13',38,27,30,15,0),(143,'unavailable','f6108c8cb7ff90f5','2018-09-04 21:31:27',38,5,2,242,0),(144,'unavailable','127e227f95ab47d9','2018-09-05 11:55:03',38,5,2,242,0),(145,'unavailable','afecacba682dc36c','2018-09-05 11:55:07',38,5,2,242,0),(146,'unavailable','60d4b924f1351106','2018-09-10 00:39:59',38,28,28,108,0),(147,'unavailable','0d54b491671f0be1','2018-09-11 10:55:28',38,29,29,265,0),(148,'unavailable','0d54b491671f0be1','2018-09-11 10:56:55',48,29,2,265,0),(149,'unavailable','0d54b491671f0be1','2018-09-11 10:57:06',49,29,2,265,0),(150,'unavailable','0d54b491671f0be1','2018-09-11 10:57:10',38,29,29,265,0),(151,'unavailable','0d54b491671f0be1','2018-09-11 10:57:16',38,29,29,265,0),(152,'unavailable','0d54b491671f0be1','2018-09-11 10:57:19',50,29,19,265,0),(153,'unavailable','0d54b491671f0be1','2018-09-11 10:57:27',38,29,32,265,0),(154,'unavailable','0d54b491671f0be1','2018-09-11 10:57:31',47,29,19,265,0),(155,'unavailable','637aa6f21b6053fd','2018-09-11 21:47:53',38,30,30,108,0),(156,'unavailable','5a9f2249d5863891','2018-09-12 21:51:27',38,5,2,242,0),(157,'unavailable','7fbc360209ccedf9','2018-09-17 15:55:57',2,31,6,242,0),(158,'unavailable','721454c3103ce817','2018-09-19 21:08:47',38,32,31,108,0),(159,'unavailable','7fbc360209ccedf9','2018-09-21 15:06:22',38,33,28,242,0),(160,'unavailable','3bc8970ebe8c3d9d','2018-09-21 21:06:45',38,34,30,242,0),(161,'unavailable','4645d60e325a9a4c','2018-09-22 20:17:29',38,35,2,108,0),(162,'unavailable','a4d84cc54b335318','2018-09-22 20:17:48',38,5,2,242,0),(163,'unavailable','4420e53a6a75d11a','2018-09-22 20:17:53',2,5,2,242,0),(164,'unavailable','e1d52900ac5e0dd3','2018-09-22 20:17:53',39,5,2,242,0),(165,'unavailable','a4d84cc54b335318','2018-09-22 20:17:53',47,5,2,242,0),(166,'unavailable','7fbc360209ccedf9','2018-09-22 20:17:53',38,35,31,242,0),(167,'unavailable','7fbc360209ccedf9','2018-09-22 20:17:53',38,18,2,242,0),(168,'unavailable','e1d52900ac5e0dd3','2018-09-23 05:23:14',38,5,2,242,0),(169,'unavailable','5a9ce6f3c1da65b8','2018-09-23 15:56:22',38,36,31,242,0),(170,'unavailable','a4d84cc54b335318','2018-09-23 18:02:08',38,5,2,242,0),(171,'unavailable','3bc8970ebe8c3d9d','2018-09-26 07:08:16',38,37,31,242,0),(172,'unavailable','1827438e2d2d18f3','2018-09-26 14:23:21',38,38,29,108,0),(173,'unavailable','3bc8970ebe8c3d9d','2018-09-27 10:50:44',38,39,28,242,0),(174,'unavailable','3bc8970ebe8c3d9d','2018-09-28 16:15:47',38,40,31,242,0),(175,'unavailable','7fbc360209ccedf9','2018-09-28 16:16:34',38,40,31,242,0),(176,'unavailable','a4d84cc54b335318','2018-09-28 19:21:06',38,5,28,242,0),(177,'unavailable','7fbc360209ccedf9','2018-09-28 21:32:02',38,41,28,242,0),(178,'unavailable','3bc8970ebe8c3d9d','2018-09-29 11:24:51',38,41,28,242,0),(179,'unavailable','6a255a592db22188','2018-10-01 23:00:52',38,42,2,263,0),(180,'unavailable','6a255a592db22188','2018-10-01 23:05:27',38,42,2,263,0),(181,'unavailable','6a255a592db22188','2018-10-01 23:08:24',38,42,2,263,0),(182,'unavailable','6a255a592db22188','2018-10-03 13:18:46',38,5,2,263,0),(183,'unavailable','6a255a592db22188','2018-10-03 22:14:40',38,43,33,263,0),(184,'unavailable','6a255a592db22188','2018-10-11 19:42:32',38,44,28,263,0),(185,'unavailable','6a255a592db22188','2018-10-12 01:31:28',38,45,28,263,0),(186,'unavailable','6a255a592db22188','2018-10-12 08:59:22',38,46,31,263,0),(187,'unavailable','6a255a592db22188','2018-10-12 19:23:22',38,47,30,263,0),(188,'unavailable','6a255a592db22188','2018-10-14 09:53:08',38,5,2,263,0),(189,'unavailable','6a255a592db22188','2018-10-17 16:47:36',38,5,28,263,0),(190,'unavailable','6a255a592db22188','2018-10-23 19:30:33',38,48,28,263,0),(191,'unavailable','6a255a592db22188','2018-11-01 08:11:11',38,49,2,263,0),(192,'unavailable','6a255a592db22188','2018-11-02 21:45:49',38,50,28,263,0),(193,'unavailable','6a255a592db22188','2018-11-02 21:46:27',38,50,28,263,0),(194,'unavailable','6a255a592db22188','2018-11-04 13:16:42',51,51,2,263,0),(195,'unavailable','6a255a592db22188','2018-11-04 13:18:01',51,51,2,263,0),(196,'unavailable','6a255a592db22188','2018-11-04 13:18:01',51,51,2,263,0),(197,'unavailable','6a255a592db22188','2018-11-05 14:43:22',38,52,28,263,0),(198,'unavailable','6a255a592db22188','2018-11-06 16:18:19',38,5,2,263,0),(199,'unavailable','6a255a592db22188','2018-11-22 17:35:20',38,53,31,263,0),(200,'unavailable','6a255a592db22188','2018-11-22 22:34:39',38,54,2,263,0),(201,'unavailable','6a255a592db22188','2018-11-22 22:35:24',38,55,2,263,0),(202,'unavailable','6a255a592db22188','2018-11-22 22:35:31',38,56,2,263,0),(203,'unavailable','6a255a592db22188','2018-11-22 22:36:48',38,55,2,263,0),(204,'unavailable','6a255a592db22188','2018-11-22 22:36:53',38,56,2,263,0),(205,'unavailable','6a255a592db22188','2018-11-22 22:40:01',38,55,2,263,0),(206,'unavailable','6a255a592db22188','2018-11-22 22:40:02',38,55,2,263,0),(207,'unavailable','6a255a592db22188','2018-11-22 22:40:06',38,56,2,263,0),(208,'unavailable','6a255a592db22188','2018-11-22 22:40:08',38,56,2,263,0),(209,'unavailable','6a255a592db22188','2018-11-22 22:40:11',38,55,2,263,0),(210,'unavailable','6a255a592db22188','2018-11-22 22:40:17',38,56,2,263,0),(211,'unavailable','6a255a592db22188','2018-11-24 20:40:50',38,57,31,263,0),(212,'unavailable','6a255a592db22188','2018-11-24 20:41:04',38,57,31,263,0),(213,'unavailable','6a255a592db22188','2018-11-30 21:44:14',38,58,28,263,0),(214,'unavailable','6a255a592db22188','2018-12-07 04:26:38',2,59,4,263,0),(215,'unavailable','6a255a592db22188','2018-12-07 05:47:02',38,5,2,263,0),(216,'unavailable','6a255a592db22188','2018-12-07 05:48:49',38,60,28,263,0),(217,'unavailable','6a255a592db22188','2018-12-10 18:12:23',38,61,29,263,0),(218,'unavailable','6a255a592db22188','2018-12-10 23:49:18',38,62,29,263,0),(219,'unavailable','6a255a592db22188','2018-12-11 04:15:40',38,63,2,263,0),(220,'unavailable','6a255a592db22188','2018-12-15 11:11:21',2,64,4,263,0),(221,'unavailable','6a255a592db22188','2018-12-17 14:27:55',38,65,29,263,0),(222,'unavailable','6a255a592db22188','2019-01-01 21:57:40',38,5,2,263,0),(223,'unavailable','6a255a592db22188','2019-01-06 01:19:26',38,66,29,263,0),(224,'unavailable','6a255a592db22188','2019-01-06 04:33:17',38,66,29,263,0),(225,'unavailable','6a255a592db22188','2019-01-21 10:46:11',38,5,2,263,0),(226,'unavailable','6a255a592db22188','2019-01-21 10:46:12',38,5,2,263,0),(227,'unavailable','6a255a592db22188','2019-01-24 23:18:16',52,67,28,263,0),(228,'unavailable','6a255a592db22188','2019-01-31 18:49:32',38,5,2,263,0),(229,'unavailable','6a255a592db22188','2019-01-31 21:03:47',2,68,2,263,0),(230,'unavailable','6a255a592db22188','2019-01-31 21:06:51',52,68,2,263,0),(231,'unavailable','6a255a592db22188','2019-01-31 21:06:52',38,68,2,263,0),(232,'unavailable','6a255a592db22188','2019-01-31 21:06:53',52,68,2,263,0),(233,'unavailable','6a255a592db22188','2019-01-31 21:06:54',38,68,2,263,0),(234,'unavailable','6a255a592db22188','2019-01-31 21:06:55',53,68,2,263,0),(235,'unavailable','6a255a592db22188','2019-01-31 21:06:55',50,68,2,263,0),(236,'unavailable','6a255a592db22188','2019-01-31 21:06:55',54,68,2,263,0),(237,'unavailable','6a255a592db22188','2019-01-31 21:06:55',55,68,2,263,0),(238,'unavailable','6a255a592db22188','2019-01-31 21:06:56',50,68,2,263,0),(239,'unavailable','6a255a592db22188','2019-01-31 21:06:56',56,68,2,263,0),(240,'unavailable','6a255a592db22188','2019-01-31 21:06:57',57,68,2,263,0),(241,'unavailable','6a255a592db22188','2019-01-31 21:06:57',58,68,2,263,0),(242,'unavailable','6a255a592db22188','2019-01-31 21:06:58',60,68,2,263,0),(243,'unavailable','6a255a592db22188','2019-01-31 21:06:58',59,68,2,263,0),(244,'unavailable','6a255a592db22188','2019-01-31 21:06:58',61,68,2,263,0),(245,'unavailable','6a255a592db22188','2019-01-31 21:06:59',62,68,2,263,0),(246,'unavailable','6a255a592db22188','2019-01-31 21:06:59',63,68,2,263,0),(247,'unavailable','6a255a592db22188','2019-01-31 21:07:00',64,68,2,263,0),(248,'unavailable','6a255a592db22188','2019-01-31 21:07:00',65,68,2,263,0),(249,'unavailable','6a255a592db22188','2019-01-31 21:07:00',66,68,2,263,0),(250,'unavailable','6a255a592db22188','2019-01-31 21:07:01',67,68,2,263,0),(251,'unavailable','6a255a592db22188','2019-01-31 21:07:01',68,68,2,263,0),(252,'unavailable','6a255a592db22188','2019-01-31 21:07:02',69,68,2,263,0),(253,'unavailable','6a255a592db22188','2019-01-31 21:07:02',70,68,2,263,0),(254,'unavailable','6a255a592db22188','2019-01-31 21:07:03',71,68,2,263,0),(255,'unavailable','6a255a592db22188','2019-01-31 21:07:03',72,68,2,263,0),(256,'unavailable','6a255a592db22188','2019-01-31 21:07:03',73,68,2,263,0),(257,'unavailable','6a255a592db22188','2019-01-31 21:07:04',74,68,2,263,0),(258,'unavailable','6a255a592db22188','2019-01-31 21:07:04',75,68,2,263,0),(259,'unavailable','6a255a592db22188','2019-01-31 21:07:05',76,68,2,263,0),(260,'unavailable','6a255a592db22188','2019-01-31 21:07:05',77,68,2,263,0),(261,'unavailable','6a255a592db22188','2019-01-31 21:07:05',78,68,2,263,0),(262,'unavailable','6a255a592db22188','2019-01-31 21:07:06',79,68,2,263,0),(263,'unavailable','6a255a592db22188','2019-01-31 21:07:06',80,68,2,263,0),(264,'unavailable','6a255a592db22188','2019-01-31 21:07:07',81,68,2,263,0),(265,'unavailable','6a255a592db22188','2019-01-31 21:07:07',82,68,2,263,0),(266,'unavailable','6a255a592db22188','2019-01-31 21:07:08',83,68,2,263,0),(267,'unavailable','6a255a592db22188','2019-01-31 21:07:08',84,68,2,263,0),(268,'unavailable','6a255a592db22188','2019-01-31 21:07:08',85,68,2,263,0),(269,'unavailable','6a255a592db22188','2019-01-31 21:07:09',86,68,2,263,0),(270,'unavailable','6a255a592db22188','2019-01-31 21:07:10',87,68,2,263,0),(271,'unavailable','6a255a592db22188','2019-01-31 21:07:10',88,68,2,263,0),(272,'unavailable','6a255a592db22188','2019-01-31 21:07:11',89,68,2,263,0),(273,'unavailable','6a255a592db22188','2019-01-31 21:07:11',90,68,2,263,0),(274,'unavailable','6a255a592db22188','2019-01-31 21:07:12',91,68,2,263,0),(275,'unavailable','6a255a592db22188','2019-01-31 21:07:13',92,68,2,263,0),(276,'unavailable','6a255a592db22188','2019-01-31 21:07:13',93,68,2,263,0),(277,'unavailable','6a255a592db22188','2019-01-31 21:07:14',94,68,2,263,0),(278,'unavailable','6a255a592db22188','2019-01-31 21:07:15',95,68,2,263,0),(279,'unavailable','6a255a592db22188','2019-01-31 21:07:15',96,68,2,263,0),(280,'unavailable','6a255a592db22188','2019-01-31 21:07:15',97,68,2,263,0),(281,'unavailable','6a255a592db22188','2019-01-31 21:07:16',98,68,2,263,0),(282,'unavailable','6a255a592db22188','2019-01-31 21:07:17',99,68,2,263,0),(283,'unavailable','6a255a592db22188','2019-01-31 21:07:18',100,68,2,263,0),(284,'unavailable','6a255a592db22188','2019-01-31 21:07:18',101,68,2,263,0),(285,'unavailable','6a255a592db22188','2019-01-31 21:07:20',102,68,2,263,0),(286,'unavailable','6a255a592db22188','2019-01-31 21:07:20',103,68,2,263,0),(287,'unavailable','6a255a592db22188','2019-01-31 21:07:23',104,68,2,263,0),(288,'unavailable','6a255a592db22188','2019-02-07 08:56:13',38,69,29,263,0),(289,'unavailable','6a255a592db22188','2019-02-15 13:42:46',38,70,29,263,0),(290,'unavailable','6a255a592db22188','2019-03-02 09:21:42',38,71,29,263,0),(291,'unavailable','6a255a592db22188','2019-03-13 18:56:47',38,72,29,263,0),(292,'unavailable','6a255a592db22188','2019-03-22 01:02:20',38,73,31,263,0),(293,'unavailable','6a255a592db22188','2019-03-22 09:11:01',38,74,28,263,0),(294,'unavailable','6a255a592db22188','2019-04-02 19:24:25',38,75,31,263,0),(295,'unavailable','6a255a592db22188','2019-04-05 16:15:12',38,76,28,263,0),(296,'unavailable','6a255a592db22188','2019-04-11 12:05:11',38,5,2,263,0),(297,'unavailable','6a255a592db22188','2019-04-13 14:15:34',38,77,29,263,0),(298,'unavailable','6a255a592db22188','2019-04-16 21:05:03',38,78,28,263,0),(299,'unavailable','6a255a592db22188','2019-04-30 09:29:22',38,79,31,263,0),(300,'unavailable','6a255a592db22188','2019-05-01 21:32:48',38,80,29,263,0),(301,'unavailable','6a255a592db22188','2019-05-10 10:29:48',38,81,31,263,0),(302,'unavailable','6a255a592db22188','2019-05-11 11:18:03',38,82,2,263,0),(303,'unavailable','6a255a592db22188','2019-05-13 23:34:01',38,83,2,263,0),(304,'unavailable','6a255a592db22188','2019-05-14 15:04:01',38,84,29,263,0),(305,'unavailable','6a255a592db22188','2019-05-15 16:07:45',38,85,31,263,0),(306,'unavailable','6a255a592db22188','2019-05-15 20:40:45',38,82,29,263,0),(307,'unavailable','6a255a592db22188','2019-05-15 20:41:15',38,82,29,263,0),(308,'unavailable','6a255a592db22188','2019-05-16 04:28:00',38,86,31,263,0),(309,'unavailable','6a255a592db22188','2019-05-16 18:59:42',38,87,31,263,0),(310,'unavailable','6a255a592db22188','2019-05-17 08:27:02',38,85,31,263,0),(311,'unavailable','6a255a592db22188','2019-05-17 11:55:06',38,88,29,263,0),(312,'unavailable','6a255a592db22188','2019-05-17 11:57:26',38,89,30,263,0),(313,'unavailable','6a255a592db22188','2019-05-17 18:31:52',38,90,31,263,0),(314,'unavailable','6a255a592db22188','2019-05-18 02:23:47',38,5,2,263,0),(315,'unavailable','6a255a592db22188','2019-05-21 13:37:44',38,91,29,263,0),(316,'unavailable','6a255a592db22188','2019-05-21 13:38:25',38,91,29,263,0),(317,'unavailable','6a255a592db22188','2019-05-21 17:02:35',38,92,29,263,0),(318,'unavailable','6a255a592db22188','2019-05-23 21:01:05',38,93,29,263,0),(319,'unavailable','6a255a592db22188','2019-05-27 11:20:49',38,33,29,263,0),(320,'unavailable','6a255a592db22188','2019-06-01 08:04:15',38,94,29,263,0),(321,'unavailable','6a255a592db22188','2019-06-01 08:05:07',38,94,29,263,0),(322,'unavailable','6a255a592db22188','2019-06-01 08:08:40',38,94,2,263,0),(323,'unavailable','6a255a592db22188','2019-06-01 08:16:52',38,94,2,263,0),(324,'unavailable','6a255a592db22188','2019-06-01 08:17:49',38,94,2,263,0),(325,'unavailable','6a255a592db22188','2019-06-01 08:31:56',38,94,2,263,0),(326,'unavailable','6a255a592db22188','2019-06-05 20:32:52',38,95,31,263,0),(327,'unavailable','6a255a592db22188','2019-06-17 21:16:41',38,96,2,263,0),(328,'unavailable','6a255a592db22188','2019-06-24 11:47:15',38,97,31,263,0),(329,'unavailable','6a255a592db22188','2019-06-24 11:48:45',38,97,31,263,0),(330,'unavailable','6a255a592db22188','2019-06-24 11:57:41',38,97,31,263,0),(331,'unavailable','6a255a592db22188','2019-06-24 12:27:01',38,98,29,263,0),(332,'unavailable','6a255a592db22188','2019-06-25 15:39:12',38,5,2,263,0),(333,'unavailable','6a255a592db22188','2019-06-25 15:39:13',38,5,2,263,0),(334,'unavailable','6a255a592db22188','2019-06-30 17:12:26',38,5,2,263,0),(335,'unavailable','6a255a592db22188','2019-07-01 12:50:28',2,99,4,263,0),(336,'unavailable','6a255a592db22188','2019-07-01 12:58:46',2,99,2,263,0),(337,'unavailable','6a255a592db22188','2019-07-04 08:47:13',38,5,2,263,0),(338,'unavailable','6a255a592db22188','2019-07-05 20:20:00',38,100,31,263,0),(339,'unavailable','6a255a592db22188','2019-07-12 15:22:34',38,5,31,263,0),(340,'unavailable','6a255a592db22188','2019-07-12 15:22:34',38,101,2,263,0),(341,'unavailable','6a255a592db22188','2019-07-12 15:22:35',38,102,2,263,0),(342,'unavailable','6a255a592db22188','2019-07-12 15:22:40',2,5,2,263,0),(343,'unavailable','6a255a592db22188','2019-07-12 15:22:40',39,5,2,263,0),(344,'unavailable','6a255a592db22188','2019-07-12 15:22:40',47,5,2,263,0),(345,'unavailable','6a255a592db22188','2019-07-23 06:28:29',2,103,34,263,0),(346,'unavailable','6a255a592db22188','2019-07-23 12:35:02',2,103,34,263,0),(347,'unavailable','6a255a592db22188','2019-07-24 00:20:48',2,103,34,263,0),(348,'unavailable','6a255a592db22188','2019-07-26 11:55:14',39,104,34,263,0),(349,'unavailable','6a255a592db22188','2019-07-26 13:20:54',39,105,34,263,0),(350,'unavailable','6a255a592db22188','2019-07-26 20:08:25',105,103,34,263,0),(351,'unavailable','6a255a592db22188','2019-07-26 20:18:33',53,103,34,263,0),(352,'unavailable','6a255a592db22188','2019-07-31 09:48:40',45,104,34,263,0),(353,'unavailable','6a255a592db22188','2019-07-31 09:49:32',39,103,34,263,0),(354,'unavailable','6a255a592db22188','2019-08-09 00:12:45',38,106,29,263,0),(355,'unavailable','6a255a592db22188','2019-08-12 21:26:09',38,107,29,263,0),(356,'unavailable','6a255a592db22188','2019-08-19 05:27:09',38,108,2,263,0),(357,'unavailable','6a255a592db22188','2019-08-20 23:07:17',38,109,29,263,0),(358,'unavailable','6a255a592db22188','2019-08-21 13:37:37',38,110,29,263,0),(359,'unavailable','6a255a592db22188','2019-08-21 13:38:12',47,110,19,263,0),(360,'unavailable','6a255a592db22188','2019-08-21 13:38:22',38,110,29,263,0),(361,'unavailable','6a255a592db22188','2019-08-22 15:48:28',47,111,2,263,0),(362,'unavailable','6a255a592db22188','2019-08-22 20:31:55',38,5,2,263,0),(363,'unavailable','6a255a592db22188','2019-08-22 20:33:45',38,112,29,263,0),(364,'unavailable','6a255a592db22188','2019-08-25 13:26:47',38,113,31,263,0),(365,'unavailable','6a255a592db22188','2019-08-27 20:37:37',38,114,29,263,0),(366,'unavailable','6a255a592db22188','2019-08-29 20:05:07',38,114,29,263,0),(367,'unavailable','6a255a592db22188','2019-09-02 09:53:30',38,115,29,263,0),(368,'unavailable','6a255a592db22188','2019-09-02 09:53:38',38,115,29,263,0),(369,'unavailable','6a255a592db22188','2019-09-02 10:04:03',38,116,35,263,0),(370,'unavailable','6a255a592db22188','2019-09-02 16:11:51',38,5,2,263,0),(371,'unavailable','6a255a592db22188','2019-09-03 00:31:50',38,117,29,263,0),(372,'unavailable','6a255a592db22188','2019-09-03 00:31:50',38,117,29,263,0),(373,'unavailable','6a255a592db22188','2019-09-03 03:06:59',38,117,29,263,0),(374,'unavailable','6a255a592db22188','2019-09-03 03:06:59',38,117,29,263,0),(375,'unavailable','6a255a592db22188','2019-09-04 11:44:15',38,114,31,263,0),(376,'unavailable','6a255a592db22188','2019-09-05 11:37:05',38,5,2,263,0),(377,'unavailable','6a255a592db22188','2019-09-05 11:39:13',38,117,29,263,0),(378,'unavailable','6a255a592db22188','2019-09-05 11:46:01',38,117,29,263,0),(379,'unavailable','6a255a592db22188','2019-09-05 12:08:36',38,117,29,263,0),(380,'unavailable','6a255a592db22188','2019-09-10 16:08:03',38,118,2,263,0),(381,'unavailable','6a255a592db22188','2019-09-10 16:09:05',38,119,2,263,0),(382,'unavailable','6a255a592db22188','2019-09-10 23:55:56',38,120,31,263,0),(383,'unavailable','6a255a592db22188','2019-09-10 23:55:56',38,120,31,263,0),(384,'unavailable','6a255a592db22188','2019-09-12 04:52:03',38,121,28,263,0),(385,'unavailable','6a255a592db22188','2019-09-12 20:35:41',38,122,31,263,0),(386,'unavailable','6a255a592db22188','2019-09-12 20:35:41',38,122,31,263,0),(387,'unavailable','6a255a592db22188','2019-09-13 19:38:59',38,123,29,263,0),(388,'unavailable','6a255a592db22188','2019-09-13 23:18:01',38,7,29,263,0),(389,'unavailable','6a255a592db22188','2019-09-14 11:28:22',38,124,31,263,0),(390,'unavailable','6a255a592db22188','2019-09-14 11:28:24',38,124,31,263,0),(391,'unavailable','6a255a592db22188','2019-09-17 09:37:24',38,125,29,263,0),(392,'unavailable','6a255a592db22188','2019-09-17 09:37:25',38,125,29,263,0),(393,'unavailable','6a255a592db22188','2019-09-19 10:04:48',38,126,36,263,0),(394,'unavailable','6a255a592db22188','2019-09-19 10:04:51',38,126,37,263,0),(395,'unavailable','6a255a592db22188','2019-09-19 17:52:16',38,126,0,263,0),(396,'unavailable','6a255a592db22188','2019-09-24 06:03:16',38,127,29,263,0),(397,'unavailable','6a255a592db22188','2019-09-24 06:03:17',38,127,29,263,0),(398,'unavailable','6a255a592db22188','2019-09-24 13:00:22',2,128,2,263,0),(399,'unavailable','6a255a592db22188','2019-09-24 13:00:25',2,128,2,263,0),(400,'unavailable','6a255a592db22188','2019-09-25 05:46:47',38,127,29,263,0),(401,'unavailable','6a255a592db22188','2019-09-25 05:46:47',38,127,29,263,0),(402,'unavailable','6a255a592db22188','2019-09-26 10:19:52',2,129,2,263,0),(403,'unavailable','6a255a592db22188','2019-09-27 09:40:15',38,130,29,263,0),(404,'unavailable','6a255a592db22188','2019-09-27 17:32:52',38,131,29,263,0),(405,'unavailable','6a255a592db22188','2019-09-30 19:51:34',38,132,31,263,0),(406,'unavailable','6a255a592db22188','2019-10-01 00:07:06',38,131,29,263,0),(407,'unavailable','6a255a592db22188','2019-10-01 11:33:24',38,133,29,263,0),(408,'unavailable','6a255a592db22188','2019-10-02 19:56:51',38,134,31,263,0),(409,'unavailable','6a255a592db22188','2019-10-03 21:20:56',38,5,2,263,0),(410,'unavailable','6a255a592db22188','2019-10-05 12:58:21',38,135,31,263,0),(411,'unavailable','6a255a592db22188','2019-10-05 12:58:22',38,135,31,263,0),(412,'unavailable','6a255a592db22188','2019-10-05 13:12:16',38,135,31,263,0),(413,'unavailable','6a255a592db22188','2019-10-05 13:16:20',47,135,19,263,0),(414,'unavailable','6a255a592db22188','2019-10-05 13:16:20',47,135,19,263,0),(415,'unavailable','6a255a592db22188','2019-10-07 12:03:58',38,136,30,263,0),(416,'unavailable','6a255a592db22188','2019-10-07 12:04:07',38,136,38,263,0),(417,'unavailable','6a255a592db22188','2019-10-07 15:57:23',38,137,29,263,0),(418,'unavailable','6a255a592db22188','2019-10-07 16:10:35',38,137,2,263,0),(419,'unavailable','6a255a592db22188','2019-10-07 20:55:55',38,137,2,263,0),(420,'unavailable','6a255a592db22188','2019-10-09 08:41:13',38,138,29,263,0),(421,'unavailable','6a255a592db22188','2019-10-09 08:41:13',38,138,29,263,0),(422,'unavailable','6a255a592db22188','2019-10-09 08:41:16',38,138,29,263,0),(423,'unavailable','6a255a592db22188','2019-10-10 20:17:14',38,139,31,263,0),(424,'unavailable','6a255a592db22188','2019-10-11 09:02:50',38,140,2,263,0),(425,'unavailable','6a255a592db22188','2019-10-11 12:21:16',38,5,2,263,0),(426,'unavailable','6a255a592db22188','2019-10-12 00:36:08',38,141,31,263,0),(427,'unavailable','6a255a592db22188','2019-10-12 00:36:08',38,141,31,263,0),(428,'unavailable','6a255a592db22188','2019-10-15 00:39:06',38,141,31,263,0),(429,'unavailable','6a255a592db22188','2019-10-15 00:39:07',38,141,31,263,0),(430,'unavailable','6a255a592db22188','2019-10-15 00:39:53',38,141,31,263,0),(431,'unavailable','6a255a592db22188','2019-10-15 09:41:22',2,74,4,263,0),(432,'unavailable','6a255a592db22188','2019-10-15 20:34:15',38,142,29,263,0),(433,'unavailable','6a255a592db22188','2019-10-18 15:05:35',38,5,29,263,0),(434,'unavailable','6a255a592db22188','2019-10-18 15:05:41',2,5,2,263,0),(435,'unavailable','6a255a592db22188','2019-10-18 15:05:41',47,5,2,263,0),(436,'unavailable','6a255a592db22188','2019-10-18 15:05:41',39,5,2,263,0),(437,'unavailable','6a255a592db22188','2019-10-18 16:50:19',38,143,29,263,0),(438,'unavailable','6a255a592db22188','2019-10-24 22:56:11',38,144,31,263,0),(439,'unavailable','6a255a592db22188','2019-10-31 13:08:45',38,145,29,263,0),(440,'unavailable','6a255a592db22188','2019-11-03 09:58:52',38,146,29,263,0),(441,'unavailable','6a255a592db22188','2019-11-03 09:58:53',38,146,29,263,0),(442,'unavailable','6a255a592db22188','2019-11-03 09:59:13',46,146,19,263,0),(443,'unavailable','6a255a592db22188','2019-11-04 19:29:37',38,27,30,263,0),(444,'unavailable','6a255a592db22188','2019-11-04 19:29:38',38,27,30,263,0),(445,'unavailable','6a255a592db22188','2019-11-07 20:00:43',38,5,2,263,0),(446,'unavailable','6a255a592db22188','2019-11-08 11:06:07',38,147,29,263,0),(447,'unavailable','6a255a592db22188','2019-11-08 11:06:08',38,147,29,263,0),(448,'unavailable','6a255a592db22188','2019-11-08 11:53:20',38,147,29,263,0),(449,'unavailable','6a255a592db22188','2019-11-08 11:53:21',38,147,29,263,0),(450,'unavailable','6a255a592db22188','2019-11-08 14:45:52',38,147,29,263,0),(451,'unavailable','6a255a592db22188','2019-11-08 18:51:20',38,5,2,263,0),(452,'unavailable','6a255a592db22188','2019-11-12 21:43:52',38,148,29,263,0),(453,'unavailable','6a255a592db22188','2019-11-12 22:03:00',38,149,29,263,0),(454,'unavailable','6a255a592db22188','2019-11-12 22:03:01',38,149,29,263,0),(455,'unavailable','6a255a592db22188','2019-11-13 22:54:56',38,150,29,263,0),(456,'unavailable','6a255a592db22188','2019-11-15 23:51:38',38,83,2,263,0),(457,'unavailable','6a255a592db22188','2019-11-17 22:07:12',38,5,2,263,0),(458,'unavailable','6a255a592db22188','2019-11-19 00:48:37',38,151,31,263,0),(459,'unavailable','6a255a592db22188','2019-11-19 00:48:37',38,151,31,263,0),(460,'unavailable','6a255a592db22188','2019-11-19 12:57:43',38,108,2,263,0),(461,'unavailable','6a255a592db22188','2019-11-20 04:59:08',38,152,2,263,0),(462,'unavailable','6a255a592db22188','2019-11-20 04:59:08',38,5,31,263,0),(463,'unavailable','6a255a592db22188','2019-11-20 04:59:08',38,102,2,263,0),(464,'unavailable','6a255a592db22188','2019-11-20 04:59:08',38,102,2,263,0),(465,'unavailable','6a255a592db22188','2019-11-20 04:59:09',2,128,2,263,0),(466,'unavailable','6a255a592db22188','2019-11-20 04:59:09',38,128,2,263,0),(467,'unavailable','6a255a592db22188','2019-11-20 04:59:09',38,128,2,263,0),(468,'unavailable','6a255a592db22188','2019-11-20 04:59:09',38,128,2,263,0),(469,'unavailable','6a255a592db22188','2019-11-20 04:59:09',38,128,2,263,0),(470,'unavailable','6a255a592db22188','2019-11-20 04:59:09',50,128,2,263,0),(471,'unavailable','6a255a592db22188','2019-11-20 04:59:09',38,128,2,263,0),(472,'unavailable','6a255a592db22188','2019-11-20 04:59:09',52,128,2,263,0),(473,'unavailable','6a255a592db22188','2019-11-20 04:59:12',52,128,2,263,0),(474,'unavailable','6a255a592db22188','2019-11-20 04:59:12',39,128,2,263,0),(475,'unavailable','6a255a592db22188','2019-11-20 04:59:12',47,128,2,263,0),(476,'unavailable','6a255a592db22188','2019-11-20 04:59:12',106,128,2,263,0),(477,'unavailable','6a255a592db22188','2019-11-20 04:59:13',38,128,2,263,0),(478,'unavailable','6a255a592db22188','2019-11-20 04:59:13',46,128,2,263,0),(479,'unavailable','6a255a592db22188','2019-11-20 04:59:13',50,128,2,263,0),(480,'unavailable','6a255a592db22188','2019-11-20 04:59:13',38,128,2,263,0),(481,'unavailable','6a255a592db22188','2019-11-20 04:59:13',38,128,2,263,0),(482,'unavailable','6a255a592db22188','2019-11-20 04:59:13',38,128,2,263,0),(483,'unavailable','6a255a592db22188','2019-11-20 04:59:13',39,128,2,263,0),(484,'unavailable','6a255a592db22188','2019-11-20 04:59:14',53,128,2,263,0),(485,'unavailable','6a255a592db22188','2019-11-20 04:59:14',38,128,2,263,0),(486,'unavailable','6a255a592db22188','2019-11-20 04:59:14',39,128,2,263,0),(487,'unavailable','6a255a592db22188','2019-11-20 04:59:14',107,128,2,263,0),(488,'unavailable','6a255a592db22188','2019-11-20 04:59:14',38,128,2,263,0),(489,'unavailable','6a255a592db22188','2019-11-20 04:59:14',108,128,2,263,0),(490,'unavailable','6a255a592db22188','2019-11-20 04:59:14',39,128,2,263,0),(491,'unavailable','6a255a592db22188','2019-11-20 04:59:14',108,128,2,263,0),(492,'unavailable','6a255a592db22188','2019-11-20 04:59:15',38,128,2,263,0),(493,'unavailable','6a255a592db22188','2019-11-20 04:59:15',38,128,2,263,0),(494,'unavailable','6a255a592db22188','2019-11-20 04:59:15',39,128,2,263,0),(495,'unavailable','6a255a592db22188','2019-11-20 04:59:15',47,128,2,263,0),(496,'unavailable','6a255a592db22188','2019-11-20 04:59:15',38,128,2,263,0),(497,'unavailable','6a255a592db22188','2019-11-20 04:59:15',46,128,2,263,0),(498,'unavailable','6a255a592db22188','2019-11-20 04:59:15',38,128,2,263,0),(499,'unavailable','6a255a592db22188','2019-11-20 04:59:15',106,128,2,263,0),(500,'unavailable','6a255a592db22188','2019-11-20 04:59:15',38,128,2,263,0),(501,'unavailable','6a255a592db22188','2019-11-20 04:59:15',107,128,2,263,0),(502,'unavailable','6a255a592db22188','2019-11-20 04:59:15',38,128,2,263,0),(503,'unavailable','6a255a592db22188','2019-11-20 04:59:15',2,128,2,263,0),(504,'unavailable','6a255a592db22188','2019-11-20 04:59:15',39,128,2,263,0),(505,'unavailable','6a255a592db22188','2019-11-20 04:59:16',38,128,2,263,0),(506,'unavailable','6a255a592db22188','2019-11-20 04:59:16',53,128,2,263,0),(507,'unavailable','6a255a592db22188','2019-11-20 04:59:16',2,5,2,263,0),(508,'unavailable','6a255a592db22188','2019-11-20 04:59:16',39,5,2,263,0),(509,'unavailable','6a255a592db22188','2019-11-20 04:59:16',38,5,2,263,0),(510,'unavailable','6a255a592db22188','2019-11-20 15:00:10',38,153,29,263,0),(511,'unavailable','6a255a592db22188','2019-11-20 23:08:32',38,154,31,263,0),(512,'unavailable','6a255a592db22188','2019-11-20 23:08:32',38,154,31,263,0),(513,'unavailable','6a255a592db22188','2019-11-22 07:44:32',38,153,29,263,0),(514,'unavailable','6a255a592db22188','2019-11-23 07:30:24',38,153,29,263,0),(515,'unavailable','6a255a592db22188','2019-11-23 09:49:34',38,152,2,263,0),(516,'unavailable','6a255a592db22188','2019-11-23 09:49:34',38,5,29,263,0),(517,'unavailable','6a255a592db22188','2019-11-23 09:49:34',38,102,2,263,0),(518,'unavailable','6a255a592db22188','2019-11-23 09:49:35',38,102,2,263,0),(519,'unavailable','6a255a592db22188','2019-11-23 09:49:35',38,128,2,263,0),(520,'unavailable','6a255a592db22188','2019-11-23 09:49:35',38,128,2,263,0),(521,'unavailable','6a255a592db22188','2019-11-23 09:49:35',52,128,2,263,0),(522,'unavailable','6a255a592db22188','2019-11-23 09:49:35',39,128,2,263,0),(523,'unavailable','6a255a592db22188','2019-11-23 09:49:35',106,128,2,263,0),(524,'unavailable','6a255a592db22188','2019-11-23 09:49:35',38,128,2,263,0),(525,'unavailable','6a255a592db22188','2019-11-23 09:49:35',46,128,2,263,0),(526,'unavailable','6a255a592db22188','2019-11-23 09:49:35',107,128,2,263,0),(527,'unavailable','6a255a592db22188','2019-11-23 09:49:35',53,128,2,263,0),(528,'unavailable','6a255a592db22188','2019-11-23 09:49:36',46,128,2,263,0),(529,'unavailable','6a255a592db22188','2019-11-23 09:49:37',38,128,2,263,0),(530,'unavailable','6a255a592db22188','2019-11-23 09:49:37',38,128,2,263,0),(531,'unavailable','6a255a592db22188','2019-11-23 09:49:38',2,128,2,263,0),(532,'unavailable','6a255a592db22188','2019-11-23 09:49:38',108,128,2,263,0),(533,'unavailable','6a255a592db22188','2019-11-23 09:49:38',38,128,2,263,0),(534,'unavailable','6a255a592db22188','2019-11-23 09:49:38',38,128,2,263,0),(535,'unavailable','6a255a592db22188','2019-11-23 09:49:38',39,128,2,263,0),(536,'unavailable','6a255a592db22188','2019-11-23 09:49:38',39,128,2,263,0),(537,'unavailable','6a255a592db22188','2019-11-23 09:49:38',38,128,2,263,0),(538,'unavailable','6a255a592db22188','2019-11-23 09:49:38',38,128,2,263,0),(539,'unavailable','6a255a592db22188','2019-11-23 09:49:39',47,128,2,263,0),(540,'unavailable','6a255a592db22188','2019-11-23 09:49:39',50,128,2,263,0),(541,'unavailable','6a255a592db22188','2019-11-23 09:49:41',38,128,2,263,0),(542,'unavailable','6a255a592db22188','2019-11-23 09:49:41',39,128,2,263,0),(543,'unavailable','6a255a592db22188','2019-11-23 09:49:41',38,128,2,263,0),(544,'unavailable','6a255a592db22188','2019-11-23 09:49:41',39,128,2,263,0),(545,'unavailable','6a255a592db22188','2019-11-23 09:49:41',38,128,2,263,0),(546,'unavailable','6a255a592db22188','2019-11-23 09:49:41',47,128,2,263,0),(547,'unavailable','6a255a592db22188','2019-11-23 09:49:41',39,128,2,263,0),(548,'unavailable','6a255a592db22188','2019-11-23 09:49:41',38,128,2,263,0),(549,'unavailable','6a255a592db22188','2019-11-23 09:49:41',106,128,2,263,0),(550,'unavailable','6a255a592db22188','2019-11-23 09:49:41',53,128,2,263,0),(551,'unavailable','6a255a592db22188','2019-11-23 09:49:41',50,128,2,263,0),(552,'unavailable','6a255a592db22188','2019-11-23 09:49:41',108,128,2,263,0),(553,'unavailable','6a255a592db22188','2019-11-23 09:49:41',107,128,2,263,0),(554,'unavailable','6a255a592db22188','2019-11-23 09:49:41',38,128,2,263,0),(555,'unavailable','6a255a592db22188','2019-11-23 09:49:41',52,128,2,263,0),(556,'unavailable','6a255a592db22188','2019-11-23 09:49:41',38,128,2,263,0),(557,'unavailable','6a255a592db22188','2019-11-23 09:49:41',2,128,2,263,0),(558,'unavailable','6a255a592db22188','2019-11-23 09:49:41',38,128,2,263,0),(559,'unavailable','6a255a592db22188','2019-11-23 09:49:41',38,128,2,263,0),(560,'unavailable','6a255a592db22188','2019-11-23 09:49:41',38,128,2,263,0),(561,'unavailable','6a255a592db22188','2019-11-23 09:49:42',39,5,2,263,0),(562,'unavailable','6a255a592db22188','2019-11-23 09:49:42',2,5,2,263,0),(563,'unavailable','6a255a592db22188','2019-11-23 09:49:42',47,5,2,263,0),(564,'unavailable','6a255a592db22188','2019-11-23 12:49:50',38,5,2,263,0),(565,'unavailable','6a255a592db22188','2019-11-23 22:42:27',38,155,29,263,0),(566,'unavailable','6a255a592db22188','2019-11-23 22:42:28',38,155,29,263,0),(567,'unavailable','6a255a592db22188','2019-11-24 05:22:46',38,5,2,263,0),(568,'unavailable','6a255a592db22188','2019-11-29 14:19:56',38,156,29,263,0),(569,'unavailable','6a255a592db22188','2019-11-29 16:57:34',38,157,29,263,0),(570,'unavailable','6a255a592db22188','2019-11-29 16:58:51',38,157,29,263,0),(571,'unavailable','6a255a592db22188','2019-11-30 18:00:38',38,5,2,263,0),(572,'unavailable','6a255a592db22188','2019-11-30 21:31:56',38,158,31,263,0),(573,'unavailable','6a255a592db22188','2019-11-30 21:31:57',38,158,31,263,0),(574,'unavailable','6a255a592db22188','2019-12-03 22:37:52',38,159,31,263,0),(575,'unavailable','6a255a592db22188','2019-12-03 22:37:52',38,159,31,263,0),(576,'unavailable','6a255a592db22188','2019-12-03 22:39:13',38,159,31,263,0),(577,'unavailable','6a255a592db22188','2019-12-04 20:00:04',38,83,2,263,0),(578,'unavailable','6a255a592db22188','2019-12-05 15:29:05',38,160,28,263,0),(579,'unavailable','6a255a592db22188','2019-12-05 16:22:52',38,161,2,263,0),(580,'unavailable','6a255a592db22188','2019-12-05 22:46:02',2,128,2,263,0),(581,'unavailable','6a255a592db22188','2019-12-05 22:46:02',2,128,2,263,0),(582,'unavailable','6a255a592db22188','2019-12-06 15:08:32',38,162,28,263,0),(583,'unavailable','6a255a592db22188','2019-12-07 00:03:31',38,163,31,263,0),(584,'unavailable','6a255a592db22188','2019-12-07 00:03:32',38,163,31,263,0),(585,'unavailable','6a255a592db22188','2019-12-07 01:11:22',38,164,29,263,0),(586,'unavailable','6a255a592db22188','2019-12-07 01:11:23',38,164,29,263,0),(587,'unavailable','6a255a592db22188','2019-12-08 14:12:14',38,162,28,263,0),(588,'unavailable','6a255a592db22188','2019-12-09 01:25:10',2,165,4,263,0),(589,'unavailable','6a255a592db22188','2019-12-09 01:35:18',38,165,4,263,0),(590,'unavailable','6a255a592db22188','2019-12-09 01:35:18',109,165,4,263,0),(591,'unavailable','6a255a592db22188','2019-12-09 01:35:18',50,165,4,263,0),(592,'unavailable','6a255a592db22188','2019-12-09 01:35:18',39,165,4,263,0),(593,'unavailable','6a255a592db22188','2019-12-09 01:35:18',53,165,4,263,0),(594,'unavailable','6a255a592db22188','2019-12-09 01:35:19',52,165,4,263,0),(595,'unavailable','6a255a592db22188','2019-12-09 02:04:04',47,165,4,263,0),(596,'unavailable','6a255a592db22188','2019-12-09 02:04:04',107,165,4,263,0),(597,'unavailable','6a255a592db22188','2019-12-09 02:04:04',108,165,4,263,0),(598,'unavailable','6a255a592db22188','2019-12-09 02:04:04',106,165,4,263,0),(599,'unavailable','6a255a592db22188','2019-12-09 02:04:05',110,165,4,263,0),(600,'unavailable','6a255a592db22188','2019-12-09 02:04:05',46,165,4,263,0),(601,'unavailable','6a255a592db22188','2019-12-09 02:04:05',111,165,4,263,0),(602,'unavailable','6a255a592db22188','2019-12-09 02:04:05',51,165,4,263,0),(603,'unavailable','6a255a592db22188','2019-12-09 02:04:05',112,165,4,263,0),(604,'unavailable','6a255a592db22188','2019-12-09 02:04:05',113,165,4,263,0),(605,'unavailable','6a255a592db22188','2019-12-09 02:04:05',45,165,4,263,0),(606,'unavailable','6a255a592db22188','2019-12-09 02:04:05',114,165,4,263,0),(607,'unavailable','6a255a592db22188','2019-12-09 02:04:05',115,165,4,263,0),(608,'unavailable','6a255a592db22188','2019-12-09 02:04:05',116,165,4,263,0),(609,'unavailable','6a255a592db22188','2019-12-09 02:04:05',117,165,4,263,0),(610,'unavailable','6a255a592db22188','2019-12-09 02:04:06',2,165,39,263,0),(611,'unavailable','6a255a592db22188','2019-12-09 02:04:07',38,165,40,263,0),(612,'unavailable','6a255a592db22188','2019-12-09 02:04:07',39,165,41,263,0),(613,'unavailable','6a255a592db22188','2019-12-09 02:04:08',52,165,42,263,0),(614,'unavailable','6a255a592db22188','2019-12-09 02:54:11',118,165,4,263,0),(615,'unavailable','6a255a592db22188','2019-12-09 02:54:11',119,165,4,263,0),(616,'unavailable','6a255a592db22188','2019-12-09 02:54:11',120,165,4,263,0),(617,'unavailable','6a255a592db22188','2019-12-09 02:54:11',121,165,4,263,0),(618,'unavailable','6a255a592db22188','2019-12-09 02:54:11',122,165,4,263,0),(619,'unavailable','6a255a592db22188','2019-12-09 02:54:12',123,165,4,263,0),(620,'unavailable','6a255a592db22188','2019-12-09 02:54:12',124,165,4,263,0),(621,'unavailable','6a255a592db22188','2019-12-09 02:54:12',125,165,4,263,0),(622,'unavailable','6a255a592db22188','2019-12-09 02:54:12',126,165,4,263,0),(623,'unavailable','6a255a592db22188','2019-12-09 02:54:13',127,165,4,263,0),(624,'unavailable','6a255a592db22188','2019-12-10 16:59:59',38,166,2,263,0),(625,'unavailable','6a255a592db22188','2019-12-10 17:01:06',38,167,35,263,0),(626,'unavailable','6a255a592db22188','2019-12-10 22:02:44',38,168,43,263,0),(627,'unavailable','6a255a592db22188','2019-12-10 22:42:39',53,168,44,263,0),(628,'unavailable','6a255a592db22188','2019-12-11 00:04:30',50,168,45,263,0),(629,'unavailable','6a255a592db22188','2019-12-11 00:06:24',39,168,46,263,0),(630,'unavailable','6a255a592db22188','2019-12-11 08:51:53',38,5,2,263,0),(631,'unavailable','6a255a592db22188','2019-12-12 14:06:26',38,156,29,263,0),(632,'unavailable','6a255a592db22188','2019-12-12 18:53:54',38,169,29,263,0),(633,'unavailable','6a255a592db22188','2019-12-12 18:53:57',38,169,29,263,0),(634,'unavailable','6a255a592db22188','2019-12-12 23:08:13',38,170,29,263,0),(635,'unavailable','6a255a592db22188','2019-12-12 23:08:13',38,170,29,263,0),(636,'unavailable','6a255a592db22188','2019-12-13 00:20:56',38,171,2,263,0),(637,'unavailable','6a255a592db22188','2019-12-13 09:24:21',38,172,29,263,0),(638,'unavailable','6a255a592db22188','2019-12-14 19:29:10',38,172,2,263,0),(639,'unavailable','6a255a592db22188','2019-12-15 02:48:36',38,173,28,263,0),(640,'unavailable','6a255a592db22188','2019-12-15 02:50:04',38,174,28,263,0),(641,'unavailable','6a255a592db22188','2019-12-15 11:53:26',38,156,29,263,0),(642,'unavailable','6a255a592db22188','2019-12-16 07:59:27',38,175,31,263,0),(643,'unavailable','6a255a592db22188','2019-12-16 07:59:27',38,175,31,263,0),(644,'unavailable','6a255a592db22188','2019-12-16 07:59:36',38,175,31,263,0),(645,'unavailable','6a255a592db22188','2019-12-16 16:54:31',38,5,2,263,0),(646,'unavailable','6a255a592db22188','2019-12-20 20:36:51',38,176,29,263,0),(647,'unavailable','6a255a592db22188','2019-12-20 20:36:52',38,176,29,263,0),(648,'unavailable','6a255a592db22188','2019-12-21 02:24:53',38,176,2,263,0),(649,'unavailable','6a255a592db22188','2019-12-21 02:24:53',38,176,2,263,0),(650,'unavailable','6a255a592db22188','2019-12-21 14:55:53',38,177,29,263,0),(651,'unavailable','6a255a592db22188','2019-12-26 05:54:19',38,178,29,263,0),(652,'unavailable','6a255a592db22188','2020-01-05 22:45:28',2,179,2,263,0),(653,'unavailable','6a255a592db22188','2020-01-06 19:30:26',38,180,29,263,0),(654,'unavailable','6a255a592db22188','2020-01-06 19:31:26',38,181,35,263,0),(655,'unavailable','6a255a592db22188','2020-01-07 14:23:18',38,5,2,263,0),(656,'unavailable','6a255a592db22188','2020-01-08 09:30:33',38,182,29,263,0),(657,'unavailable','6a255a592db22188','2020-01-08 17:21:20',38,5,2,263,0),(658,'unavailable','6a255a592db22188','2020-01-08 17:21:20',38,102,2,263,0),(659,'unavailable','6a255a592db22188','2020-01-08 17:21:20',38,102,2,263,0),(660,'unavailable','6a255a592db22188','2020-01-08 17:21:26',2,5,2,263,0),(661,'unavailable','6a255a592db22188','2020-01-08 17:21:26',39,5,2,263,0),(662,'unavailable','6a255a592db22188','2020-01-08 17:21:26',47,5,2,263,0),(663,'unavailable','6a255a592db22188','2020-01-09 20:15:46',38,183,29,263,0),(664,'unavailable','6a255a592db22188','2020-01-10 14:47:41',38,5,2,263,0),(665,'unavailable','6a255a592db22188','2020-01-10 23:15:46',38,184,29,263,0),(666,'unavailable','6a255a592db22188','2020-01-10 23:23:45',38,184,29,263,0),(667,'unavailable','6a255a592db22188','2020-01-11 15:36:00',38,5,2,263,0),(668,'unavailable','6a255a592db22188','2020-01-14 22:16:16',38,102,2,263,0),(669,'unavailable','6a255a592db22188','2020-01-14 22:16:17',38,102,2,263,0),(670,'unavailable','6a255a592db22188','2020-01-14 22:16:17',38,5,29,263,0),(671,'unavailable','6a255a592db22188','2020-01-14 22:16:24',39,5,2,263,0),(672,'unavailable','6a255a592db22188','2020-01-14 22:16:24',47,5,2,263,0),(673,'unavailable','6a255a592db22188','2020-01-14 22:16:24',2,5,2,263,0),(674,'unavailable','6a255a592db22188','2020-01-15 16:25:00',38,185,29,263,0),(675,'unavailable','6a255a592db22188','2020-01-16 23:00:47',38,186,31,263,0),(676,'unavailable','6a255a592db22188','2020-01-17 13:56:23',38,5,29,263,0),(677,'unavailable','6a255a592db22188','2020-01-17 13:56:30',2,5,2,263,0),(678,'unavailable','6a255a592db22188','2020-01-17 13:56:31',47,5,2,263,0),(679,'unavailable','6a255a592db22188','2020-01-17 13:56:31',39,5,2,263,0),(680,'unavailable','6a255a592db22188','2020-01-17 21:39:33',106,5,2,263,0),(681,'unavailable','6a255a592db22188','2020-01-17 21:39:33',38,5,29,263,0),(682,'unavailable','6a255a592db22188','2020-01-17 21:39:33',107,5,2,263,0),(683,'unavailable','6a255a592db22188','2020-01-18 07:31:26',38,187,31,263,0),(684,'unavailable','6a255a592db22188','2020-01-18 07:31:27',38,187,31,263,0),(685,'unavailable','6a255a592db22188','2020-01-19 17:44:56',38,5,2,263,0),(686,'unavailable','6a255a592db22188','2020-01-20 05:58:00',38,188,31,263,0),(687,'unavailable','6a255a592db22188','2020-01-20 18:24:47',38,5,2,263,0),(688,'unavailable','6a255a592db22188','2020-01-21 16:04:43',38,189,31,263,0),(689,'unavailable','6a255a592db22188','2020-01-21 16:04:43',38,189,31,263,0),(690,'unavailable','6a255a592db22188','2020-01-22 15:54:43',38,5,2,263,0),(691,'unavailable','6a255a592db22188','2020-01-23 08:48:44',38,5,29,263,0),(692,'unavailable','6a255a592db22188','2020-01-23 08:48:44',38,102,2,263,0),(693,'unavailable','6a255a592db22188','2020-01-23 08:48:45',38,102,2,263,0),(694,'unavailable','6a255a592db22188','2020-01-23 08:48:50',38,5,29,263,0),(695,'unavailable','6a255a592db22188','2020-01-23 08:48:52',2,5,2,263,0),(696,'unavailable','6a255a592db22188','2020-01-23 08:48:52',47,5,2,263,0),(697,'unavailable','6a255a592db22188','2020-01-23 08:48:52',39,5,2,263,0),(698,'unavailable','6a255a592db22188','2020-01-23 08:48:53',47,5,2,263,0),(699,'unavailable','6a255a592db22188','2020-01-23 08:48:53',2,5,2,263,0),(700,'unavailable','6a255a592db22188','2020-01-23 08:48:53',39,5,2,263,0),(701,'unavailable','6a255a592db22188','2020-01-23 10:23:22',38,190,29,263,0),(702,'unavailable','6a255a592db22188','2020-01-23 10:23:23',38,190,29,263,0),(703,'unavailable','6a255a592db22188','2020-01-23 20:44:46',38,191,29,263,0),(704,'unavailable','6a255a592db22188','2020-01-23 20:44:46',38,191,29,263,0),(705,'unavailable','6a255a592db22188','2020-01-23 20:44:46',38,191,29,263,0),(706,'unavailable','6a255a592db22188','2020-01-23 20:58:46',38,191,29,263,0),(707,'unavailable','6a255a592db22188','2020-01-23 20:58:46',38,191,29,263,0),(708,'unavailable','6a255a592db22188','2020-01-23 20:58:47',38,191,29,263,0),(709,'unavailable','6a255a592db22188','2020-01-24 10:31:48',38,190,29,263,0),(710,'unavailable','6a255a592db22188','2020-01-24 10:31:49',38,190,29,263,0),(711,'unavailable','6a255a592db22188','2020-01-24 16:12:25',38,190,29,263,0),(712,'unavailable','6a255a592db22188','2020-01-24 16:12:25',38,190,29,263,0),(713,'unavailable','6a255a592db22188','2020-01-24 23:49:29',38,190,29,263,0),(714,'unavailable','6a255a592db22188','2020-01-24 23:49:30',38,190,29,263,0),(715,'unavailable','6a255a592db22188','2020-01-27 04:04:06',38,5,2,263,0),(716,'unavailable','6a255a592db22188','2020-01-28 15:01:33',38,5,2,263,0),(717,'unavailable','6a255a592db22188','2020-01-28 22:10:09',38,192,31,263,0),(718,'unavailable','6a255a592db22188','2020-01-28 22:10:09',38,192,31,263,0),(719,'unavailable','6a255a592db22188','2020-01-29 19:16:11',38,193,29,263,0),(720,'unavailable','6a255a592db22188','2020-01-29 19:16:11',38,193,29,263,0),(721,'unavailable','6a255a592db22188','2020-01-29 19:35:18',38,194,29,263,0),(722,'unavailable','6a255a592db22188','2020-01-29 19:35:18',38,194,29,263,0),(723,'unavailable','6a255a592db22188','2020-01-29 19:39:24',38,194,29,263,0),(724,'unavailable','6a255a592db22188','2020-01-29 19:41:53',38,5,2,263,0),(725,'unavailable','6a255a592db22188','2020-01-29 20:28:56',38,195,29,263,0),(726,'unavailable','6a255a592db22188','2020-01-29 22:08:11',38,196,29,263,0),(727,'unavailable','6a255a592db22188','2020-01-30 10:09:33',38,197,29,263,0),(728,'unavailable','6a255a592db22188','2020-01-30 10:09:34',38,197,29,263,0),(729,'unavailable','6a255a592db22188','2020-01-30 10:12:09',38,197,29,263,0),(730,'unavailable','6a255a592db22188','2020-01-30 10:12:37',38,197,29,263,0),(731,'unavailable','6a255a592db22188','2020-01-30 10:20:07',38,197,29,263,0),(732,'unavailable','6a255a592db22188','2020-01-30 13:43:26',38,190,29,263,0),(733,'unavailable','6a255a592db22188','2020-01-30 13:43:26',38,190,29,263,0),(734,'unavailable','6a255a592db22188','2020-01-30 15:19:36',38,198,29,263,0),(735,'unavailable','6a255a592db22188','2020-01-30 15:19:36',38,198,29,263,0),(736,'unavailable','6a255a592db22188','2020-01-31 09:57:42',38,5,2,263,0),(737,'unavailable','6a255a592db22188','2020-01-31 10:05:50',38,199,29,263,0),(738,'unavailable','6a255a592db22188','2020-01-31 10:39:43',38,200,31,263,0),(739,'unavailable','6a255a592db22188','2020-01-31 10:39:44',38,200,31,263,0),(740,'unavailable','6a255a592db22188','2020-01-31 10:57:47',38,199,29,263,0),(741,'unavailable','6a255a592db22188','2020-01-31 18:48:17',38,199,29,263,0),(742,'unavailable','6a255a592db22188','2020-01-31 18:48:18',38,199,29,263,0),(743,'unavailable','6a255a592db22188','2020-01-31 21:29:16',38,190,29,263,0),(744,'unavailable','6a255a592db22188','2020-01-31 21:29:16',38,190,29,263,0),(745,'unavailable','6a255a592db22188','2020-01-31 22:01:12',38,201,31,263,0),(746,'unavailable','6a255a592db22188','2020-01-31 22:06:17',38,5,2,263,0),(747,'unavailable','6a255a592db22188','2020-02-01 09:33:20',38,190,29,263,0),(748,'unavailable','6a255a592db22188','2020-02-01 09:33:20',38,190,29,263,0),(749,'unavailable','6a255a592db22188','2020-02-01 11:11:15',38,190,29,263,0),(750,'unavailable','6a255a592db22188','2020-02-01 11:11:16',38,190,29,263,0),(751,'unavailable','6a255a592db22188','2020-02-01 11:20:13',38,190,29,263,0),(752,'unavailable','6a255a592db22188','2020-02-01 11:20:14',38,190,29,263,0),(753,'unavailable','6a255a592db22188','2020-02-02 09:07:55',38,202,31,263,0),(754,'unavailable','6a255a592db22188','2020-02-02 09:07:55',38,202,31,263,0),(755,'unavailable','6a255a592db22188','2020-02-03 08:15:18',38,203,29,263,0),(756,'unavailable','6a255a592db22188','2020-02-03 08:15:18',38,203,29,263,0),(757,'unavailable','6a255a592db22188','2020-02-03 08:20:41',38,5,2,263,0),(758,'unavailable','6a255a592db22188','2020-02-03 08:43:10',38,203,29,263,0),(759,'unavailable','6a255a592db22188','2020-02-04 11:25:58',38,5,2,263,0),(760,'unavailable','6a255a592db22188','2020-02-04 14:23:30',2,168,47,263,0),(761,'unavailable','6a255a592db22188','2020-02-05 22:48:31',38,5,2,263,0),(762,'unavailable','6a255a592db22188','2020-02-05 22:49:44',38,204,29,263,0),(763,'unavailable','6a255a592db22188','2020-02-15 01:21:31',38,5,2,263,0),(764,'unavailable','6a255a592db22188','2020-02-17 12:12:51',2,168,48,263,0),(765,'unavailable','6a255a592db22188','2020-02-19 08:15:28',38,205,29,263,0),(766,'unavailable','6a255a592db22188','2020-02-19 14:31:18',38,206,29,263,0),(767,'unavailable','6a255a592db22188','2020-02-19 18:16:03',38,207,31,263,0),(768,'unavailable','6a255a592db22188','2020-02-19 22:23:07',38,5,2,263,0),(769,'unavailable','6a255a592db22188','2020-02-20 12:01:07',38,208,29,263,0),(770,'unavailable','6a255a592db22188','2020-02-20 12:24:20',38,209,31,263,0),(771,'unavailable','6a255a592db22188','2020-02-20 15:03:48',38,208,29,263,0),(772,'unavailable','6a255a592db22188','2020-02-20 15:49:57',38,208,2,263,0),(773,'unavailable','6a255a592db22188','2020-02-20 15:54:51',38,208,29,263,0),(774,'unavailable','6a255a592db22188','2020-02-21 09:12:39',2,168,49,263,0),(775,'unavailable','6a255a592db22188','2020-02-21 19:53:25',38,210,31,263,0),(776,'unavailable','6a255a592db22188','2020-02-22 23:57:44',38,5,2,263,0),(777,'unavailable','6a255a592db22188','2020-02-23 21:38:45',2,168,50,263,0),(778,'unavailable','6a255a592db22188','2020-02-23 22:18:30',38,5,2,263,0),(779,'unavailable','6a255a592db22188','2020-02-23 22:30:28',38,184,29,263,0),(780,'unavailable','6a255a592db22188','2020-02-23 22:37:03',38,184,29,263,0),(781,'unavailable','6a255a592db22188','2020-02-25 11:45:20',38,211,31,263,0),(782,'unavailable','6a255a592db22188','2020-02-25 11:45:21',38,211,31,263,0),(783,'unavailable','6a255a592db22188','2020-02-25 11:45:29',2,211,19,263,0),(784,'unavailable','6a255a592db22188','2020-02-25 11:45:44',38,211,31,263,0),(785,'unavailable','6a255a592db22188','2020-02-26 00:04:00',38,5,2,263,0),(786,'unavailable','6a255a592db22188','2020-02-26 00:04:06',47,5,2,263,0),(787,'unavailable','6a255a592db22188','2020-02-26 00:04:06',39,5,2,263,0),(788,'unavailable','6a255a592db22188','2020-02-26 00:04:06',2,5,2,263,0),(789,'unavailable','6a255a592db22188','2020-02-28 09:50:34',38,5,2,263,0),(790,'unavailable','6a255a592db22188','2020-02-28 13:54:46',38,5,2,263,0),(791,'unavailable','6a255a592db22188','2020-02-28 23:48:54',38,212,31,263,0),(792,'unavailable','6a255a592db22188','2020-02-28 23:51:05',38,212,31,263,0),(793,'unavailable','6a255a592db22188','2020-02-28 23:55:05',38,212,31,263,0),(794,'unavailable','6a255a592db22188','2020-02-29 10:33:42',2,168,51,263,0),(795,'unavailable','6a255a592db22188','2020-02-29 11:46:29',38,213,31,263,0),(796,'unavailable','6a255a592db22188','2020-02-29 19:18:18',38,5,31,263,0),(797,'unavailable','6a255a592db22188','2020-02-29 19:18:23',47,5,2,263,0),(798,'unavailable','6a255a592db22188','2020-02-29 19:18:23',2,5,2,263,0),(799,'unavailable','6a255a592db22188','2020-02-29 19:18:24',39,5,2,263,0),(800,'unavailable','6a255a592db22188','2020-02-29 19:28:14',46,5,2,263,0),(801,'unavailable','6a255a592db22188','2020-02-29 19:28:14',107,5,2,263,0),(802,'unavailable','6a255a592db22188','2020-02-29 19:28:14',108,5,2,263,0),(803,'unavailable','6a255a592db22188','2020-02-29 19:30:37',106,5,2,263,0),(804,'unavailable','6a255a592db22188','2020-02-29 19:32:46',53,5,2,263,0),(805,'unavailable','6a255a592db22188','2020-02-29 19:32:46',50,5,2,263,0),(806,'unavailable','6a255a592db22188','2020-03-01 16:27:42',38,5,2,263,0),(807,'unavailable','6a255a592db22188','2020-03-04 19:56:52',38,212,31,263,0),(808,'unavailable','6a255a592db22188','2020-03-05 19:46:55',38,5,2,263,0),(809,'unavailable','6a255a592db22188','2020-03-06 17:08:30',38,5,2,263,0),(810,'unavailable','6a255a592db22188','2020-03-07 02:19:17',38,5,2,263,0),(811,'unavailable','6a255a592db22188','2020-03-07 07:16:24',38,214,31,263,0),(812,'unavailable','6a255a592db22188','2020-03-07 07:16:25',38,214,31,263,0),(813,'unavailable','6a255a592db22188','2020-03-07 07:17:20',38,214,31,263,0),(814,'unavailable','6a255a592db22188','2020-03-07 11:45:37',38,5,2,263,0),(815,'unavailable','6a255a592db22188','2020-03-08 12:51:56',38,215,29,263,0),(816,'unavailable','6a255a592db22188','2020-03-09 17:04:52',38,108,2,263,0),(817,'unavailable','6a255a592db22188','2020-03-09 17:08:45',38,108,2,263,0),(818,'unavailable','6a255a592db22188','2020-03-12 02:15:36',38,216,2,263,0),(819,'unavailable','6a255a592db22188','2020-03-12 23:41:30',38,217,29,263,0),(820,'unavailable','6a255a592db22188','2020-03-14 21:30:56',38,5,2,263,0),(821,'unavailable','6a255a592db22188','2020-03-15 21:29:07',38,218,31,263,0),(822,'unavailable','6a255a592db22188','2020-03-17 09:22:47',2,145,52,263,0),(823,'unavailable','6a255a592db22188','2020-03-17 09:23:25',52,145,53,263,0),(824,'unavailable','6a255a592db22188','2020-03-17 09:23:25',38,145,54,263,0),(825,'unavailable','6a255a592db22188','2020-03-17 09:23:27',53,145,55,263,0),(826,'unavailable','6a255a592db22188','2020-03-17 09:23:27',39,145,57,263,0),(827,'unavailable','6a255a592db22188','2020-03-17 09:23:27',50,145,56,263,0),(828,'unavailable','6a255a592db22188','2020-03-17 09:23:36',53,145,58,263,0),(829,'unavailable','6a255a592db22188','2020-03-17 09:23:50',47,145,59,263,0),(830,'unavailable','6a255a592db22188','2020-03-17 09:23:50',108,145,60,263,0),(831,'unavailable','6a255a592db22188','2020-03-17 09:23:50',46,145,61,263,0),(832,'unavailable','6a255a592db22188','2020-03-17 09:23:50',106,145,63,263,0),(833,'unavailable','6a255a592db22188','2020-03-17 09:23:50',107,145,62,263,0),(834,'unavailable','6a255a592db22188','2020-03-17 09:23:52',51,145,64,263,0),(835,'unavailable','6a255a592db22188','2020-03-17 09:23:52',116,145,65,263,0),(836,'unavailable','6a255a592db22188','2020-03-17 09:23:52',115,145,66,263,0),(837,'unavailable','6a255a592db22188','2020-03-17 09:23:52',117,145,67,263,0),(838,'unavailable','6a255a592db22188','2020-03-17 09:23:52',45,145,68,263,0),(839,'unavailable','6a255a592db22188','2020-03-17 09:23:57',52,145,69,263,0),(840,'unavailable','6a255a592db22188','2020-03-17 09:23:58',39,145,70,263,0),(841,'unavailable','6a255a592db22188','2020-03-17 09:23:58',38,145,71,263,0),(842,'unavailable','6a255a592db22188','2020-03-17 09:23:59',39,145,73,263,0),(843,'unavailable','6a255a592db22188','2020-03-17 09:23:59',38,145,72,263,0),(844,'unavailable','6a255a592db22188','2020-03-18 20:09:08',38,219,29,263,0),(845,'unavailable','6a255a592db22188','2020-03-28 15:15:56',38,220,29,263,0),(846,'unavailable','6a255a592db22188','2020-03-28 15:27:11',38,5,2,263,0),(847,'unavailable','6a255a592db22188','2020-03-30 12:15:50',38,221,29,263,0),(848,'unavailable','6a255a592db22188','2020-03-30 13:29:29',38,221,29,263,0),(849,'unavailable','6a255a592db22188','2020-04-07 18:17:06',38,222,31,263,0),(850,'unavailable','6a255a592db22188','2020-04-08 11:34:09',38,5,2,263,0),(851,'unavailable','6a255a592db22188','2020-04-14 12:33:00',38,5,2,263,0),(852,'unavailable','6a255a592db22188','2020-04-15 07:39:51',38,5,2,263,0),(853,'unavailable','6a255a592db22188','2020-04-17 09:42:07',38,223,31,263,0),(854,'unavailable','6a255a592db22188','2020-04-17 21:24:09',38,5,2,263,0),(855,'unavailable','6a255a592db22188','2020-04-24 13:19:19',38,224,29,263,0),(856,'unavailable','6a255a592db22188','2020-04-25 17:14:48',38,225,31,263,0),(857,'unavailable','6a255a592db22188','2020-04-25 19:35:15',38,224,29,263,0),(858,'unavailable','6a255a592db22188','2020-04-25 19:35:15',38,224,29,263,0),(859,'unavailable','6a255a592db22188','2020-04-25 19:47:50',38,224,29,263,0),(860,'unavailable','6a255a592db22188','2020-04-25 19:47:51',38,224,29,263,0),(861,'unavailable','6a255a592db22188','2020-04-29 00:11:12',38,226,31,263,0),(862,'unavailable','6a255a592db22188','2020-04-29 09:17:18',38,227,29,263,0),(863,'unavailable','6a255a592db22188','2020-04-29 09:17:36',38,227,29,263,0),(864,'unavailable','6a255a592db22188','2020-04-29 21:23:41',38,228,2,263,0),(865,'unavailable','6a255a592db22188','2020-05-01 18:45:32',38,229,29,263,0),(866,'unavailable','6a255a592db22188','2020-05-01 19:24:39',38,229,29,263,0),(867,'unavailable','6a255a592db22188','2020-05-03 10:32:45',38,230,31,263,0),(868,'unavailable','6a255a592db22188','2020-05-05 13:46:18',38,231,31,263,0),(869,'unavailable','6a255a592db22188','2020-05-08 17:01:15',38,232,31,263,0),(870,'unavailable','6a255a592db22188','2020-05-08 17:05:01',38,233,2,263,0),(871,'unavailable','6a255a592db22188','2020-05-09 16:35:55',38,234,29,263,0),(872,'unavailable','6a255a592db22188','2020-05-15 16:19:29',38,235,28,263,0),(873,'unavailable','6a255a592db22188','2020-05-25 12:42:12',38,184,29,263,0),(874,'unavailable','6a255a592db22188','2020-05-25 14:37:50',38,236,31,263,0),(875,'unavailable','6a255a592db22188','2020-05-25 15:34:46',38,237,29,263,0),(876,'unavailable','6a255a592db22188','2020-06-02 12:55:40',38,238,31,263,0),(877,'unavailable','6a255a592db22188','2020-06-05 10:42:33',38,239,31,263,0),(878,'unavailable','6a255a592db22188','2020-06-09 13:20:02',38,240,31,263,0),(879,'unavailable','6a255a592db22188','2020-06-12 12:54:55',38,241,29,263,0),(880,'unavailable','6a255a592db22188','2020-06-12 13:14:53',38,241,29,263,0),(881,'unavailable','6a255a592db22188','2020-06-13 09:32:16',38,242,29,263,0),(882,'unavailable','6a255a592db22188','2020-06-13 09:38:17',38,242,29,263,0),(883,'unavailable','6a255a592db22188','2020-06-13 09:40:11',2,242,19,263,0),(884,'unavailable','6a255a592db22188','2020-06-13 19:01:51',38,243,29,263,0),(885,'unavailable','6a255a592db22188','2020-06-13 22:14:34',38,244,29,263,0),(886,'unavailable','6a255a592db22188','2020-06-13 23:04:24',38,244,29,263,0),(887,'unavailable','6a255a592db22188','2020-06-13 23:10:46',38,244,29,263,0),(888,'unavailable','6a255a592db22188','2020-06-16 12:06:37',38,245,29,263,0),(889,'unavailable','6a255a592db22188','2020-06-17 19:52:01',38,245,29,263,0),(890,'unavailable','6a255a592db22188','2020-06-21 22:35:17',38,246,2,263,0),(891,'unavailable','6a255a592db22188','2020-06-23 19:39:33',38,247,31,263,0),(892,'unavailable','6a255a592db22188','2020-06-23 19:46:41',38,247,31,263,0),(893,'unavailable','6a255a592db22188','2020-06-26 20:21:19',38,248,29,263,0),(894,'unavailable','6a255a592db22188','2020-06-26 20:43:53',38,248,29,263,0),(895,'unavailable','6a255a592db22188','2020-07-02 21:33:52',38,249,31,263,0),(896,'unavailable','6a255a592db22188','2020-07-03 08:37:07',38,250,2,263,0),(897,'unavailable','6a255a592db22188','2020-07-03 08:37:11',38,250,2,263,0),(898,'unavailable','6a255a592db22188','2020-07-03 08:37:14',38,250,2,263,0),(899,'unavailable','6a255a592db22188','2020-07-07 21:50:49',38,251,29,263,0),(900,'unavailable','6a255a592db22188','2020-07-07 21:51:59',38,251,29,263,0),(901,'unavailable','6a255a592db22188','2020-07-07 21:54:53',38,251,29,263,0),(902,'unavailable','6a255a592db22188','2020-07-12 05:30:23',38,252,31,263,0),(903,'unavailable','6a255a592db22188','2020-07-14 18:00:51',38,253,31,263,0),(904,'unavailable','6a255a592db22188','2020-07-14 19:48:32',38,254,29,263,0),(905,'unavailable','6a255a592db22188','2020-07-17 03:22:14',38,255,29,263,0),(906,'unavailable','6a255a592db22188','2020-07-17 03:22:44',46,255,19,263,0),(907,'unavailable','6a255a592db22188','2020-07-17 03:22:45',46,255,19,263,0),(908,'unavailable','6a255a592db22188','2020-07-17 17:08:08',38,246,28,263,0),(909,'unavailable','6a255a592db22188','2020-07-17 17:44:48',38,246,28,263,0),(910,'unavailable','6a255a592db22188','2020-07-17 17:45:08',38,246,28,263,0),(911,'unavailable','6a255a592db22188','2020-07-17 17:45:09',38,246,28,263,0),(912,'unavailable','6a255a592db22188','2020-07-17 18:14:27',38,246,28,263,0),(913,'unavailable','6a255a592db22188','2020-07-17 18:18:26',38,246,28,263,0),(914,'unavailable','6a255a592db22188','2020-07-17 19:07:08',38,256,31,263,0),(915,'unavailable','6a255a592db22188','2020-07-17 23:28:32',38,248,29,263,0),(916,'unavailable','6a255a592db22188','2020-07-18 13:52:28',38,257,29,263,0),(917,'unavailable','6a255a592db22188','2020-07-18 13:52:28',38,257,29,263,0),(918,'unavailable','6a255a592db22188','2020-07-18 13:52:28',38,257,29,263,0),(919,'unavailable','6a255a592db22188','2020-07-18 18:23:57',38,258,29,263,0),(920,'unavailable','6a255a592db22188','2020-07-19 10:14:16',38,259,31,263,0),(921,'unavailable','6a255a592db22188','2020-07-19 19:46:27',38,260,31,263,0),(922,'unavailable','6a255a592db22188','2020-07-20 19:22:37',38,261,2,263,0),(923,'unavailable','6a255a592db22188','2020-07-21 16:18:12',38,262,29,263,0),(924,'unavailable','6a255a592db22188','2020-07-21 17:14:49',38,262,29,263,0),(925,'unavailable','6a255a592db22188','2020-07-21 21:40:14',38,263,29,263,0),(926,'unavailable','6a255a592db22188','2020-07-21 22:03:08',38,263,29,263,0),(927,'unavailable','6a255a592db22188','2020-07-21 22:12:37',38,263,29,263,0),(928,'unavailable','6a255a592db22188','2020-07-22 20:31:24',38,264,31,263,0),(929,'unavailable','6a255a592db22188','2020-07-23 10:31:31',38,264,31,263,0),(930,'unavailable','6a255a592db22188','2020-07-23 22:54:56',38,265,31,263,0),(931,'unavailable','6a255a592db22188','2020-07-24 14:39:09',38,33,31,263,0),(932,'unavailable','6a255a592db22188','2020-07-24 19:32:14',38,266,29,263,0),(933,'unavailable','6a255a592db22188','2020-07-24 19:32:22',38,266,29,263,0),(934,'unavailable','6a255a592db22188','2020-07-25 03:30:38',2,267,29,263,0),(935,'unavailable','6a255a592db22188','2020-07-25 11:51:16',38,268,31,263,0),(936,'unavailable','6a255a592db22188','2020-07-25 11:54:36',38,268,31,263,0),(937,'unavailable','6a255a592db22188','2020-07-26 13:03:12',38,269,29,263,0),(938,'unavailable','6a255a592db22188','2020-07-28 11:53:57',38,270,31,263,0),(939,'unavailable','6a255a592db22188','2020-07-28 14:54:11',38,271,31,263,0),(940,'unavailable','6a255a592db22188','2020-07-28 18:18:40',38,272,31,263,0),(941,'unavailable','6a255a592db22188','2020-07-28 18:50:59',38,270,31,263,0),(942,'unavailable','6a255a592db22188','2020-07-29 00:28:04',38,273,29,263,0),(943,'unavailable','6a255a592db22188','2020-07-29 09:14:19',38,274,31,263,0),(944,'unavailable','6a255a592db22188','2020-07-29 17:26:03',38,275,29,263,0),(945,'unavailable','6a255a592db22188','2020-07-29 17:38:45',38,276,29,263,0),(946,'unavailable','6a255a592db22188','2020-08-04 11:25:47',38,277,29,263,0),(947,'unavailable','6a255a592db22188','2020-08-04 11:28:05',38,277,29,263,0),(948,'unavailable','6a255a592db22188','2020-08-06 23:45:52',38,278,29,263,0),(949,'unavailable','6a255a592db22188','2020-08-11 12:51:47',38,279,29,263,0),(950,'unavailable','6a255a592db22188','2020-08-11 13:36:04',38,279,29,263,0),(951,'unavailable','6a255a592db22188','2020-08-13 06:31:11',38,280,31,263,0),(952,'unavailable','6a255a592db22188','2020-08-14 18:39:15',38,281,29,263,0),(953,'unavailable','6a255a592db22188','2020-08-15 23:17:16',38,282,31,263,0),(954,'unavailable','6a255a592db22188','2020-08-16 21:01:08',38,283,31,263,0),(955,'unavailable','6a255a592db22188','2020-08-18 08:27:10',38,284,29,263,0),(956,'unavailable','6a255a592db22188','2020-08-18 09:09:11',38,284,29,263,0),(957,'unavailable','6a255a592db22188','2020-08-19 08:55:10',38,284,29,263,0),(958,'unavailable','6a255a592db22188','2020-08-22 14:12:15',38,285,31,263,0),(959,'unavailable','6a255a592db22188','2020-08-23 23:38:09',38,286,29,263,0),(960,'unavailable','6a255a592db22188','2020-08-24 09:33:21',38,287,29,263,0),(961,'unavailable','6a255a592db22188','2020-08-25 00:28:17',38,288,31,263,0),(962,'unavailable','6a255a592db22188','2020-08-25 11:17:16',38,289,31,263,0),(963,'unavailable','6a255a592db22188','2020-08-25 11:57:52',38,290,29,263,0),(964,'unavailable','6a255a592db22188','2020-08-25 12:08:15',38,290,29,263,0),(965,'unavailable','6a255a592db22188','2020-08-25 13:25:51',38,290,2,263,0),(966,'unavailable','6a255a592db22188','2020-08-25 20:34:37',38,291,29,263,0),(967,'unavailable','6a255a592db22188','2020-08-25 22:39:06',38,292,31,263,0),(968,'unavailable','6a255a592db22188','2020-08-25 23:14:26',38,293,29,263,0),(969,'unavailable','6a255a592db22188','2020-08-26 11:06:43',38,294,29,263,0),(970,'unavailable','6a255a592db22188','2020-08-26 20:12:23',38,295,29,263,0),(971,'unavailable','6a255a592db22188','2020-08-26 21:04:01',38,296,31,263,0),(972,'unavailable','6a255a592db22188','2020-08-27 04:47:13',2,297,2,263,0),(973,'unavailable','6a255a592db22188','2020-08-27 08:33:33',38,298,2,263,0),(974,'unavailable','6a255a592db22188','2020-08-30 20:28:18',38,299,29,263,0),(975,'unavailable','6a255a592db22188','2020-08-31 18:50:36',38,300,2,263,0),(976,'unavailable','6a255a592db22188','2020-09-02 12:35:06',38,301,29,263,0),(977,'unavailable','6a255a592db22188','2020-09-02 13:57:56',38,301,29,263,0),(978,'unavailable','6a255a592db22188','2020-09-04 16:26:27',38,302,29,263,0),(979,'unavailable','6a255a592db22188','2020-09-04 21:20:47',38,302,29,263,0),(980,'unavailable','6a255a592db22188','2020-09-05 22:42:18',38,303,29,263,0),(981,'unavailable','6a255a592db22188','2020-09-05 23:21:40',38,303,2,263,0),(982,'unavailable','6a255a592db22188','2020-09-05 23:51:11',38,304,2,263,0),(983,'unavailable','6a255a592db22188','2020-09-06 10:14:56',38,303,2,263,0),(984,'unavailable','6a255a592db22188','2020-09-06 13:08:12',38,303,2,263,0),(985,'unavailable','6a255a592db22188','2020-09-08 11:01:42',38,303,2,263,0),(986,'unavailable','6a255a592db22188','2020-09-08 13:40:05',38,305,31,263,0),(987,'unavailable','6a255a592db22188','2020-09-08 23:04:03',38,176,31,263,0),(988,'unavailable','6a255a592db22188','2020-09-10 15:04:59',38,306,29,263,0),(989,'unavailable','6a255a592db22188','2020-09-10 20:44:32',38,307,29,263,0),(990,'unavailable','6a255a592db22188','2020-09-11 11:07:33',38,308,2,263,0),(991,'unavailable','6a255a592db22188','2020-09-11 11:08:18',38,308,29,263,0),(992,'unavailable','6a255a592db22188','2020-09-12 11:09:49',38,309,29,263,0),(993,'unavailable','6a255a592db22188','2020-09-12 11:09:50',38,309,29,263,0),(994,'unavailable','6a255a592db22188','2020-09-13 20:59:03',38,310,31,263,0),(995,'unavailable','6a255a592db22188','2020-09-14 19:29:11',38,311,2,263,0),(996,'unavailable','6a255a592db22188','2020-09-14 19:54:45',38,311,2,263,0),(997,'unavailable','6a255a592db22188','2020-09-15 10:45:39',38,311,2,263,0),(998,'unavailable','6a255a592db22188','2020-09-15 11:26:54',38,311,2,263,0),(999,'unavailable','6a255a592db22188','2020-09-15 13:31:52',38,311,2,263,0),(1000,'unavailable','6a255a592db22188','2020-09-15 18:09:45',38,312,31,263,0),(1001,'unavailable','6a255a592db22188','2020-09-15 18:11:00',38,312,31,263,0),(1002,'unavailable','6a255a592db22188','2020-09-15 18:56:50',38,311,2,263,0),(1003,'unavailable','6a255a592db22188','2020-09-15 21:47:48',38,313,29,263,0),(1004,'unavailable','6a255a592db22188','2020-09-18 15:42:24',38,312,31,263,0),(1005,'unavailable','6a255a592db22188','2020-09-18 17:41:29',38,312,31,263,0),(1006,'unavailable','6a255a592db22188','2020-09-18 19:01:50',38,314,31,263,0),(1007,'unavailable','6a255a592db22188','2020-09-18 19:06:13',38,314,29,263,0),(1008,'unavailable','6a255a592db22188','2020-09-18 21:53:05',38,315,29,263,0),(1009,'unavailable','6a255a592db22188','2020-09-19 09:49:43',38,316,31,263,0),(1010,'unavailable','6a255a592db22188','2020-09-20 12:58:13',38,317,29,263,0),(1011,'unavailable','6a255a592db22188','2020-09-20 14:07:21',38,318,31,263,0),(1012,'unavailable','6a255a592db22188','2020-09-20 14:11:00',38,315,29,263,0),(1013,'unavailable','6a255a592db22188','2020-09-20 14:38:54',38,318,31,263,0),(1014,'unavailable','6a255a592db22188','2020-09-20 15:57:52',38,313,28,263,0),(1015,'unavailable','6a255a592db22188','2020-09-20 17:35:59',38,319,29,263,0),(1016,'unavailable','6a255a592db22188','2020-09-21 08:55:14',38,320,29,263,0),(1017,'unavailable','6a255a592db22188','2020-09-21 18:25:56',38,321,29,263,0),(1018,'unavailable','6a255a592db22188','2020-09-22 21:51:00',38,322,31,263,0),(1019,'unavailable','6a255a592db22188','2020-09-25 06:48:07',38,323,2,263,0),(1020,'unavailable','6a255a592db22188','2020-09-25 06:48:10',38,324,4,263,0),(1021,'unavailable','6a255a592db22188','2020-09-25 06:50:34',52,323,2,263,0),(1022,'unavailable','6a255a592db22188','2020-09-25 12:00:54',38,325,2,263,0),(1023,'unavailable','6a255a592db22188','2020-09-26 00:16:22',38,326,2,263,0),(1024,'unavailable','6a255a592db22188','2020-09-26 10:24:24',38,327,31,263,0),(1025,'unavailable','6a255a592db22188','2020-09-26 10:26:10',38,327,31,263,0),(1026,'unavailable','6a255a592db22188','2020-09-26 10:29:32',38,327,31,263,0),(1027,'unavailable','6a255a592db22188','2020-09-27 18:42:53',38,328,29,263,0),(1028,'unavailable','6a255a592db22188','2020-09-27 22:17:32',38,329,31,263,0),(1029,'unavailable','6a255a592db22188','2020-09-27 22:18:34',38,329,31,263,0),(1030,'unavailable','6a255a592db22188','2020-09-27 22:22:15',38,329,31,263,0),(1031,'unavailable','6a255a592db22188','2020-09-27 22:23:33',38,329,31,263,0),(1032,'unavailable','6a255a592db22188','2020-09-28 17:29:45',38,132,31,263,0),(1033,'unavailable','6a255a592db22188','2020-09-29 19:17:20',38,330,31,263,0),(1034,'unavailable','6a255a592db22188','2020-09-30 18:27:13',38,331,29,263,0),(1035,'unavailable','6a255a592db22188','2020-09-30 21:44:21',38,332,31,263,0),(1036,'unavailable','6a255a592db22188','2020-10-01 17:13:26',38,328,29,263,0),(1037,'unavailable','6a255a592db22188','2020-10-02 16:03:21',38,333,28,263,0),(1038,'unavailable','6a255a592db22188','2020-10-02 16:26:58',38,330,31,263,0),(1039,'unavailable','6a255a592db22188','2020-10-02 20:43:13',38,334,31,263,0),(1040,'unavailable','6a255a592db22188','2020-10-03 09:26:49',38,335,31,263,0),(1041,'unavailable','6a255a592db22188','2020-10-03 21:21:13',38,336,74,263,0),(1042,'unavailable','6a255a592db22188','2020-10-03 21:21:47',38,336,74,263,0),(1043,'unavailable','6a255a592db22188','2020-10-04 10:58:26',38,328,29,263,0),(1044,'unavailable','6a255a592db22188','2020-10-05 20:47:05',38,337,29,263,0),(1045,'unavailable','6a255a592db22188','2020-10-06 18:19:25',38,338,29,263,0),(1046,'unavailable','6a255a592db22188','2020-10-07 10:23:50',38,339,31,263,0),(1047,'unavailable','6a255a592db22188','2020-10-08 20:16:48',38,340,28,263,0),(1048,'unavailable','6a255a592db22188','2020-10-09 11:29:01',38,341,31,263,0),(1049,'unavailable','6a255a592db22188','2020-10-09 20:18:08',38,342,31,263,0),(1050,'unavailable','6a255a592db22188','2020-10-10 11:43:25',38,343,31,263,0),(1051,'unavailable','6a255a592db22188','2020-10-10 11:46:33',38,343,31,263,0),(1052,'unavailable','6a255a592db22188','2020-10-10 11:47:31',38,343,31,263,0),(1053,'unavailable','6a255a592db22188','2020-10-10 11:58:27',38,344,29,263,0),(1054,'unavailable','6a255a592db22188','2020-10-10 22:42:20',38,345,2,263,0),(1055,'unavailable','6a255a592db22188','2020-10-12 15:50:59',38,346,29,263,0),(1056,'unavailable','6a255a592db22188','2020-10-13 19:22:36',38,347,31,263,0),(1057,'unavailable','6a255a592db22188','2020-10-14 21:53:20',38,328,29,263,0),(1058,'unavailable','6a255a592db22188','2020-10-15 09:26:24',38,348,2,263,0),(1059,'unavailable','6a255a592db22188','2020-10-16 12:53:48',38,349,29,263,0),(1060,'unavailable','6a255a592db22188','2020-10-16 18:27:09',38,350,29,263,0),(1061,'unavailable','6a255a592db22188','2020-10-16 20:48:35',38,351,29,263,0),(1062,'unavailable','6a255a592db22188','2020-10-18 12:34:05',38,352,31,263,0),(1063,'unavailable','6a255a592db22188','2020-10-18 22:13:18',38,353,29,263,0),(1064,'unavailable','6a255a592db22188','2020-10-19 11:11:30',38,353,29,263,0),(1065,'unavailable','6a255a592db22188','2020-10-21 17:09:41',38,354,74,263,0),(1066,'unavailable','6a255a592db22188','2020-10-21 19:37:43',38,355,29,263,0),(1067,'unavailable','6a255a592db22188','2020-10-22 15:15:42',2,355,75,263,0),(1068,'unavailable','6a255a592db22188','2020-10-22 17:17:48',38,356,30,263,0),(1069,'unavailable','6a255a592db22188','2020-10-22 17:18:26',38,356,30,263,0),(1070,'unavailable','6a255a592db22188','2020-10-23 14:17:58',38,356,30,263,0),(1071,'unavailable','6a255a592db22188','2020-10-23 14:28:15',38,357,31,263,0),(1072,'unavailable','6a255a592db22188','2020-10-24 06:31:18',38,358,31,263,0),(1073,'unavailable','6a255a592db22188','2020-10-26 13:52:07',38,359,29,263,0),(1074,'unavailable','6a255a592db22188','2020-10-26 13:52:08',38,359,29,263,0),(1075,'unavailable','6a255a592db22188','2020-10-26 16:00:09',38,360,29,263,0),(1076,'unavailable','6a255a592db22188','2020-10-26 20:32:26',38,360,29,263,0),(1077,'unavailable','6a255a592db22188','2020-10-26 21:39:34',38,360,29,263,0),(1078,'unavailable','6a255a592db22188','2020-10-26 22:36:39',38,360,29,263,0),(1079,'unavailable','6a255a592db22188','2020-10-27 13:36:26',38,361,29,263,0),(1080,'unavailable','6a255a592db22188','2020-10-28 19:59:50',38,362,30,263,0),(1081,'unavailable','6a255a592db22188','2020-10-28 20:02:17',38,362,30,263,0),(1082,'unavailable','6a255a592db22188','2020-10-28 21:50:53',38,363,31,263,0),(1083,'unavailable','6a255a592db22188','2020-10-29 12:51:39',38,310,31,263,0),(1084,'unavailable','6a255a592db22188','2020-10-30 08:43:51',38,364,31,263,0),(1085,'unavailable','6a255a592db22188','2020-11-03 19:05:07',38,365,29,263,0),(1086,'unavailable','6a255a592db22188','2020-11-03 19:37:10',38,366,31,263,0),(1087,'unavailable','6a255a592db22188','2020-11-03 19:44:44',38,366,31,263,0),(1088,'unavailable','6a255a592db22188','2020-11-03 20:25:30',38,365,29,263,0),(1089,'unavailable','6a255a592db22188','2020-11-03 21:03:24',38,360,29,263,0),(1090,'unavailable','6a255a592db22188','2020-11-04 09:10:52',38,367,29,263,0),(1091,'unavailable','6a255a592db22188','2020-11-04 17:41:53',38,368,31,263,0),(1092,'unavailable','6a255a592db22188','2020-11-05 08:58:40',38,369,31,263,0),(1093,'unavailable','6a255a592db22188','2020-11-05 09:06:35',38,370,2,263,0),(1094,'unavailable','6a255a592db22188','2020-11-05 20:36:54',38,371,74,263,0),(1095,'unavailable','6a255a592db22188','2020-11-05 21:50:26',38,372,31,263,0),(1096,'unavailable','6a255a592db22188','2020-11-06 18:31:10',38,373,31,263,0),(1097,'unavailable','6a255a592db22188','2020-11-06 21:56:31',38,374,29,263,0),(1098,'unavailable','6a255a592db22188','2020-11-06 21:58:06',38,375,2,263,0),(1099,'unavailable','6a255a592db22188','2020-11-06 21:58:18',38,375,2,263,0),(1100,'unavailable','6a255a592db22188','2020-11-07 10:37:57',38,376,29,263,0),(1101,'unavailable','6a255a592db22188','2020-11-07 15:45:09',38,377,28,263,0),(1102,'unavailable','6a255a592db22188','2020-11-08 21:27:17',38,378,31,263,0),(1103,'unavailable','6a255a592db22188','2020-11-08 22:10:18',38,379,31,263,0),(1104,'unavailable','6a255a592db22188','2020-11-09 09:08:23',38,380,28,263,0),(1105,'unavailable','6a255a592db22188','2020-11-09 12:19:24',38,380,2,263,0),(1106,'unavailable','6a255a592db22188','2020-11-09 15:32:13',38,381,31,263,0),(1107,'unavailable','6a255a592db22188','2020-11-09 19:12:57',38,382,31,263,0),(1108,'unavailable','6a255a592db22188','2020-11-11 21:43:24',38,383,31,263,0),(1109,'unavailable','6a255a592db22188','2020-11-12 15:23:57',38,384,31,263,0),(1110,'unavailable','6a255a592db22188','2020-11-12 18:32:25',38,385,29,263,0),(1111,'unavailable','6a255a592db22188','2020-11-12 21:22:54',38,386,2,263,0),(1112,'unavailable','6a255a592db22188','2020-11-12 21:22:56',2,386,19,263,0),(1113,'unavailable','6a255a592db22188','2020-11-13 08:02:04',2,386,19,263,0),(1114,'unavailable','6a255a592db22188','2020-11-13 12:43:47',38,387,31,263,0),(1115,'unavailable','6a255a592db22188','2020-11-13 16:05:23',38,388,31,263,0),(1116,'unavailable','6a255a592db22188','2020-11-13 22:48:15',38,389,31,263,0),(1117,'unavailable','6a255a592db22188','2020-11-13 22:48:50',38,389,31,263,0),(1118,'unavailable','6a255a592db22188','2020-11-14 01:48:47',38,389,31,263,0),(1119,'unavailable','6a255a592db22188','2020-11-14 12:36:13',38,390,31,263,0),(1120,'unavailable','6a255a592db22188','2020-11-14 23:38:06',38,391,28,263,0),(1121,'unavailable','6a255a592db22188','2020-11-15 12:01:21',38,392,29,263,0),(1122,'unavailable','6a255a592db22188','2020-11-15 12:30:50',38,393,29,263,0),(1123,'unavailable','6a255a592db22188','2020-11-16 08:44:05',38,394,31,263,0),(1124,'unavailable','6a255a592db22188','2020-11-16 13:47:59',38,395,31,263,0),(1125,'unavailable','6a255a592db22188','2020-11-16 14:57:08',38,33,31,263,0),(1126,'unavailable','6a255a592db22188','2020-11-18 13:22:37',38,396,31,263,0),(1127,'unavailable','6a255a592db22188','2020-11-18 13:43:26',38,397,31,263,0),(1128,'unavailable','6a255a592db22188','2020-11-19 23:47:59',38,373,31,263,0),(1129,'unavailable','6a255a592db22188','2020-11-20 13:54:28',38,398,29,263,0),(1130,'unavailable','6a255a592db22188','2020-11-20 14:01:33',38,398,29,263,0),(1131,'unavailable','6a255a592db22188','2020-11-22 19:29:43',38,399,29,263,0),(1132,'unavailable','6a255a592db22188','2020-11-23 11:41:26',38,400,29,263,0),(1133,'unavailable','6a255a592db22188','2020-11-23 11:41:27',38,400,29,263,0),(1134,'unavailable','6a255a592db22188','2020-11-25 03:23:47',38,401,29,263,0),(1135,'unavailable','6a255a592db22188','2020-11-26 18:54:22',38,402,29,263,0),(1136,'unavailable','6a255a592db22188','2020-11-26 19:25:41',38,403,31,263,0),(1137,'unavailable','6a255a592db22188','2020-11-26 19:33:08',38,403,31,263,0),(1138,'unavailable','6a255a592db22188','2020-11-27 19:58:20',38,404,29,263,0),(1139,'unavailable','6a255a592db22188','2020-11-28 17:55:51',38,405,29,263,0),(1140,'unavailable','6a255a592db22188','2020-11-28 23:39:21',38,406,29,263,0),(1141,'unavailable','6a255a592db22188','2020-11-29 05:21:54',38,397,29,263,0),(1142,'unavailable','6a255a592db22188','2020-11-29 14:12:23',38,407,28,263,0),(1143,'unavailable','6a255a592db22188','2020-11-30 18:53:01',38,408,31,263,0),(1144,'unavailable','6a255a592db22188','2020-11-30 21:45:55',38,397,29,263,0),(1145,'unavailable','6a255a592db22188','2020-12-01 09:18:33',38,409,31,263,0),(1146,'unavailable','6a255a592db22188','2020-12-01 13:06:27',38,410,31,263,0),(1147,'unavailable','6a255a592db22188','2020-12-01 21:36:51',38,380,28,263,0),(1148,'unavailable','6a255a592db22188','2020-12-02 00:24:48',38,411,29,263,0),(1149,'unavailable','6a255a592db22188','2020-12-03 22:04:02',38,412,29,263,0),(1150,'unavailable','6a255a592db22188','2020-12-03 22:35:17',38,412,29,263,0),(1151,'unavailable','6a255a592db22188','2020-12-05 11:58:06',38,413,31,263,0),(1152,'unavailable','6a255a592db22188','2020-12-05 12:22:11',38,414,31,263,0),(1153,'unavailable','6a255a592db22188','2020-12-05 13:06:53',38,414,31,263,0),(1154,'unavailable','6a255a592db22188','2020-12-07 09:27:58',38,415,31,263,0),(1155,'unavailable','6a255a592db22188','2020-12-07 20:23:53',38,416,29,263,0),(1156,'unavailable','6a255a592db22188','2020-12-08 14:54:47',38,417,31,263,0),(1157,'unavailable','6a255a592db22188','2020-12-10 11:35:41',38,418,31,263,0),(1158,'unavailable','6a255a592db22188','2020-12-10 23:09:25',38,419,29,263,0),(1159,'unavailable','6a255a592db22188','2020-12-10 23:10:30',38,419,29,263,0),(1160,'unavailable','6a255a592db22188','2020-12-11 01:37:35',38,420,29,263,0),(1161,'unavailable','6a255a592db22188','2020-12-12 12:54:43',38,421,31,263,0),(1162,'unavailable','6a255a592db22188','2020-12-13 08:28:16',38,422,31,263,0),(1163,'unavailable','6a255a592db22188','2020-12-13 09:10:11',38,423,31,263,0),(1164,'unavailable','6a255a592db22188','2020-12-13 21:48:10',38,424,29,263,0),(1165,'unavailable','6a255a592db22188','2020-12-14 14:33:57',38,425,29,263,0),(1166,'unavailable','6a255a592db22188','2020-12-17 05:59:31',38,426,31,263,0),(1167,'unavailable','6a255a592db22188','2020-12-17 06:01:55',38,426,31,263,0),(1168,'unavailable','6a255a592db22188','2020-12-17 17:30:03',38,427,29,263,0),(1169,'unavailable','6a255a592db22188','2020-12-17 21:19:07',38,428,29,263,0),(1170,'unavailable','6a255a592db22188','2020-12-17 23:25:18',38,429,29,263,0),(1171,'unavailable','6a255a592db22188','2020-12-18 13:58:59',38,430,28,263,0),(1172,'unavailable','6a255a592db22188','2020-12-18 17:21:46',38,431,29,263,0),(1173,'unavailable','6a255a592db22188','2020-12-18 20:35:47',38,432,31,263,0),(1174,'unavailable','6a255a592db22188','2020-12-19 10:09:48',38,433,31,263,0),(1175,'unavailable','6a255a592db22188','2020-12-19 10:15:52',38,433,31,263,0),(1176,'unavailable','6a255a592db22188','2020-12-19 12:41:14',38,361,29,263,0),(1177,'unavailable','6a255a592db22188','2020-12-20 19:11:49',38,434,31,263,0),(1178,'unavailable','6a255a592db22188','2020-12-21 08:57:10',38,435,28,263,0),(1179,'unavailable','6a255a592db22188','2020-12-21 19:18:45',38,436,29,263,0),(1180,'unavailable','6a255a592db22188','2020-12-22 06:53:52',38,405,29,263,0),(1181,'unavailable','6a255a592db22188','2020-12-22 07:46:34',38,405,29,263,0),(1182,'unavailable','6a255a592db22188','2020-12-22 07:47:31',38,437,31,263,0),(1183,'unavailable','6a255a592db22188','2020-12-22 13:37:31',38,438,31,263,0),(1184,'unavailable','6a255a592db22188','2020-12-23 07:49:46',38,439,31,263,0),(1185,'unavailable','6a255a592db22188','2020-12-23 10:58:06',38,440,29,263,0),(1186,'unavailable','6a255a592db22188','2020-12-23 13:52:41',38,441,29,263,0),(1187,'unavailable','6a255a592db22188','2020-12-24 11:24:38',38,442,29,263,0),(1188,'unavailable','6a255a592db22188','2020-12-25 16:03:11',38,380,2,263,0),(1189,'unavailable','6a255a592db22188','2020-12-27 17:30:26',38,443,2,263,0),(1190,'unavailable','6a255a592db22188','2020-12-28 09:11:50',38,444,31,263,0),(1191,'unavailable','6a255a592db22188','2020-12-28 18:30:54',38,445,31,263,0),(1192,'unavailable','6a255a592db22188','2021-01-04 05:20:46',38,446,29,263,0),(1193,'unavailable','6a255a592db22188','2021-01-04 06:39:09',38,447,29,263,0),(1194,'unavailable','6a255a592db22188','2021-01-04 06:41:58',38,447,2,263,0),(1195,'unavailable','6a255a592db22188','2021-01-04 11:15:23',38,447,2,263,0),(1196,'unavailable','6a255a592db22188','2021-01-04 22:10:19',38,448,2,263,0),(1197,'unavailable','6a255a592db22188','2021-01-05 07:03:16',2,449,2,263,0),(1198,'unavailable','6a255a592db22188','2021-01-05 13:14:33',2,449,2,263,0),(1199,'unavailable','6a255a592db22188','2021-01-05 18:08:24',2,449,2,263,0),(1200,'unavailable','6a255a592db22188','2021-01-05 22:30:54',2,449,2,263,0),(1201,'unavailable','6a255a592db22188','2021-01-06 04:08:00',2,449,2,263,0),(1202,'unavailable','6a255a592db22188','2021-01-06 08:39:38',2,449,2,263,0),(1203,'unavailable','6a255a592db22188','2021-01-06 10:56:31',2,449,2,263,0),(1204,'unavailable','6a255a592db22188','2021-01-06 13:24:11',2,449,2,263,0),(1205,'unavailable','6a255a592db22188','2021-01-06 18:10:04',2,449,2,263,0),(1206,'unavailable','6a255a592db22188','2021-01-06 20:38:41',2,449,2,263,0),(1207,'unavailable','6a255a592db22188','2021-01-06 23:07:50',2,449,2,263,0),(1208,'unavailable','6a255a592db22188','2021-01-07 09:17:35',2,449,2,263,0),(1209,'unavailable','6a255a592db22188','2021-01-07 09:38:54',38,125,31,263,0),(1210,'unavailable','6a255a592db22188','2021-01-07 17:18:38',38,450,29,263,0),(1211,'unavailable','6a255a592db22188','2021-01-07 19:59:39',38,450,29,263,0),(1212,'unavailable','6a255a592db22188','2021-01-07 23:41:24',38,451,28,263,0),(1213,'unavailable','6a255a592db22188','2021-01-08 10:48:49',38,452,29,263,0),(1214,'unavailable','6a255a592db22188','2021-01-08 12:34:36',2,449,2,263,0),(1215,'unavailable','6a255a592db22188','2021-01-09 08:59:57',2,449,2,263,0),(1216,'unavailable','6a255a592db22188','2021-01-12 00:00:10',2,449,2,263,0),(1217,'unavailable','6a255a592db22188','2021-01-12 20:22:16',2,449,2,263,0),(1218,'unavailable','6a255a592db22188','2021-01-12 22:00:11',38,453,31,263,0),(1219,'unavailable','6a255a592db22188','2021-01-13 07:35:35',38,454,29,263,0),(1220,'unavailable','6a255a592db22188','2021-01-13 07:36:52',38,454,29,263,0),(1221,'unavailable','6a255a592db22188','2021-01-13 07:44:45',38,455,31,263,0),(1222,'unavailable','6a255a592db22188','2021-01-13 08:27:40',38,454,29,263,0),(1223,'unavailable','6a255a592db22188','2021-01-13 17:56:59',2,449,2,263,0),(1224,'unavailable','6a255a592db22188','2021-01-14 14:26:37',2,449,2,263,0),(1225,'unavailable','6a255a592db22188','2021-01-14 18:09:46',38,456,29,263,0),(1226,'unavailable','6a255a592db22188','2021-01-15 11:56:44',2,449,2,263,0),(1227,'unavailable','6a255a592db22188','2021-01-16 16:27:48',38,457,31,263,0),(1228,'unavailable','6a255a592db22188','2021-01-16 19:49:40',38,458,2,263,0),(1229,'unavailable','6a255a592db22188','2021-01-16 19:50:04',38,459,2,263,0),(1230,'unavailable','6a255a592db22188','2021-01-17 05:39:20',2,449,2,263,0),(1231,'unavailable','6a255a592db22188','2021-01-17 21:19:32',38,435,28,263,0),(1232,'unavailable','6a255a592db22188','2021-01-18 17:35:25',38,460,28,263,0),(1233,'unavailable','6a255a592db22188','2021-01-18 21:04:45',38,461,29,263,0),(1234,'unavailable','6a255a592db22188','2021-01-18 23:28:13',2,449,2,263,0),(1235,'unavailable','6a255a592db22188','2021-01-20 14:13:38',52,462,29,263,0),(1236,'unavailable','6a255a592db22188','2021-01-20 17:10:03',2,449,2,263,0),(1237,'unavailable','6a255a592db22188','2021-01-21 08:51:22',38,463,2,263,0),(1238,'unavailable','6a255a592db22188','2021-01-21 08:53:12',38,463,2,263,0),(1239,'unavailable','6a255a592db22188','2021-01-21 13:40:36',2,449,2,263,0),(1240,'unavailable','6a255a592db22188','2021-01-22 09:18:59',38,464,31,263,0),(1241,'unavailable','6a255a592db22188','2021-01-22 11:04:55',2,449,2,263,0),(1242,'unavailable','6a255a592db22188','2021-01-22 11:05:00',38,465,29,263,0),(1243,'unavailable','6a255a592db22188','2021-01-23 14:31:26',38,466,31,263,0),(1244,'unavailable','6a255a592db22188','2021-01-24 01:21:48',38,467,31,263,0),(1245,'unavailable','6a255a592db22188','2021-01-24 04:25:09',2,449,2,263,0),(1246,'unavailable','6a255a592db22188','2021-01-24 13:25:52',38,468,31,263,0),(1247,'unavailable','6a255a592db22188','2021-01-25 00:38:33',2,449,2,263,0),(1248,'unavailable','6a255a592db22188','2021-01-25 13:02:52',38,469,31,263,0),(1249,'unavailable','6a255a592db22188','2021-01-25 13:39:35',38,461,29,263,0),(1250,'unavailable','6a255a592db22188','2021-01-25 19:54:17',38,470,31,263,0),(1251,'unavailable','6a255a592db22188','2021-01-25 23:15:07',38,471,31,263,0),(1252,'unavailable','6a255a592db22188','2021-01-26 18:27:21',2,449,2,263,0),(1253,'unavailable','6a255a592db22188','2021-01-27 09:15:11',38,461,29,263,0),(1254,'unavailable','6a255a592db22188','2021-01-27 09:25:44',38,472,29,263,0),(1255,'unavailable','6a255a592db22188','2021-01-27 09:25:58',38,472,29,263,0),(1256,'unavailable','6a255a592db22188','2021-01-27 09:46:32',38,473,31,263,0),(1257,'unavailable','6a255a592db22188','2021-01-27 15:38:09',2,449,2,263,0),(1258,'unavailable','6a255a592db22188','2021-01-28 10:32:07',38,5,2,263,0),(1259,'unavailable','6a255a592db22188','2021-01-28 10:32:11',38,474,2,263,0),(1260,'unavailable','6a255a592db22188','2021-01-28 12:02:11',38,475,31,263,0),(1261,'unavailable','6a255a592db22188','2021-01-28 17:03:57',38,476,31,263,0),(1262,'unavailable','6a255a592db22188','2021-01-28 17:04:56',38,476,31,263,0),(1263,'unavailable','6a255a592db22188','2021-01-29 02:25:01',38,477,31,263,0),(1264,'unavailable','6a255a592db22188','2021-01-29 02:31:43',38,477,31,263,0),(1265,'unavailable','6a255a592db22188','2021-01-30 07:01:11',2,449,2,263,0),(1266,'unavailable','6a255a592db22188','2021-01-31 04:24:02',2,449,2,263,0),(1267,'unavailable','6a255a592db22188','2021-01-31 11:54:18',38,478,29,263,0),(1268,'unavailable','6a255a592db22188','2021-01-31 11:54:39',38,478,29,263,0),(1269,'unavailable','6a255a592db22188','2021-02-01 00:36:49',2,449,2,263,0),(1270,'unavailable','6a255a592db22188','2021-02-01 09:16:25',38,479,31,263,0),(1271,'unavailable','6a255a592db22188','2021-02-01 09:42:05',38,108,2,263,0),(1272,'unavailable','6a255a592db22188','2021-02-01 10:11:03',38,480,2,263,0),(1273,'unavailable','6a255a592db22188','2021-02-01 10:24:16',38,481,31,263,0),(1274,'unavailable','6a255a592db22188','2021-02-01 18:20:11',38,482,29,263,0),(1275,'unavailable','6a255a592db22188','2021-02-01 21:52:48',2,449,2,263,0),(1276,'unavailable','6a255a592db22188','2021-02-02 17:26:18',38,483,28,263,0),(1277,'unavailable','6a255a592db22188','2021-02-03 14:27:46',38,484,31,263,0),(1278,'unavailable','6a255a592db22188','2021-02-03 16:09:36',38,485,29,263,0),(1279,'unavailable','6a255a592db22188','2021-02-03 18:45:18',2,449,2,263,0),(1280,'unavailable','6a255a592db22188','2021-02-03 21:12:09',38,486,31,263,0),(1281,'unavailable','6a255a592db22188','2021-02-03 21:13:55',38,486,31,263,0),(1282,'unavailable','6a255a592db22188','2021-02-03 21:14:54',38,487,28,263,0),(1283,'unavailable','6a255a592db22188','2021-02-04 09:32:23',38,461,29,263,0),(1284,'unavailable','6a255a592db22188','2021-02-04 15:07:53',2,449,2,263,0),(1285,'unavailable','6a255a592db22188','2021-02-05 09:43:11',38,488,29,263,0),(1286,'unavailable','6a255a592db22188','2021-02-05 20:00:30',38,489,31,263,0),(1287,'unavailable','6a255a592db22188','2021-02-06 12:55:42',38,487,28,263,0),(1288,'unavailable','6a255a592db22188','2021-02-06 20:47:12',38,490,29,263,0),(1289,'unavailable','6a255a592db22188','2021-02-06 20:55:38',38,491,29,263,0),(1290,'unavailable','6a255a592db22188','2021-02-07 08:45:55',2,449,2,263,0),(1291,'unavailable','6a255a592db22188','2021-02-08 13:28:09',38,492,31,263,0),(1292,'unavailable','6a255a592db22188','2021-02-08 17:08:30',38,493,31,263,0),(1293,'unavailable','6a255a592db22188','2021-02-09 06:47:39',38,494,31,263,0),(1294,'unavailable','6a255a592db22188','2021-02-09 22:47:58',2,449,2,263,0),(1295,'unavailable','6a255a592db22188','2021-02-10 14:07:55',38,495,31,263,0),(1296,'unavailable','6a255a592db22188','2021-02-10 19:58:54',2,449,2,263,0),(1297,'unavailable','6a255a592db22188','2021-02-10 20:14:52',52,496,31,263,0),(1298,'unavailable','6a255a592db22188','2021-02-10 20:14:59',52,496,31,263,0),(1299,'unavailable','6a255a592db22188','2021-02-10 20:15:19',2,496,76,263,0),(1300,'unavailable','6a255a592db22188','2021-02-11 21:03:21',38,497,31,263,0),(1301,'unavailable','6a255a592db22188','2021-02-12 10:40:12',38,498,31,263,0),(1302,'unavailable','6a255a592db22188','2021-02-12 12:49:11',38,499,31,263,0),(1303,'unavailable','6a255a592db22188','2021-02-12 12:54:23',38,382,31,263,0),(1304,'unavailable','6a255a592db22188','2021-02-12 13:45:33',38,382,31,263,0),(1305,'unavailable','6a255a592db22188','2021-02-12 14:31:31',38,132,31,263,0),(1306,'unavailable','6a255a592db22188','2021-02-12 18:14:23',38,500,29,263,0),(1307,'unavailable','6a255a592db22188','2021-02-14 10:14:58',38,501,29,263,0),(1308,'unavailable','6a255a592db22188','2021-02-14 16:44:13',2,449,2,263,0),(1309,'unavailable','6a255a592db22188','2021-02-15 11:18:41',38,502,29,263,0),(1310,'unavailable','6a255a592db22188','2021-02-15 13:06:11',2,449,2,263,0),(1311,'unavailable','6a255a592db22188','2021-02-16 11:01:31',38,503,29,263,0),(1312,'unavailable','6a255a592db22188','2021-02-17 08:18:07',2,449,2,263,0),(1313,'unavailable','6a255a592db22188','2021-02-17 19:25:24',38,504,31,263,0),(1314,'unavailable','6a255a592db22188','2021-02-18 08:31:16',38,505,29,263,0),(1315,'unavailable','6a255a592db22188','2021-02-18 16:42:40',38,506,29,263,0),(1316,'unavailable','6a255a592db22188','2021-02-18 21:52:05',38,277,29,263,0),(1317,'unavailable','6a255a592db22188','2021-02-18 22:01:10',38,277,29,263,0),(1318,'unavailable','6a255a592db22188','2021-02-19 15:22:46',38,507,31,263,0),(1319,'unavailable','6a255a592db22188','2021-02-19 21:35:30',38,508,29,263,0),(1320,'unavailable','6a255a592db22188','2021-02-19 21:49:36',38,508,29,263,0),(1321,'unavailable','6a255a592db22188','2021-02-20 08:59:48',38,484,29,263,0),(1322,'unavailable','6a255a592db22188','2021-02-20 09:24:27',38,509,29,263,0),(1323,'unavailable','6a255a592db22188','2021-02-20 11:18:37',38,510,29,263,0),(1324,'unavailable','6a255a592db22188','2021-02-20 11:24:52',38,510,29,263,0),(1325,'unavailable','6a255a592db22188','2021-02-20 11:32:03',38,510,29,263,0),(1326,'unavailable','6a255a592db22188','2021-02-20 12:26:59',38,511,29,263,0),(1327,'unavailable','6a255a592db22188','2021-02-21 04:24:54',2,449,2,263,0),(1328,'unavailable','6a255a592db22188','2021-02-21 20:39:54',38,512,29,263,0),(1329,'unavailable','6a255a592db22188','2021-02-22 04:30:09',2,449,2,263,0),(1330,'unavailable','6a255a592db22188','2021-02-23 00:23:11',38,513,29,263,0),(1331,'unavailable','6a255a592db22188','2021-02-23 01:03:22',2,449,2,263,0),(1332,'unavailable','6a255a592db22188','2021-02-23 11:26:02',38,514,31,263,0),(1333,'unavailable','6a255a592db22188','2021-02-23 12:09:46',38,514,31,263,0),(1334,'unavailable','6a255a592db22188','2021-02-23 14:39:12',38,514,31,263,0),(1335,'unavailable','6a255a592db22188','2021-02-23 19:43:22',38,514,31,263,0),(1336,'unavailable','6a255a592db22188','2021-02-23 20:51:44',38,514,2,263,0),(1337,'unavailable','6a255a592db22188','2021-02-24 08:47:55',38,515,28,263,0),(1338,'unavailable','6a255a592db22188','2021-02-24 20:47:24',38,516,31,263,0),(1339,'unavailable','6a255a592db22188','2021-02-24 22:09:22',38,513,29,263,0),(1340,'unavailable','6a255a592db22188','2021-02-25 00:12:39',38,517,31,263,0),(1341,'unavailable','6a255a592db22188','2021-02-25 01:23:19',2,449,2,263,0),(1342,'unavailable','6a255a592db22188','2021-02-25 09:29:36',38,444,31,263,0),(1343,'unavailable','6a255a592db22188','2021-02-25 09:30:11',38,444,31,263,0),(1344,'unavailable','6a255a592db22188','2021-02-25 21:37:14',38,518,31,263,0),(1345,'unavailable','6a255a592db22188','2021-02-26 09:35:50',38,519,31,263,0),(1346,'unavailable','6a255a592db22188','2021-02-26 14:56:05',38,520,31,263,0),(1347,'unavailable','6a255a592db22188','2021-02-26 14:56:30',38,520,31,263,0),(1348,'unavailable','6a255a592db22188','2021-02-26 14:59:16',38,520,31,263,0),(1349,'unavailable','6a255a592db22188','2021-02-26 22:50:26',38,182,31,263,0),(1350,'unavailable','6a255a592db22188','2021-02-27 08:10:52',38,239,31,263,0),(1351,'unavailable','6a255a592db22188','2021-02-27 08:10:55',38,239,31,263,0),(1352,'unavailable','6a255a592db22188','2021-02-27 08:27:59',38,239,31,263,0),(1353,'unavailable','6a255a592db22188','2021-02-27 16:22:27',38,521,31,263,0),(1354,'unavailable','6a255a592db22188','2021-02-27 18:23:06',2,449,2,263,0),(1355,'unavailable','6a255a592db22188','2021-03-01 11:40:32',38,522,31,263,0),(1356,'unavailable','6a255a592db22188','2021-03-01 13:16:14',38,523,31,263,0),(1357,'unavailable','6a255a592db22188','2021-03-01 21:15:27',38,513,29,263,0),(1358,'unavailable','6a255a592db22188','2021-03-01 21:15:46',38,513,29,263,0),(1359,'unavailable','6a255a592db22188','2021-03-02 01:57:53',38,524,29,263,0),(1360,'unavailable','6a255a592db22188','2021-03-03 08:20:01',38,525,2,263,0),(1361,'unavailable','6a255a592db22188','2021-03-03 08:20:03',38,526,2,263,0),(1362,'unavailable','6a255a592db22188','2021-03-04 03:35:03',2,449,2,263,0),(1363,'unavailable','6a255a592db22188','2021-03-04 16:39:41',38,527,2,263,0),(1364,'unavailable','6a255a592db22188','2021-03-05 02:45:12',2,449,2,263,0),(1365,'unavailable','6a255a592db22188','2021-03-05 09:20:23',38,528,31,263,0),(1366,'unavailable','6a255a592db22188','2021-03-05 12:16:06',38,529,77,263,0),(1367,'unavailable','6a255a592db22188','2021-03-05 12:51:24',38,530,29,263,0),(1368,'unavailable','6a255a592db22188','2021-03-05 20:56:27',38,531,31,263,0),(1369,'unavailable','6a255a592db22188','2021-03-05 23:28:49',2,449,2,263,0),(1370,'unavailable','6a255a592db22188','2021-03-06 16:40:54',38,532,31,263,0),(1371,'unavailable','6a255a592db22188','2021-03-06 18:21:21',38,533,29,263,0),(1372,'unavailable','6a255a592db22188','2021-03-06 20:43:51',2,449,2,263,0),(1373,'unavailable','6a255a592db22188','2021-03-07 06:44:22',38,534,29,263,0),(1374,'unavailable','6a255a592db22188','2021-03-07 06:44:29',38,534,29,263,0),(1375,'unavailable','6a255a592db22188','2021-03-08 16:55:52',38,534,29,263,0),(1376,'unavailable','6a255a592db22188','2021-03-08 17:04:30',38,534,29,263,0),(1377,'unavailable','6a255a592db22188','2021-03-08 17:53:09',2,449,2,263,0),(1378,'unavailable','6a255a592db22188','2021-03-08 18:44:07',38,535,2,263,0),(1379,'unavailable','6a255a592db22188','2021-03-08 19:53:20',38,536,31,263,0),(1380,'unavailable','6a255a592db22188','2021-03-09 14:25:16',2,449,2,263,0),(1381,'unavailable','6a255a592db22188','2021-03-10 11:35:54',2,449,2,263,0),(1382,'unavailable','6a255a592db22188','2021-03-10 21:54:02',38,537,31,263,0),(1383,'unavailable','6a255a592db22188','2021-03-10 22:00:38',38,537,31,263,0),(1384,'unavailable','6a255a592db22188','2021-03-12 11:19:01',38,538,29,263,0),(1385,'unavailable','6a255a592db22188','2021-03-12 20:13:39',38,524,29,263,0),(1386,'unavailable','6a255a592db22188','2021-03-13 03:09:57',2,449,2,263,0),(1387,'unavailable','6a255a592db22188','2021-03-13 13:26:36',38,539,2,263,0),(1388,'unavailable','6a255a592db22188','2021-03-14 00:41:05',2,449,2,263,0),(1389,'unavailable','6a255a592db22188','2021-03-14 15:48:04',38,540,31,263,0),(1390,'unavailable','6a255a592db22188','2021-03-16 15:15:02',2,449,2,263,0),(1391,'unavailable','6a255a592db22188','2021-03-16 22:33:45',38,541,29,263,0),(1392,'unavailable','6a255a592db22188','2021-03-17 08:58:12',38,542,31,263,0),(1393,'unavailable','6a255a592db22188','2021-03-17 08:58:54',38,543,2,263,0),(1394,'unavailable','6a255a592db22188','2021-03-17 09:09:16',38,543,2,263,0),(1395,'unavailable','6a255a592db22188','2021-03-17 09:13:39',38,538,31,263,0),(1396,'unavailable','6a255a592db22188','2021-03-17 09:20:06',38,543,2,263,0),(1397,'unavailable','6a255a592db22188','2021-03-17 09:22:11',38,543,2,263,0),(1398,'unavailable','6a255a592db22188','2021-03-17 09:22:50',38,543,2,263,0),(1399,'unavailable','6a255a592db22188','2021-03-17 16:22:09',38,544,31,263,0),(1400,'unavailable','6a255a592db22188','2021-03-18 10:55:24',38,545,31,263,0),(1401,'unavailable','6a255a592db22188','2021-03-18 10:56:06',38,545,31,263,0),(1402,'unavailable','6a255a592db22188','2021-03-18 13:47:09',2,449,2,263,0),(1403,'unavailable','6a255a592db22188','2021-03-19 10:58:44',2,449,2,263,0),(1404,'unavailable','6a255a592db22188','2021-03-19 11:09:18',38,546,31,263,0),(1405,'unavailable','6a255a592db22188','2021-03-19 11:09:44',38,547,2,263,0),(1406,'unavailable','6a255a592db22188','2021-03-19 15:18:32',38,548,31,263,0),(1407,'unavailable','6a255a592db22188','2021-03-19 15:33:53',38,549,31,263,0),(1408,'unavailable','6a255a592db22188','2021-03-19 15:58:41',38,550,2,263,0),(1409,'unavailable','6a255a592db22188','2021-03-19 16:03:43',38,550,2,263,0),(1410,'unavailable','6a255a592db22188','2021-03-19 16:04:51',38,550,2,263,0),(1411,'unavailable','6a255a592db22188','2021-03-19 16:05:19',38,550,2,263,0),(1412,'unavailable','6a255a592db22188','2021-03-19 18:47:10',38,546,2,263,0),(1413,'unavailable','6a255a592db22188','2021-03-20 23:03:23',38,551,29,263,0),(1414,'unavailable','6a255a592db22188','2021-03-21 02:48:32',38,552,31,263,0),(1415,'unavailable','6a255a592db22188','2021-03-22 03:10:12',2,449,2,263,0),(1416,'unavailable','6a255a592db22188','2021-03-22 17:51:17',38,553,31,263,0),(1417,'unavailable','6a255a592db22188','2021-03-23 00:24:59',2,449,2,263,0),(1418,'unavailable','6a255a592db22188','2021-03-23 17:25:38',2,554,2,263,0),(1419,'unavailable','6a255a592db22188','2021-03-24 15:30:20',38,555,31,263,0),(1420,'unavailable','6a255a592db22188','2021-03-25 20:18:10',38,556,31,263,0),(1421,'unavailable','6a255a592db22188','2021-03-25 20:18:35',38,528,31,263,0),(1422,'unavailable','6a255a592db22188','2021-03-25 20:19:54',38,528,31,263,0),(1423,'unavailable','6a255a592db22188','2021-03-25 20:25:34',38,528,31,263,0),(1424,'unavailable','6a255a592db22188','2021-03-25 21:01:55',38,557,29,263,0),(1425,'unavailable','6a255a592db22188','2021-03-25 23:41:39',38,558,31,263,0),(1426,'unavailable','6a255a592db22188','2021-03-27 08:15:30',2,449,2,263,0),(1427,'unavailable','6a255a592db22188','2021-03-27 12:39:31',38,559,29,263,0),(1428,'unavailable','6a255a592db22188','2021-03-27 14:20:59',38,560,31,263,0),(1429,'unavailable','6a255a592db22188','2021-03-27 14:33:15',38,560,31,263,0),(1430,'unavailable','6a255a592db22188','2021-03-27 20:23:52',38,560,31,263,0),(1431,'unavailable','6a255a592db22188','2021-03-28 19:22:00',38,561,31,263,0),(1432,'unavailable','6a255a592db22188','2021-03-28 19:27:14',38,561,31,263,0),(1433,'unavailable','6a255a592db22188','2021-03-29 20:58:57',38,562,31,263,0),(1434,'unavailable','6a255a592db22188','2021-03-29 23:40:53',2,449,2,263,0),(1435,'unavailable','6a255a592db22188','2021-03-30 00:32:00',38,563,31,263,0),(1436,'unavailable','6a255a592db22188','2021-03-30 09:41:42',38,564,29,263,0),(1437,'unavailable','6a255a592db22188','2021-03-30 10:37:03',38,564,29,263,0),(1438,'unavailable','6a255a592db22188','2021-03-30 11:00:19',38,362,30,263,0),(1439,'unavailable','6a255a592db22188','2021-03-30 11:04:29',38,362,2,263,0),(1440,'unavailable','6a255a592db22188','2021-03-30 12:25:44',38,565,31,263,0),(1441,'unavailable','6a255a592db22188','2021-03-30 12:26:41',108,565,31,263,0),(1442,'unavailable','6a255a592db22188','2021-03-30 12:28:24',106,565,31,263,0),(1443,'unavailable','6a255a592db22188','2021-03-30 12:28:48',106,565,31,263,0),(1444,'unavailable','6a255a592db22188','2021-03-30 20:08:46',2,449,2,263,0),(1445,'unavailable','6a255a592db22188','2021-03-31 12:08:29',38,566,31,263,0),(1446,'unavailable','6a255a592db22188','2021-03-31 15:57:59',38,566,2,263,0),(1447,'unavailable','6a255a592db22188','2021-03-31 17:23:19',2,449,2,263,0),(1448,'unavailable','6a255a592db22188','2021-03-31 19:33:59',38,567,31,263,0),(1449,'unavailable','6a255a592db22188','2021-04-01 13:39:41',2,449,2,263,0),(1450,'unavailable','6a255a592db22188','2021-04-03 07:15:13',2,449,2,263,0),(1451,'unavailable','6a255a592db22188','2021-04-05 22:20:16',2,449,2,263,0),(1452,'unavailable','6a255a592db22188','2021-04-06 18:54:14',2,449,2,263,0),(1453,'unavailable','6a255a592db22188','2021-04-07 12:23:27',38,568,31,263,0);

--
-- Table structure for table `kbm_8_Counterize_Countries`
--

CREATE TABLE `kbm_8_Counterize_Countries` (
  `countryID` int(11) NOT NULL AUTO_INCREMENT,
  `code` varchar(16) NOT NULL,
  `count` int(11) NOT NULL DEFAULT '1',
  PRIMARY KEY (`countryID`),
  UNIQUE KEY `code` (`code`),
  KEY `count` (`count`)
) ENGINE=InnoDB AUTO_INCREMENT=266 DEFAULT CHARSET=latin1;

--
-- Dumping data for table `kbm_8_Counterize_Countries`
--

INSERT INTO `kbm_8_Counterize_Countries` VALUES (1,'AC',0),(2,'AD',0),(3,'AE',0),(4,'AF',0),(5,'AG',0),(6,'AI',0),(7,'AL',0),(8,'AM',0),(9,'AN',0),(10,'AO',0),(11,'AQ',0),(12,'AR',0),(13,'AS',0),(14,'AT',0),(15,'AU',1),(16,'AW',0),(17,'AX',0),(18,'AZ',0),(19,'BA',0),(20,'BB',0),(21,'BD',0),(22,'BE',0),(23,'BF',0),(24,'BG',0),(25,'BH',0),(26,'BI',0),(27,'BJ',0),(28,'BL',0),(29,'BM',0),(30,'BN',0),(31,'BO',0),(32,'BQ',0),(33,'BR',0),(34,'BS',0),(35,'BT',0),(36,'BV',0),(37,'BW',0),(38,'BY',0),(39,'BZ',0),(40,'CA',0),(41,'CD',0),(42,'CF',0),(43,'CG',0),(44,'CH',0),(45,'CI',0),(46,'CK',0),(47,'CL',0),(48,'CM',0),(49,'CN',30),(50,'CO',0),(51,'CP',0),(52,'CR',0),(53,'CS',0),(54,'CU',0),(55,'CV',0),(56,'CW',0),(57,'CX',0),(58,'CY',0),(59,'CZ',0),(60,'DE',0),(61,'DG',0),(62,'DJ',0),(63,'DK',0),(64,'DM',0),(65,'DO',0),(66,'DZ',0),(67,'EA',0),(68,'EC',0),(69,'EE',0),(70,'EH',0),(71,'EG',0),(72,'ER',0),(73,'ES',0),(74,'ET',0),(75,'EU',0),(76,'FI',0),(77,'FJ',0),(78,'FK',0),(79,'FM',0),(80,'FO',0),(81,'FR',0),(82,'GA',0),(83,'GB',0),(84,'GD',0),(85,'GE',0),(86,'GF',0),(87,'GG',0),(88,'GH',0),(89,'GI',0),(90,'GL',0),(91,'GM',0),(92,'GN',0),(93,'GP',0),(94,'GQ',0),(95,'GR',0),(96,'GS',0),(97,'GT',0),(98,'GU',0),(99,'GW',0),(100,'GY',0),(101,'HK',0),(102,'HM',0),(103,'HN',0),(104,'HR',0),(105,'HT',0),(106,'HU',0),(107,'IC',0),(108,'ID',22),(109,'IE',0),(110,'IL',0),(111,'IM',0),(112,'IN',0),(113,'IO',0),(114,'IQ',0),(115,'IR',0),(116,'IS',0),(117,'IT',0),(118,'JE',0),(119,'JM',0),(120,'JO',0),(121,'JP',0),(122,'KE',0),(123,'KG',0),(124,'KH',0),(125,'KI',0),(126,'KM',0),(127,'KN',0),(128,'KP',0),(129,'KR',0),(130,'KW',0),(131,'KY',0),(132,'KZ',0),(133,'LA',0),(134,'LB',0),(135,'LC',0),(136,'LI',0),(137,'LK',0),(138,'LR',0),(139,'LS',0),(140,'LT',0),(141,'LU',0),(142,'LV',0),(143,'LY',0),(144,'MA',0),(145,'MC',0),(146,'MD',0),(147,'ME',0),(148,'MF',0),(149,'MG',0),(150,'MH',0),(151,'MK',0),(152,'ML',0),(153,'MM',0),(154,'MN',0),(155,'MO',0),(156,'MP',0),(157,'MQ',0),(158,'MR',0),(159,'MS',0),(160,'MT',0),(161,'MU',0),(162,'MV',0),(163,'MW',0),(164,'MX',0),(165,'MY',0),(166,'MZ',0),(167,'NA',0),(168,'NC',0),(169,'NE',0),(170,'NF',0),(171,'NG',0),(172,'NI',0),(173,'NL',0),(174,'NO',0),(175,'NP',0),(176,'NR',0),(177,'NU',0),(178,'NZ',0),(179,'OM',0),(180,'PA',0),(181,'PE',0),(182,'PF',0),(183,'PG',0),(184,'PH',0),(185,'PK',0),(186,'PL',0),(187,'PM',0),(188,'PN',0),(189,'PR',0),(190,'PS',0),(191,'PT',0),(192,'PW',0),(193,'PY',0),(194,'QA',0),(195,'RE',0),(196,'RO',0),(197,'RS',0),(198,'RU',2),(199,'RW',0),(200,'SA',0),(201,'SB',0),(202,'SC',0),(203,'SD',0),(204,'SE',0),(205,'SG',0),(206,'SH',0),(207,'SI',0),(208,'SJ',0),(209,'SK',0),(210,'SL',0),(211,'SM',0),(212,'SN',0),(213,'SO',0),(214,'SR',0),(215,'SS',0),(216,'ST',0),(217,'SV',0),(218,'SX',0),(219,'SY',0),(220,'SZ',0),(221,'TA',0),(222,'TC',0),(223,'TD',0),(224,'TF',0),(225,'TG',0),(226,'TH',0),(227,'TJ',0),(228,'TK',0),(229,'TL',0),(230,'TM',0),(231,'TN',0),(232,'TO',0),(233,'TP',0),(234,'TR',0),(235,'TT',0),(236,'TV',0),(237,'TW',1),(238,'TZ',0),(239,'UA',0),(240,'UG',0),(241,'UM',0),(242,'US',56),(243,'UY',0),(244,'UZ',0),(245,'VA',0),(246,'VC',0),(247,'VE',0),(248,'VG',0),(249,'VI',0),(250,'VN',0),(251,'VU',0),(252,'WF',0),(253,'WG',0),(254,'WL',0),(255,'WS',0),(256,'WV',0),(257,'YE',0),(258,'YT',0),(259,'ZA',0),(260,'ZM',0),(261,'ZR',0),(262,'ZW',0),(263,'ZZ',1331),(264,'00',0),(265,'unknown',10);

--
-- Table structure for table `kbm_8_Counterize_Keywords`
--

CREATE TABLE `kbm_8_Counterize_Keywords` (
  `keywordID` int(11) NOT NULL AUTO_INCREMENT,
  `keyword` varchar(255) NOT NULL,
  `count` int(11) NOT NULL DEFAULT '1',
  PRIMARY KEY (`keywordID`),
  UNIQUE KEY `keyword` (`keyword`),
  KEY `count` (`count`)
) ENGINE=InnoDB AUTO_INCREMENT=4 DEFAULT CHARSET=latin1;

--
-- Dumping data for table `kbm_8_Counterize_Keywords`
--

INSERT INTO `kbm_8_Counterize_Keywords` VALUES (1,'',1451),(2,'2qh',1),(3,'visi dan misi untuk menjadi pengurus osis di bidang kerohanian kristen protestan',1);

--
-- Table structure for table `kbm_8_Counterize_Outlinks`
--

CREATE TABLE `kbm_8_Counterize_Outlinks` (
  `outlinkID` int(11) unsigned NOT NULL AUTO_INCREMENT,
  `count` int(11) unsigned NOT NULL DEFAULT '0',
  `url` varchar(255) NOT NULL,
  PRIMARY KEY (`outlinkID`),
  UNIQUE KEY `url` (`url`),
  KEY `count` (`count`)
) ENGINE=InnoDB DEFAULT CHARSET=latin1;

--
-- Dumping data for table `kbm_8_Counterize_Outlinks`
--


--
-- Table structure for table `kbm_8_Counterize_Pages`
--

CREATE TABLE `kbm_8_Counterize_Pages` (
  `pageID` int(11) NOT NULL AUTO_INCREMENT,
  `url` varchar(255) NOT NULL,
  `count` int(11) NOT NULL DEFAULT '1',
  `postID` bigint(20) DEFAULT NULL,
  PRIMARY KEY (`pageID`),
  UNIQUE KEY `url` (`url`),
  KEY `count` (`count`),
  KEY `postID` (`postID`)
) ENGINE=InnoDB AUTO_INCREMENT=128 DEFAULT CHARSET=latin1;

--
-- Dumping data for table `kbm_8_Counterize_Pages`
--

INSERT INTO `kbm_8_Counterize_Pages` VALUES (1,'/ukmkp/?customize_changeset_uuid=c79249cc-5b12-4acc-8a13-dcbd7a76e5f8&customize_theme=twentyseventeen&customize_messenger_channel=preview-0',1,0),(2,'/ukmkp/',172,0),(3,'/ukmkp/2018/04/',1,0),(4,'/ukmkp/?customize_changeset_uuid=183fe872-7c69-4c0a-8a7b-f2237e36f234&customize_theme=twentyseventeen&customize_messenger_channel=preview-0',1,0),(5,'/ukmkp/?customize_changeset_uuid=ac537f38-d3fd-4db9-bf68-4ccb917b06df&customize_theme=twentyseventeen&customize_messenger_channel=preview-0',1,0),(6,'/ukmkp/?customize_changeset_uuid=a613636d-0744-496c-9cb5-a9dde31e5681&customize_theme=twentyseventeen&customize_messenger_channel=preview-0',1,0),(7,'/ukmkp/?customize_changeset_uuid=9f49fff1-f589-47b3-8584-3d4e078bedd9&customize_theme=twentyseventeen&customize_messenger_channel=preview-0',1,0),(8,'/ukmkp/?customize_changeset_uuid=9f49fff1-f589-47b3-8584-3d4e078bedd9&customize_theme=twentyseventeen&customize_messenger_channel=preview-1&customize_autosaved=on',1,0),(9,'/ukmkp/?customize_changeset_uuid=9f49fff1-f589-47b3-8584-3d4e078bedd9&customize_theme=twentyseventeen&customize_messenger_channel=preview-2&customize_autosaved=on',1,0),(10,'/ukmkp/?page_id=13&customize_changeset_uuid=9f49fff1-f589-47b3-8584-3d4e078bedd9&customize_theme=twentyseventeen&customize_messenger_channel=preview-3&customize_autosaved=on',1,13),(11,'/ukmkp/?page_id=12&customize_changeset_uuid=9f49fff1-f589-47b3-8584-3d4e078bedd9&customize_theme=twentyseventeen&customize_messenger_channel=preview-4&customize_autosaved=on',1,12),(12,'/ukmkp/?page_id=13&customize_changeset_uuid=9f49fff1-f589-47b3-8584-3d4e078bedd9&customize_theme=twentyseventeen&customize_messenger_channel=preview-5&customize_autosaved=on',1,13),(13,'/ukmkp/?page_id=12&customize_changeset_uuid=9f49fff1-f589-47b3-8584-3d4e078bedd9&customize_theme=twentyseventeen&customize_messenger_channel=preview-6&customize_autosaved=on',1,12),(14,'/ukmkp/?customize_changeset_uuid=2758d2fc-b00e-4241-b2ce-74e3bef4fc47&customize_theme=twentyseventeen&customize_messenger_channel=preview-0',1,0),(15,'/ukmkp/galeri/',2,13),(16,'/ukmkp/?customize_changeset_uuid=bc380085-280d-4282-8f9b-6a810e7127de&customize_theme=twentyseventeen&customize_messenger_channel=preview-0',1,0),(17,'/ukmkp/?customize_changeset_uuid=d52151b5-7243-454a-9865-a6087bdffea1&customize_theme=twentyseventeen&customize_messenger_channel=preview-0',1,0),(18,'/ukmkp/?customize_changeset_uuid=573b4e13-d58d-4266-95af-675e751c2640&customize_theme=twentyseventeen&customize_messenger_channel=preview-0',1,0),(19,'/ukmkp/?customize_changeset_uuid=952c7b60-bb48-4a4e-b7f8-26b130e2f128&customize_theme=twentyseventeen&customize_messenger_channel=preview-0',1,0),(20,'/ukmkp/?customize_changeset_uuid=e0b5ad2c-151b-4f7f-bc0e-cfa7391afd2a&customize_theme=twentyseventeen&customize_messenger_channel=preview-0',1,0),(21,'/ukmkp/?customize_changeset_uuid=69874ca9-0fd3-4323-88d9-d90bba467420&customize_theme=twentyseventeen&customize_messenger_channel=preview-0',1,0),(22,'/ukmkp/?customize_changeset_uuid=071a8697-db37-474d-a131-affb7b05bdf6&customize_theme=twentyseventeen&customize_messenger_channel=preview-0',1,0),(23,'/ukmkp/?customize_changeset_uuid=071a8697-db37-474d-a131-affb7b05bdf6&customize_theme=twentyseventeen&customize_messenger_channel=preview-1&customize_autosaved=on',1,0),(24,'/ukmkp/?customize_changeset_uuid=8a99e009-62f1-4161-9a78-ac21d90bba9a&customize_theme=twentyseventeen&customize_messenger_channel=preview-0',1,0),(25,'/ukmkp/?customize_changeset_uuid=8cc6f1c2-cdf4-46e1-81fd-a3a49b8a13ea&customize_theme=twentyseventeen&customize_messenger_channel=preview-0',1,0),(26,'/ukmkp/?customize_changeset_uuid=8cc6f1c2-cdf4-46e1-81fd-a3a49b8a13ea&customize_theme=twentyseventeen&customize_messenger_channel=preview-1&customize_autosaved=on',1,0),(27,'/ukmkp/?customize_changeset_uuid=e7438175-54ae-4d62-b36d-2993418b69b8&customize_theme=twentyseventeen&customize_messenger_channel=preview-2&customize_autosaved=on',1,0),(28,'/ukmkp/?customize_changeset_uuid=e7438175-54ae-4d62-b36d-2993418b69b8&customize_theme=twentyseventeen&customize_messenger_channel=preview-3&customize_autosaved=on',1,0),(29,'/ukmkp/?customize_changeset_uuid=e7438175-54ae-4d62-b36d-2993418b69b8&customize_theme=twentyseventeen&customize_messenger_channel=preview-4&customize_autosaved=on',1,0),(30,'/ukmkp/?customize_changeset_uuid=e7438175-54ae-4d62-b36d-2993418b69b8&customize_theme=twentyseventeen&customize_messenger_channel=preview-5&customize_autosaved=on',1,0),(31,'/ukmkp/?customize_changeset_uuid=e7438175-54ae-4d62-b36d-2993418b69b8&customize_theme=twentyseventeen&customize_messenger_channel=preview-6&customize_autosaved=on',1,0),(32,'/ukmkp/?customize_changeset_uuid=e7438175-54ae-4d62-b36d-2993418b69b8&customize_theme=twentyseventeen&customize_messenger_channel=preview-7&customize_autosaved=on',1,0),(33,'/ukmkp/?customize_changeset_uuid=e7438175-54ae-4d62-b36d-2993418b69b8&customize_theme=twentyseventeen&customize_messenger_channel=preview-8&customize_autosaved=on',1,0),(34,'/ukmkp/?customize_changeset_uuid=e7438175-54ae-4d62-b36d-2993418b69b8&customize_theme=twentyseventeen&customize_messenger_channel=preview-9&customize_autosaved=on',1,0),(35,'/ukmkp/?customize_changeset_uuid=e7438175-54ae-4d62-b36d-2993418b69b8&customize_theme=twentyseventeen&customize_messenger_channel=preview-10&customize_autosaved=on',1,0),(36,'/ukmkp/?customize_changeset_uuid=129a374d-7024-4813-ad5f-7f324e346905&customize_theme=twentyseventeen&customize_messenger_channel=preview-0',1,0),(37,'/ukmkp/?customize_changeset_uuid=8ce3b837-1c77-4dd5-8599-bfe510199efa&customize_theme=twentyseventeen&customize_messenger_channel=preview-0',1,0),(38,'/ukmkp/2018/05/21/visi-misi/',1013,39),(39,'/ukmkp/2018/05/21/galeri/',39,37),(40,'/ukmkp/?customize_changeset_uuid=f05e2598-46a5-46a7-a5f4-398064bbee78&customize_theme=twentyseventeen&customize_messenger_channel=preview-0',1,0),(41,'/ukmkp/?customize_changeset_uuid=de5eea57-c274-4776-9640-e6b69f31d90c&customize_theme=twentyseventeen&customize_messenger_channel=preview-0',1,0),(42,'/ukmkp/?customize_changeset_uuid=c01b9415-f275-45ae-ba6b-b6719ca97d77&customize_theme=twentyseventeen&customize_messenger_channel=preview-0',1,0),(43,'/ukmkp/2018/05/21/galeri-2/?customize_changeset_uuid=c01b9415-f275-45ae-ba6b-b6719ca97d77&customize_theme=twentyseventeen&customize_messenger_channel=preview-1',1,56),(44,'/ukmkp/?customize_changeset_uuid=1b39bec0-68fa-48dc-980a-c48b0ae81d78&customize_theme=twentyseventeen&customize_messenger_channel=preview-0',1,0),(45,'/ukmkp/tag/ukm-kp/',6,0),(46,'/ukmkp/tag/visi-misi-ukm-kp/',13,0),(47,'/ukmkp/author/ukmkristenprotestan/',24,0),(48,'/ukmkp/?author=1',1,0),(49,'/ukmkp/author/admin',1,0),(50,'/ukmkp/category/profil/',11,0),(51,'/ukmkp/tag/musyawarah-tahunan/',5,0),(52,'/ukmkp/profil/',15,12),(53,'/ukmkp/2018/05/',11,0),(54,'/ukmkp/profil/2121121121212.1',1,0),(55,'/ukmkp/2018/05/21/visi-misi/ and 1%3D1',1,0),(56,'/ukmkp/2018/05/999999.1 union select unhex(hex(version())) -- and 1%3D1',1,0),(57,'/ukmkp/comments/feed/999999.1 union select unhex(hex(version())) -- and 1%3D1',1,0),(58,'/ukmkp/profil/ and 1%3E1',1,0),(59,'/ukmkp/wp-login.php2121121121212.1',1,0),(60,'/ukmkp/2018/05/21/visi-misi/ and 1%3E1',1,0),(61,'/ukmkp/category/profil/2121121121212.1',1,0),(62,'/ukmkp/2018/05/99999%27 union select unhex(hex(version())) -- %27x%27=%27x',1,0),(63,'/ukmkp/comments/feed/99999%27 union select unhex(hex(version())) -- %27x%27=%27x',1,0),(64,'/ukmkp/profil/%27 and %27x%27%3D%27x',1,0),(65,'/ukmkp/2018/05/21/visi-misi/%27 and %27x%27%3D%27x',1,0),(66,'/ukmkp/wp-login.php and 1%3D1',1,0),(67,'/ukmkp/category/profil/ and 1%3E1',1,0),(68,'/ukmkp/2018/05/99999%22 union select unhex(hex(version())) -- %22x%22=%22x',1,0),(69,'/ukmkp/comments/feed/99999%22 union select unhex(hex(version())) -- %22x%22=%22x',1,0),(70,'/ukmkp/profil/\\\" and \\\"x\\\"%3D\\\"x',1,0),(71,'/ukmkp/2018/05/21/visi-misi/%27 and %27x%27%3D%27y',1,0),(72,'/ukmkp/wp-login.php and 1%3E1',1,0),(73,'/ukmkp/category/profil/%27 and %27x%27%3D%27y',1,0),(74,'/ukmkp/2018/05/ or (1,2)=(select*from(select name_const(CHAR(101,78,108,110,99,115,105,84,80),1),name_const(CHAR(101,78,108,110,99,115,105,84,80),1))a) -- and 1%3D1',1,0),(75,'/ukmkp/comments/feed/%27 or (1,2)=(select*from(select name_const(CHAR(105,116,112,82,79,117,117,118,98,105,100,107),1),name_const(CHAR(105,116,112,82,79,117,117,118,98,105,100,107),1))a) -- %27x%27=%27x',1,0),(76,'/ukmkp/profil/%22 and %22x%22%3D%22y',1,0),(77,'/ukmkp/2018/05/21/visi-misi/\\\" and \\\"x\\\"%3D\\\"x',1,0),(78,'/ukmkp/wp-login.php\\\" and \\\"x\\\"%3D\\\"x',1,0),(79,'/ukmkp/category/profil/%22 and %22x%22%3D%22y',1,0),(80,'/ukmkp/2018/05/%27 or (1,2)=(select*from(select name_const(CHAR(101,78,108,110,99,115,105,84,80),1),name_const(CHAR(101,78,108,110,99,115,105,84,80),1))a) -- %27x%27=%27x',1,0),(81,'/ukmkp/comments/feed/%22 or (1,2)=(select*from(select name_const(CHAR(105,116,112,82,79,117,117,118,98,105,100,107),1),name_const(CHAR(105,116,112,82,79,117,117,118,98,105,100,107),1))a) -- %22x%22=%22x',1,0),(82,'/ukmkp/profil/999999.1 union select unhex(hex(version())) -- and 1%3D1',1,0),(83,'/ukmkp/2018/05/21/visi-misi/%22 and %22x%22%3D%22y',1,0),(84,'/ukmkp/wp-login.php%22 and %22x%22%3D%22y',1,0),(85,'/ukmkp/category/profil/999999.1 union select unhex(hex(version())) -- and 1%3D1',1,0),(86,'/ukmkp/2018/05/%22 or (1,2)=(select*from(select name_const(CHAR(101,78,108,110,99,115,105,84,80),1),name_const(CHAR(101,78,108,110,99,115,105,84,80),1))a) -- %22x%22=%22x',1,0),(87,'/ukmkp/profil/99999%27 union select unhex(hex(version())) -- %27x%27=%27x',1,0),(88,'/ukmkp/2018/05/21/visi-misi/999999.1 union select unhex(hex(version())) -- and 1%3D1',1,0),(89,'/ukmkp/wp-login.php999999.1 union select unhex(hex(version())) -- and 1%3D1',1,0),(90,'/ukmkp/category/profil/99999%27 union select unhex(hex(version())) -- %27x%27=%27x',1,0),(91,'/ukmkp/profil/99999%22 union select unhex(hex(version())) -- %22x%22=%22x',1,0),(92,'/ukmkp/2018/05/21/visi-misi/99999%22 union select unhex(hex(version())) -- %22x%22=%22x',1,0),(93,'/ukmkp/wp-login.php99999%27 union select unhex(hex(version())) -- %27x%27=%27x',1,0),(94,'/ukmkp/category/profil/ or (1,2)=(select*from(select name_const(CHAR(101,103,97,85,78,82,71,82,70,68,98,66),1),name_const(CHAR(101,103,97,85,78,82,71,82,70,68,98,66),1))a) -- and 1%3D1',1,0),(95,'/ukmkp/profil/ or (1,2)=(select*from(select name_const(CHAR(85,75,99,90,99,71,116,80,75,114,72),1),name_const(CHAR(85,75,99,90,99,71,116,80,75,114,72),1))a) -- and 1%3D1',1,0),(96,'/ukmkp/2018/05/21/visi-misi/%27 or (1,2)=(select*from(select name_const(CHAR(121,69,79,81,112,108,73,76,107,119,70,117),1),name_const(CHAR(121,69,79,81,112,108,73,76,107,119,70,117),1))a) -- %27x%27=%27x',1,0),(97,'/ukmkp/wp-login.php99999%22 union select unhex(hex(version())) -- %22x%22=%22x',1,0),(98,'/ukmkp/category/profil/%27 or (1,2)=(select*from(select name_const(CHAR(101,103,97,85,78,82,71,82,70,68,98,66),1),name_const(CHAR(101,103,97,85,78,82,71,82,70,68,98,66),1))a) -- %27x%27=%27x',1,0),(99,'/ukmkp/profil/%27 or (1,2)=(select*from(select name_const(CHAR(85,75,99,90,99,71,116,80,75,114,72),1),name_const(CHAR(85,75,99,90,99,71,116,80,75,114,72),1))a) -- %27x%27=%27x',1,0),(100,'/ukmkp/2018/05/21/visi-misi/%22 or (1,2)=(select*from(select name_const(CHAR(121,69,79,81,112,108,73,76,107,119,70,117),1),name_const(CHAR(121,69,79,81,112,108,73,76,107,119,70,117),1))a) -- %22x%22=%22x',1,0),(101,'/ukmkp/wp-login.php or (1,2)=(select*from(select name_const(CHAR(84,120,119,87,82,112,78,109,116,86),1),name_const(CHAR(84,120,119,87,82,112,78,109,116,86),1))a) -- and 1%3D1',1,0),(102,'/ukmkp/profil/%22 or (1,2)=(select*from(select name_const(CHAR(85,75,99,90,99,71,116,80,75,114,72),1),name_const(CHAR(85,75,99,90,99,71,116,80,75,114,72),1))a) -- %22x%22=%22x',1,0),(103,'/ukmkp/wp-login.php%27 or (1,2)=(select*from(select name_const(CHAR(84,120,119,87,82,112,78,109,116,86),1),name_const(CHAR(84,120,119,87,82,112,78,109,116,86),1))a) -- %27x%27=%27x',1,0),(104,'/ukmkp/wp-login.php%22 or (1,2)=(select*from(select name_const(CHAR(84,120,119,87,82,112,78,109,116,86),1),name_const(CHAR(84,120,119,87,82,112,78,109,116,86),1))a) -- %22x%22=%22x',1,0),(105,'/ukmkp/%23content',1,0),(106,'/ukmkp/tag/visi/',10,0),(107,'/ukmkp/tag/visimisi/',8,0),(108,'/ukmkp/tag/misi/',8,0),(109,'/ukmkp/a,c.defer=c.type=',1,0),(110,'/ukmkp/2018/05/21/visi-misi/a,c.defer=c.type=',1,0),(111,'/ukmkp/profil/a,c.defer=c.type=',1,0),(112,'/ukmkp/category/profil/a,c.defer=c.type=',1,0),(113,'/ukmkp/2018/05/21/galeri/a,c.defer=c.type=',1,0),(114,'/ukmkp/2018/05/a,c.defer=c.type=',1,0),(115,'/ukmkp/tag/foto-ukm-kp/',2,0),(116,'/ukmkp/tag/perayaan-hari-natal-ukm-kp-2017/',2,0),(117,'/ukmkp/tag/ukm-kp-stpmd-apmd/',2,0),(118,'/ukmkp/author/ukmkristenprotestan/a,c.defer=c.type=',1,0),(119,'/ukmkp/tag/visimisi/a,c.defer=c.type=',1,0),(120,'/ukmkp/tag/visi/a,c.defer=c.type=',1,0),(121,'/ukmkp/tag/misi/a,c.defer=c.type=',1,0),(122,'/ukmkp/tag/visi-misi-ukm-kp/a,c.defer=c.type=',1,0),(123,'/ukmkp/tag/musyawarah-tahunan/a,c.defer=c.type=',1,0),(124,'/ukmkp/tag/ukm-kp/a,c.defer=c.type=',1,0),(125,'/ukmkp/tag/foto-ukm-kp/a,c.defer=c.type=',1,0),(126,'/ukmkp/tag/perayaan-hari-natal-ukm-kp-2017/a,c.defer=c.type=',1,0),(127,'/ukmkp/tag/ukm-kp-stpmd-apmd/a,c.defer=c.type=',1,0);

--
-- Table structure for table `kbm_8_Counterize_Referers`
--

CREATE TABLE `kbm_8_Counterize_Referers` (
  `refererID` int(11) NOT NULL AUTO_INCREMENT,
  `name` varchar(255) NOT NULL,
  `count` int(11) NOT NULL DEFAULT '1',
  `keywordID` int(11) NOT NULL,
  PRIMARY KEY (`refererID`),
  UNIQUE KEY `name` (`name`),
  KEY `count` (`count`),
  KEY `keywordID` (`keywordID`)
) ENGINE=InnoDB AUTO_INCREMENT=78 DEFAULT CHARSET=latin1;

--
-- Dumping data for table `kbm_8_Counterize_Referers`
--

INSERT INTO `kbm_8_Counterize_Referers` VALUES (1,'http://kbm.apmd.ac.id/ukmkp/wp-admin/customize.php?return=%2Fukmkp%2Fwp-admin%2F',1,1),(2,'unknown',514,1),(3,'http://kbm.apmd.ac.id/?tag=logo-hmj-komap-apmd',2,1),(4,'http://kbm.apmd.ac.id/',42,1),(5,'http://kbm.apmd.ac.id/?p=409',1,1),(6,'http://kbm.apmd.ac.id/?page_id=134',3,1),(7,'http://kbm.apmd.ac.id/ukmkp/wp-admin/plugins.php',1,1),(8,'http://kbm.apmd.ac.id/ukmkp/wp-admin/customize.php?return=%2Fukmkp%2Fwp-admin%2Fnav-menus.php%3Faction%3Dedit%26menu%3D0',1,1),(9,'http://kbm.apmd.ac.id/ukmkp/wp-admin/customize.php?autofocus%5Bpanel%5D=nav_menus&return=%2Fukmkp%2Fwp-admin%2Fnav-menus.php%3Faction%3Dedit%26menu%3D0',2,1),(10,'http://kbm.apmd.ac.id/ukmkp/wp-admin/customize.php?return=%2Fukmkp%2Fwp-admin%2Fmy-sites.php',22,1),(11,'http://kbm.apmd.ac.id/ukmkp/wp-admin/my-sites.php',3,1),(12,'http://kbm.apmd.ac.id/ukmkp/',3,1),(13,'http://kbm.apmd.ac.id/ukmkp/wp-admin/customize.php?return=%2Fukmkp%2Fwp-admin%2Fpost.php%3Fpost%3D13%26action%3Dedit',2,1),(14,'http://kbm.apmd.ac.id/ukmkp/wp-admin/customize.php?return=%2Fukmkp%2Fwp-admin%2Fpost-new.php',1,1),(15,'http://kbm.apmd.ac.id/ukmkp/wp-admin/customize.php?return=%2Fukmkp%2Fwp-admin%2Fnav-menus.php',3,1),(16,'http://kbm.apmd.ac.id/ukmkp/wp-admin/post.php?post=39&action=edit',1,1),(17,'http://kbm.apmd.ac.id/ukmkp/wp-admin/customize.php?return=%2Fukmkp%2Fwp-admin%2Fpost.php%3Fpost%3D39%26action%3Dedit',1,1),(18,'http://kbm.apmd.ac.id/ukmkp/wp-admin/customize.php?return=%2Fukmkp%2Fwp-admin%2Fpost.php%3Fpost%3D37%26action%3Dedit',1,1),(19,'http://kbm.apmd.ac.id/ukmkp/2018/05/21/visi-misi/',13,1),(20,'http://kbm.apmd.ac.id/ukmkp/2018/05/21/galeri/',2,1),(21,'http://kbm.apmd.ac.id/ukmkp/wp-admin/customize.php?return=%2Fukmkp%2Fwp-admin%2Fpost.php%3Fpost%3D56%26action%3Dedit',2,1),(22,'http://kbm.apmd.ac.id/ukmkp/wp-admin/customize.php?return=%2Fukmkp%2Fwp-admin%2Fedit.php',2,1),(23,'http://kbm.apmd.ac.id/ukmkp/wp-admin/index.php',1,1),(24,'http://kbm.apmd.ac.id/ukmkp/wp-admin/customize.php?autofocus%5Bpanel%5D=nav_menus&return=%2Fukmkp%2Fwp-admin%2Fnav-menus.php',1,1),(25,'http://www.baidu.com/s?wd=2QH',1,2),(26,'http://yandex.ru/clck/jsredir?from=yandex.ru%3Bsearch%3Bweb%3B%3B&text=&etext=1797.dVFa5PCcPgbUkkgQgc-1nFXsE1aY6Ynv4w3-8qLkQ72rXe86P_iM3uV9mRXrkvYk.a1d6bd50ac21c1f44f3ba7ac1300d9ff31e62af0&uuid=&state=_BLhILn4SxNIvvL0W45KSic66uCIg23qh8iRG98qeIXmeppkgUc0YG',1,1),(27,'http://yandex.ru/clck/jsredir?from=yandex.ru%3Bsearch%3Bweb%3B%3B&text=&etext=1797.OkJAi2-kdVc5fyu_WUNPFYwG8ooz3KvLwW2Pv6nJk1wSVjnH3wu_QyUasC09vTM_.f01dc7a9cde31bf3b0e7fb70dce6358265cb9237&uuid=&state=_BLhILn4SxNIvvL0W45KSic66uCIg23qh8iRG98qeIXmeppkgUc0YL',1,1),(28,'https://www.google.co.id/',60,1),(29,'https://www.google.com/',374,1),(30,'android-app://com.google.android.googlequicksearchbox',18,1),(31,'http://www.google.com/',313,1),(32,'http://kbm.apmd.ac.id/ukmkp/category/profil/',1,1),(33,'http://www.google.com/search?safe=strict&client=ms-android-samsung&source=android-home&source=hp&ei=dNy0W421IYGDvQSa5LKQCw&ins=&q=visi+dan+misi+untuk+menjadi+pengurus+osis+di+bidang+kerohanian+kristen+protestan',1,3),(34,'https://www.google.com',9,1),(35,'http://kbm.apmd.ac.id/ukmkp/2018/05/21/visi-misi',3,1),(36,'https://www.google.co.uk/',1,1),(37,'http://ibn.adreach.co/interstitial;jsessionid=F5E57DB70C5E6F1E8046F219533E1BA5?orgUrl=http%3A%2F%2Fkbm.apmd.ac.id%2Fukmkp%2F2018%2F05%2F21%2Fvisi-misi%2F&adsTransactionId=D0268862287589227&interstitialTimeout=7&width=320&height=480&i=169979680&clickUrl=ht',1,1),(38,'http://ibn.adreach.co/interstitial;jsessionid=216B126CFC86621AA9B0CA73A042D138?orgUrl=http%3A%2F%2Fkbm.apmd.ac.id%2Fukmkp%2F2018%2F05%2F21%2Fvisi-misi%2F&adsTransactionId=D0370424642658059&interstitialTimeout=7&width=320&height=480&i=174287859&clickUrl=ht',1,1),(39,'http://kbm.apmd.ac.id/ukmkp',1,1),(40,'http://kbm.apmd.ac.id/ukmkp/?p=39',1,1),(41,'http://kbm.apmd.ac.id/ukmkp/?p=37',1,1),(42,'http://kbm.apmd.ac.id/ukmkp/?p=12',1,1),(43,'http://heliogabalus.xyz/',1,1),(44,'http://lazily.xyz/',1,1),(45,'http://untriumphed.xyz/',1,1),(46,'http://vulgarly.xyz/',1,1),(47,'http://unyieldingly.best/',1,1),(48,'http://triarchy.best/',1,1),(49,'http://pusillanimousness.best/',1,1),(50,'http://curiologic.best/',1,1),(51,'http://propenyl.best/',1,1),(52,'https://www.soalku.my.id/search?updated-max=2016-11-15T21:16:00%2B07:00&max-results=20&start=60&by-date=false\\\'',1,1),(53,'http://s2ip.apmd.ac.id/cooperation',1,1),(54,'http://ip.apmd.ac.id/wp-content/uploads/2018/02/cropped-Transparan-Baru-1024x989.png',1,1),(55,'http://stpmd.apmd.ac.id/st/wp-includes/js/jquery/ui/core.min.js?ver=1.11.4\\\'',1,1),(56,'http://pskppm.apmd.ac.id/project/',1,1),(57,'http://psda.apmd.ac.id/program-psda',1,1),(58,'http://repo.apmd.ac.id/1079/',1,1),(59,'http://kbm.apmd.ac.id/ukmk/wp-admin/load-styles.php?c=0&amp;dir=ltr&amp;load%5B%5D=dashicons,buttons,forms,l10n,login&amp;ver=4.9.13\\\'',1,1),(60,'http://kbm.apmd.ac.id/komap/wp-admin/load-styles.php?c=0&amp;dir=ltr&amp;load%5B%5D=dashicons,buttons,forms,l10n,login&amp;ver=4.9.13\\\'',1,1),(61,'http://s2ip.apmd.ac.id/home',1,1),(62,'http://kbm.apmd.ac.id/komap/category/profil/',1,1),(63,'http://s2ip.apmd.ac.id/?C=S;O=A',1,1),(64,'http://ip.apmd.ac.id/wp-content/uploads/2019/07/Wulan-Copy-300x292.png',1,1),(65,'http://repo.apmd.ac.id/view/divisions/sch=5Fdip1/',1,1),(66,'http://kbm.apmd.ac.id/psmdesa/wp-content/plugins/contact-form-7/includes/js/scripts.js?ver=5.0.1\\\'',1,1),(67,'http://str.apmd.ac.id/wp-content/uploads/2018/07/Placeholder-1.png',1,1),(68,'http://repo.apmd.ac.id/1073/',1,1),(69,'http://psda.apmd.ac.id/?p=26\\\'',1,1),(70,'http://ikom.apmd.ac.id/2017/12/teknologi-informasi-dan-komunikasi-bagi-desa-oleh-fajarini-sulistyowati/\\\'',1,1),(71,'http://kbm.apmd.ac.id/komap/profil-2/',1,1),(72,'http://kbm.apmd.ac.id/himapmd/wp-admin/load-styles.php?c=0&amp;dir=ltr&amp;load%5B%5D=dashicons,buttons,forms,l10n,login&amp;ver=4.9.13\\\'',1,1),(73,'http://ip.apmd.ac.id/wp-content/uploads/2018/08/Yakobus-Dumupa-768x820.png',1,1),(74,'android-app://com.google.android.googlequicksearchbox/',4,1),(75,'https://search.yahoo.com/',1,1),(76,'http://kbm.apmd.ac.id/ukmkp/profil/',1,1),(77,'https://www.google.nl/',1,1);

--
-- Table structure for table `kbm_8_Counterize_UserAgents`
--

CREATE TABLE `kbm_8_Counterize_UserAgents` (
  `agentID` int(11) NOT NULL AUTO_INCREMENT,
  `name` varchar(255) NOT NULL,
  `count` int(11) NOT NULL DEFAULT '1',
  `browserName` varchar(255) NOT NULL,
  `browserCode` varchar(255) NOT NULL,
  `browserVersion` varchar(255) NOT NULL,
  `browserURL` varchar(255) NOT NULL,
  `osName` varchar(255) NOT NULL,
  `osCode` varchar(255) NOT NULL,
  `osVersion` varchar(255) NOT NULL,
  `osURL` varchar(255) NOT NULL,
  PRIMARY KEY (`agentID`),
  UNIQUE KEY `name` (`name`),
  KEY `count` (`count`)
) ENGINE=InnoDB AUTO_INCREMENT=569 DEFAULT CHARSET=latin1;

--
-- Dumping data for table `kbm_8_Counterize_UserAgents`
--

INSERT INTO `kbm_8_Counterize_UserAgents` VALUES (1,'Mozilla/5.0 (Windows NT 10.0; Win64; x64; rv:60.0) Gecko/20100101 Firefox/60.0',1,'Mozilla Firefox','firefox','60.0','http://www.mozilla.com/firefox/','Windows','windows','NT','http://www.microsoft.com/windows/'),(2,'Mozilla/5.0 (Windows NT 6.1; rv:59.0) Gecko/20100101 Firefox/59.0',2,'Mozilla Firefox','firefox','59.0','http://www.mozilla.com/firefox/','Windows','windows','7','http://windows.microsoft.com/en-US/windows7/products/home'),(3,'Mozilla/5.0 (Linux; Android 7.1.2; Redmi 5A Build/N2G47H) AppleWebKit/537.36 (KHTML, like Gecko) Chrome/65.0.3325.109 Mobile Safari/537.36',2,'Chrome','chrome','65.0.3325.109','http://www.google.com/chrome/','Android','android','7.1.2','http://www.android.com/'),(4,'Mozilla/5.0 (Linux; Android 5.1.1; F1f Build/LMY47V) AppleWebKit/537.36 (KHTML, like Gecko) Chrome/50.0.2661.94 Mobile Safari/537.36 OPR/37.0.2192.105989',1,'Chrome','chrome','50.0.2661.94','http://www.google.com/chrome/','Android','android','5.1.1','http://www.android.com/'),(5,'Mozilla/5.0 (Linux; Android 4.2.1; en-us; Nexus 5 Build/JOP40D) AppleWebKit/535.19 (KHTML, like Gecko; googleweblight) Chrome/38.0.1025.166 Mobile Safari/535.19',140,'Chrome','chrome','38.0.1025.166','http://www.google.com/chrome/','Android','android','4.2.1','http://www.android.com/'),(6,'Mozilla/5.0 (Windows NT 10.0; rv:43.0) Gecko/20100101 Firefox/43.0',7,'Mozilla Firefox','firefox','43.0','http://www.mozilla.com/firefox/','Windows','windows','NT','http://www.microsoft.com/windows/'),(7,'Mozilla/5.0 (Windows NT 10.0; Win64; x64; rv:61.0) Gecko/20100101 Firefox/61.0',49,'Mozilla Firefox','firefox','61.0','http://www.mozilla.com/firefox/','Windows','windows','NT','http://www.microsoft.com/windows/'),(8,'Mozilla/5.0 (Macintosh; Intel Mac OS X 10_10_1) AppleWebKit/600.1.25 (KHTML, like Gecko) Version/8.0 Safari/600.1.25',5,'Safari','safari','8.0','http://www.apple.com/safari/','Mac OS','macos','X','http://www.apple.com/macosx/'),(9,'Mozilla/4.0 (compatible; MSIE 6.0; Windows NT 5.1)',31,'Internet Explorer','ie','6.0','http://windows.microsoft.com/en-US/internet-explorer/products/ie/home','Windows','windows','XP','http://windows.microsoft.com/en-US/windows/products/windows-xp'),(10,'Mozilla/5.0 (Windows NT 6.1; WOW64; rv:43.0) Gecko/20100101 Firefox/43.0',1,'Mozilla Firefox','firefox','43.0','http://www.mozilla.com/firefox/','Windows','windows','7 64 bit','http://windows.microsoft.com/en-US/windows7/products/home'),(11,'Mozilla/5.0 (Linux; Android 6.0.1; Redmi 4A Build/MMB29M) AppleWebKit/537.36 (KHTML, like Gecko) Chrome/66.0.3359.126 Mobile Safari/537.36',2,'Chrome','chrome','66.0.3359.126','http://www.google.com/chrome/','Android','android','6.0.1','http://www.android.com/'),(12,'Mozilla/4.0 (compatible; MSIE 8.0; Windows NT 6.1; WOW64; Trident/4.0; SLCC2; .NET CLR 2.0.50727; .NET CLR 3.5.30729; .NET CLR 3.0.30729; Media Center PC 6.0; .NET4.0C; .NET4.0E)',2,'Internet Explorer','ie','8.0','http://windows.microsoft.com/en-US/internet-explorer/products/ie/home','Windows','windows','7 64 bit','http://windows.microsoft.com/en-US/windows7/products/home'),(13,'Mozilla/5.0 (Linux; Android 5.1; A1601 Build/LMY47I) AppleWebKit/537.36 (KHTML, like Gecko) Chrome/62.0.3202.84 Mobile Safari/537.36',2,'Chrome','chrome','62.0.3202.84','http://www.google.com/chrome/','Android','android','5.1','http://www.android.com/'),(14,'Mozilla/5.0 (Windows NT 6.1) AppleWebKit/537.36 (KHTML, like Gecko) Chrome/67.0.3396.99 Safari/537.36',3,'Chrome','chrome','67.0.3396.99','http://www.google.com/chrome/','Windows','windows','7','http://windows.microsoft.com/en-US/windows7/products/home'),(15,'Mozilla/5.0 (Linux; Android 5.1; vivo Y21 Build/LMY47I) AppleWebKit/537.36 (KHTML, like Gecko) Chrome/66.0.3359.158 Mobile Safari/537.36',1,'Chrome','chrome','66.0.3359.158','http://www.google.com/chrome/','Android','android','5.1','http://www.android.com/'),(16,'Mozilla/5.0 (Linux; Android 4.4.4; D5103 Build/18.1.A.2.25) AppleWebKit/537.36 (KHTML, like Gecko) Chrome/47.0.2526.83 Mobile Safari/537.36',1,'Chrome','chrome','47.0.2526.83','http://www.google.com/chrome/','Android','android','4.4.4','http://www.android.com/'),(17,'Mozilla/5.0 (Linux; Android 6.0; M2 Build/MRA58K) AppleWebKit/537.36 (KHTML, like Gecko) Chrome/66.0.3359.158 Mobile Safari/537.36',1,'Chrome','chrome','66.0.3359.158','http://www.google.com/chrome/','Android','android','6.0','http://www.android.com/'),(18,'Mozilla/5.0 (Linux; U; Android 4.0.3; en-us; LG-L160L Build/IML74K) AppleWebkit/537.36 (KHTML, like Gecko) Version/4.0 Chrome/41.0.2272.118 Mobile Safari/537.36',2,'Chrome','chrome','41.0.2272.118','http://www.google.com/chrome/','Android','android','4.0.3','http://www.android.com/'),(19,'Mozilla/5.0 (Linux; Android 5.1; vivo Y21 Build/LMY47I) AppleWebKit/537.36 (KHTML, like Gecko) Chrome/55.0.2883.91 Mobile Safari/537.36',1,'Chrome','chrome','55.0.2883.91','http://www.google.com/chrome/','Android','android','5.1','http://www.android.com/'),(20,'Mozilla/5.0 (Linux; Android 5.1.1; A37f Build/LMY47V) AppleWebKit/537.36 (KHTML, like Gecko) Chrome/66.0.3359.158 Mobile Safari/537.36',1,'Chrome','chrome','66.0.3359.158','http://www.google.com/chrome/','Android','android','5.1.1','http://www.android.com/'),(21,'Mozilla/5.0 (Linux; Android 6.0.1; CPH1701 Build/MMB29M) AppleWebKit/537.36 (KHTML, like Gecko) Chrome/68.0.3440.91 Mobile Safari/537.36',3,'Chrome','chrome','68.0.3440.91','http://www.google.com/chrome/','Android','android','6.0.1','http://www.android.com/'),(22,'Mozilla/5.0 (Linux; Android 5.1.1; Andromax A16C3H Build/LMY47V) AppleWebKit/537.36 (KHTML, like Gecko) Chrome/67.0.3396.87 Mobile Safari/537.36',1,'Chrome','chrome','67.0.3396.87','http://www.google.com/chrome/','Android','android','5.1.1','http://www.android.com/'),(23,'Mozilla/5.0 (Linux; Android 6.0; i5C Build/MRA58K; wv) AppleWebKit/537.36 (KHTML, like Gecko) Version/4.0 Chrome/67.0.3396.87 Mobile Safari/537.36',5,'Chrome','chrome','67.0.3396.87','http://www.google.com/chrome/','Android','android','6.0','http://www.android.com/'),(24,'Mozilla/5.0 (Linux; Android 7.1.2; Redmi 5A Build/N2G47H) AppleWebKit/537.36 (KHTML, like Gecko) Chrome/67.0.3396.87 Mobile Safari/537.36',1,'Chrome','chrome','67.0.3396.87','http://www.google.com/chrome/','Android','android','7.1.2','http://www.android.com/'),(25,'Mozilla/5.0 (Windows NT 6.1; WOW64; rv:61.0) Gecko/20100101 Firefox/61.0',1,'Mozilla Firefox','firefox','61.0','http://www.mozilla.com/firefox/','Windows','windows','7 64 bit','http://windows.microsoft.com/en-US/windows7/products/home'),(26,'Mozilla/5.0 (Linux; Android 5.1.1; SM-G531H Build/LMY48B) AppleWebKit/537.36 (KHTML, like Gecko) Chrome/51.0.2704.81 Mobile Safari/537.36',1,'Chrome','chrome','51.0.2704.81','http://www.google.com/chrome/','Android','android','5.1.1','http://www.android.com/'),(27,'Mozilla/5.0 (Linux; Android 5.1.1; A37f Build/LMY47V) AppleWebKit/537.36 (KHTML, like Gecko) Chrome/68.0.3440.91 Mobile Safari/537.36',3,'Chrome','chrome','68.0.3440.91','http://www.google.com/chrome/','Android','android','5.1.1','http://www.android.com/'),(28,'Mozilla/5.0 (Windows NT 10.0; Win64; x64) AppleWebKit/537.36 (KHTML, like Gecko) Chrome/68.0.3440.106 Safari/537.36',1,'Chrome','chrome','68.0.3440.106','http://www.google.com/chrome/','Windows','windows','NT','http://www.microsoft.com/windows/'),(29,'Mozilla/5.0 (Windows NT 6.1; WOW64) AppleWebKit/537.36 (KHTML, like Gecko) Chrome/51.0.2683.0 Safari/537.36',8,'Chrome','chrome','51.0.2683.0','http://www.google.com/chrome/','Windows','windows','7 64 bit','http://windows.microsoft.com/en-US/windows7/products/home'),(30,'Mozilla/5.0 (Linux; Android 4.4.4; SM-J110G Build/KTU84P) AppleWebKit/537.36 (KHTML, like Gecko) Chrome/65.0.3325.109 Mobile Safari/537.36',1,'Chrome','chrome','65.0.3325.109','http://www.google.com/chrome/','Android','android','4.4.4','http://www.android.com/'),(31,'Mozilla/5.0 (Linux; Android 7.0; SM-J330G Build/NRD90M) AppleWebKit/537.36 (KHTML, like Gecko) Chrome/66.0.3359.158 Mobile Safari/537.36',1,'Chrome','chrome','66.0.3359.158','http://www.google.com/chrome/','Android','android','7.0','http://www.android.com/'),(32,'Mozilla/5.0 (Linux; Android 7.1.1; SM-J510FN Build/NMF26X) AppleWebKit/537.36 (KHTML, like Gecko) Chrome/68.0.3440.91 Mobile Safari/537.36',1,'Chrome','chrome','68.0.3440.91','http://www.google.com/chrome/','Android','android','7.1.1','http://www.android.com/'),(33,'Mozilla/5.0 (Linux; Android 6.0.1; SM-G532G Build/MMB29T) AppleWebKit/537.36 (KHTML, like Gecko) Chrome/55.0.2883.91 Mobile Safari/537.36',4,'Chrome','chrome','55.0.2883.91','http://www.google.com/chrome/','Android','android','6.0.1','http://www.android.com/'),(34,'Mozilla/5.0 (Linux; Android 6.0.1; CPH1701 Build/MMB29M) AppleWebKit/537.36 (KHTML, like Gecko) Chrome/65.0.3325.109 Mobile Safari/537.36',1,'Chrome','chrome','65.0.3325.109','http://www.google.com/chrome/','Android','android','6.0.1','http://www.android.com/'),(35,'Mozilla/5.0 (Linux; Android 5.1.1; SM-J105F Build/LMY47V) AppleWebKit/537.36 (KHTML, like Gecko) Chrome/69.0.3497.91 Mobile Safari/537.36',2,'Chrome','chrome','69.0.3497.91','http://www.google.com/chrome/','Android','android','5.1.1','http://www.android.com/'),(36,'Mozilla/5.0 (Linux; Android 7.1.2; Redmi 5A Build/N2G47H) AppleWebKit/537.36 (KHTML, like Gecko) Chrome/64.0.3282.137 Mobile Safari/537.36',1,'Chrome','chrome','64.0.3282.137','http://www.google.com/chrome/','Android','android','7.1.2','http://www.android.com/'),(37,'Mozilla/5.0 (Linux; Android 6.0.1; vivo 1606 Build/MMB29M) AppleWebKit/537.36 (KHTML, like Gecko) Chrome/69.0.3497.100 Mobile Safari/537.36',1,'Chrome','chrome','69.0.3497.100','http://www.google.com/chrome/','Android','android','6.0.1','http://www.android.com/'),(38,'Mozilla/5.0 (Linux; Android 7.0; SAMSUNG SM-G920S Build/NRD90M) AppleWebKit/537.36 (KHTML, like Gecko) SamsungBrowser/6.4 Chrome/56.0.2924.87 Mobile Safari/537.36',1,'Chrome','chrome','56.0.2924.87','http://www.google.com/chrome/','Android','android','7.0','http://www.android.com/'),(39,'Mozilla/5.0 (Linux; Android 7.1.2; Redmi 5 Build/N2G47H) AppleWebKit/537.36 (KHTML, like Gecko) Chrome/69.0.3497.100 Mobile Safari/537.36',1,'Chrome','chrome','69.0.3497.100','http://www.google.com/chrome/','Android','android','7.1.2','http://www.android.com/'),(40,'Mozilla/5.0 (Linux; Android 7.1.1; CPH1801 Build/NMF26F) AppleWebKit/537.36 (KHTML, like Gecko) Chrome/69.0.3497.100 Mobile Safari/537.36',2,'Chrome','chrome','69.0.3497.100','http://www.google.com/chrome/','Android','android','7.1.1','http://www.android.com/'),(41,'Mozilla/5.0 (Linux; Android 8.1.0; Redmi Note 4 Build/OPM4.171019.021.P1) AppleWebKit/537.36 (KHTML, like Gecko) Chrome/69.0.3497.86 Mobile Safari/537.36',2,'Chrome','chrome','69.0.3497.86','http://www.google.com/chrome/','Android','android','8.1.0','http://www.android.com/'),(42,'Mozilla/5.0 (Linux; U; Android 4.3; en-us; SM-N900T Build/JSS15J) AppleWebKit/534.30 (KHTML, like Gecko) Version/4.0 Mobile Safari/534.30',3,'Mobile Safari','safari','4.0','http://www.apple.com/iphone/features/safari.html','Android','android','4.3','http://www.android.com/'),(43,'Mozilla/5.0 (Linux; U; Android 4.4.2; id-id; SM-G130H Build/KOT49H) AppleWebKit/534.30 (KHTML, like Gecko) Version/4.0 Mobile Safari/534.30',1,'Mobile Safari','safari','4.0','http://www.apple.com/iphone/features/safari.html','Android','android','4.4.2','http://www.android.com/'),(44,'Mozilla/5.0 (Linux; Android 4.4.2; SM-T231 Build/KOT49H) AppleWebKit/537.36 (KHTML, like Gecko) Chrome/67.0.3396.81 Safari/537.36',1,'Chrome','chrome','67.0.3396.81','http://www.google.com/chrome/','Android','android','4.4.2','http://www.android.com/'),(45,'Mozilla/5.0 (Windows NT 6.1) AppleWebKit/537.36 (KHTML, like Gecko) Chrome/55.0.2883.87 UBrowser/7.0.185.1002 Safari/537.36',1,'Chrome','chrome','55.0.2883.87','http://www.google.com/chrome/','Windows','windows','7','http://windows.microsoft.com/en-US/windows7/products/home'),(46,'Mozilla/5.0 (Linux; Android 7.0; MITO A17 Build/NRD90M) AppleWebKit/537.36 (KHTML, like Gecko) Chrome/69.0.3497.91 Mobile Safari/537.36',1,'Chrome','chrome','69.0.3497.91','http://www.google.com/chrome/','Android','android','7.0','http://www.android.com/'),(47,'Mozilla/5.0 (Linux; Android 7.0; SM-G920F Build/NRD90M) AppleWebKit/537.36 (KHTML, like Gecko) Chrome/66.0.3359.126 Mobile Safari/537.36',1,'Chrome','chrome','66.0.3359.126','http://www.google.com/chrome/','Android','android','7.0','http://www.android.com/'),(48,'Mozilla/5.0 (Windows NT 6.1; Win64; x64) AppleWebKit/537.36 (KHTML, like Gecko) Chrome/69.0.3497.81 Safari/537.36',1,'Chrome','chrome','69.0.3497.81','http://www.google.com/chrome/','Windows','windows','7 64 bit','http://windows.microsoft.com/en-US/windows7/products/home'),(49,'Mozilla/5.0 (Linux; U; Android 7.1.1; en-US; CPH1801 Build/NMF26F) AppleWebKit/534.30 (KHTML, like Gecko) Version/4.0 UCBrowser/12.9.0.1141 (SpeedMode) U4/1.0 UCWEB/2.0 Mobile Safari/534.30',1,'Mobile Safari','safari','4.0','http://www.apple.com/iphone/features/safari.html','Android','android','7.1.1','http://www.android.com/'),(50,'Mozilla/5.0 (Linux; Android 5.0.2; SM-G530H) AppleWebKit/537.36 (KHTML, like Gecko) Chrome/70.0.3538.80 Mobile Safari/537.36',2,'Chrome','chrome','70.0.3538.80','http://www.google.com/chrome/','Android','android','5.0.2','http://www.android.com/'),(51,'Mozilla/5.0 (Linux; U; Android 5.1; en-US; A1601 Build/LMY47I) AppleWebKit/537.36 (KHTML, like Gecko) Version/4.0 Chrome/57.0.2987.108 UCBrowser/12.9.7.1153 Mobile Safari/537.36',3,'Chrome','chrome','57.0.2987.108','http://www.google.com/chrome/','Android','android','5.1','http://www.android.com/'),(52,'Mozilla/5.0 (Linux; Android 5.1.1; A37f Build/LMY47V) AppleWebKit/537.36 (KHTML, like Gecko) Chrome/43.0.2357.93 Mobile Safari/537.36',1,'Chrome','chrome','43.0.2357.93','http://www.google.com/chrome/','Android','android','5.1.1','http://www.android.com/'),(53,'Mozilla/5.0 (Linux; Android 6.0.1; SM-G906S) AppleWebKit/537.36 (KHTML, like Gecko) Chrome/70.0.3538.80 Mobile Safari/537.36',1,'Chrome','chrome','70.0.3538.80','http://www.google.com/chrome/','Android','android','6.0.1','http://www.android.com/'),(54,'Opera/9.80 (Android; Opera Mini/22.0.2254/123.51; U; id) Presto/2.12.423 Version/12.16',1,'Opera Mini','opera','12.16','http://www.opera.com/mobile/','Android','android','','http://www.android.com/'),(55,'Mozilla/5.0 (Linux; Android; 4.1.2; GT-I9100 Build/000000) AppleWebKit/537.22 (KHTML, like Gecko) Chrome/25.0.1234.12 Mobile Safari/537.22 OPR/14.0.123.123',5,'Chrome','chrome','25.0.1234.12','http://www.google.com/chrome/','Android','android','','http://www.android.com/'),(56,'Opera/9.80 (X11; Linux zvav; U; id) Presto/2.12.423 Version/12.16',5,'Opera','opera','12.16','http://www.opera.com/','Linux','linux','','http://en.wikipedia.org/wiki/Linux'),(57,'Mozilla/5.0 (Linux; Android 5.0; SM-N900 Build/LRX21V) AppleWebKit/537.36 (KHTML, like Gecko) Chrome/43.0.2357.93 Mobile Safari/537.36',2,'Chrome','chrome','43.0.2357.93','http://www.google.com/chrome/','Android','android','5.0','http://www.android.com/'),(58,'Mozilla/5.0 (Linux; Android 6.0.1; Redmi 4X Build/MMB29M) AppleWebKit/537.36 (KHTML, like Gecko) Chrome/64.0.3282.137 Mobile Safari/537.36',1,'Chrome','chrome','64.0.3282.137','http://www.google.com/chrome/','Android','android','6.0.1','http://www.android.com/'),(59,'Mozilla/5.0 (Macintosh; Intel Mac OS X 10_12_6) AppleWebKit/603.3.8 (KHTML, like Gecko) Version/10.1.2 Safari/603.3.8',1,'Safari','safari','10.1.2','http://www.apple.com/safari/','Mac OS','macos','X','http://www.apple.com/macosx/'),(60,'Mozilla/5.0 (Linux; Android 6.0; vivo 1601) AppleWebKit/537.36 (KHTML, like Gecko) Chrome/70.0.3538.80 Mobile Safari/537.36',1,'Chrome','chrome','70.0.3538.80','http://www.google.com/chrome/','Android','android','6.0','http://www.android.com/'),(61,'Mozilla/5.0 (Windows NT 10.0; Win64; x64; rv:63.0) Gecko/20100101 Firefox/63.0',1,'Mozilla Firefox','firefox','63.0','http://www.mozilla.com/firefox/','Windows','windows','NT','http://www.microsoft.com/windows/'),(62,'Mozilla/5.0 (Linux; Android 5.1; A33w Build/LMY47I; wv) AppleWebKit/537.36 (KHTML, like Gecko) Version/4.0 Chrome/70.0.3538.110 Mobile Safari/537.36',1,'Chrome','chrome','70.0.3538.110','http://www.google.com/chrome/','Android','android','5.1','http://www.android.com/'),(63,'Mozilla/5.0 (X11; Linux x86_64) AppleWebKit/537.36 (KHTML, like Gecko) Chrome/65.0.3325.181 Safari/537.36 OPR/52.0.2871.99',1,'Chrome','chrome','65.0.3325.181','http://www.google.com/chrome/','Linux','linux','64 bit','http://en.wikipedia.org/wiki/Linux'),(64,'Mozilla/5.0 (Linux; Android 5.1; HUAWEI CUN-L22) AppleWebKit/537.36 (KHTML, like Gecko) Chrome/70.0.3538.80 Mobile Safari/537.36',1,'Chrome','chrome','70.0.3538.80','http://www.google.com/chrome/','Android','android','5.1','http://www.android.com/'),(65,'Mozilla/5.0 (Windows NT 6.1; rv:54.0) Gecko/20100101 Firefox/54.0',1,'Mozilla Firefox','firefox','54.0','http://www.mozilla.com/firefox/','Windows','windows','7','http://windows.microsoft.com/en-US/windows7/products/home'),(66,'Mozilla/5.0 (Linux; Android 5.1.1; A37f Build/LMY47V) AppleWebKit/537.36 (KHTML, like Gecko) Chrome/50.0.2661.94 Mobile Safari/537.36 OPR/37.0.2192.110129',2,'Chrome','chrome','50.0.2661.94','http://www.google.com/chrome/','Android','android','5.1.1','http://www.android.com/'),(67,'Mozilla/5.0 (Windows NT 10.0; Win64; x64; rv:64.0) Gecko/20100101 Firefox/64.0',1,'Mozilla Firefox','firefox','64.0','http://www.mozilla.com/firefox/','Windows','windows','NT','http://www.microsoft.com/windows/'),(68,'Mozilla/5.0 (Windows NT 6.0; rv:34.0) Gecko/20100101 Firefox/34.0',59,'Mozilla Firefox','firefox','34.0','http://www.mozilla.com/firefox/','Windows','windows','Vista','http://windows.microsoft.com/en-US/windows-vista/products/home'),(69,'Mozilla/5.0 (Linux; U; Android 8.0.0; en-US; ASUS_X00RD Build/OPR1.170623.032) AppleWebKit/537.36 (KHTML, like Gecko) Version/4.0 Chrome/57.0.2987.108 UCBrowser/12.9.7.1173 Mobile Safari/537.36',1,'Chrome','chrome','57.0.2987.108','http://www.google.com/chrome/','Android','android','8.0.0','http://www.android.com/'),(70,'Mozilla/5.0 (Linux; Android 6.0; vivo 1609) AppleWebKit/537.36 (KHTML, like Gecko) Chrome/71.0.3578.99 Mobile Safari/537.36',1,'Chrome','chrome','71.0.3578.99','http://www.google.com/chrome/','Android','android','6.0','http://www.android.com/'),(71,'Mozilla/5.0 (Linux; Android 7.1.2; Redmi 5) AppleWebKit/537.36 (KHTML, like Gecko) Chrome/71.0.3578.99 Mobile Safari/537.36',1,'Chrome','chrome','71.0.3578.99','http://www.google.com/chrome/','Android','android','7.1.2','http://www.android.com/'),(72,'Mozilla/5.0 (Windows NT 10.0; Win64; x64) AppleWebKit/537.36 (KHTML, like Gecko) Chrome/73.0.3683.75 Safari/537.36',1,'Chrome','chrome','73.0.3683.75','http://www.google.com/chrome/','Windows','windows','NT','http://www.microsoft.com/windows/'),(73,'Mozilla/5.0 (Linux; Android 8.1.0; SM-M205G) AppleWebKit/537.36 (KHTML, like Gecko) Chrome/72.0.3626.121 Mobile Safari/537.36',1,'Chrome','chrome','72.0.3626.121','http://www.google.com/chrome/','Android','android','8.1.0','http://www.android.com/'),(74,'Mozilla/5.0 (iPhone; CPU iPhone OS 10_3_3 like Mac OS X) AppleWebKit/603.3.8 (KHTML, like Gecko) Version/10.0 Mobile/14G60 Safari/602.1',2,'iPhone','iphone','','http://www.apple.com/iphone/','iPhone OS','iphone','10_3_3','http://www.apple.com/iphone/'),(75,'Mozilla/5.0 (Linux; Android 7.1.2; Redmi 4A) AppleWebKit/537.36 (KHTML, like Gecko) Chrome/72.0.3626.121 Mobile Safari/537.36',1,'Chrome','chrome','72.0.3626.121','http://www.google.com/chrome/','Android','android','7.1.2','http://www.android.com/'),(76,'Mozilla/5.0 (Linux; Android 8.0.0; Infinix X573) AppleWebKit/537.36 (KHTML, like Gecko) Chrome/73.0.3683.90 Mobile Safari/537.36',1,'Chrome','chrome','73.0.3683.90','http://www.google.com/chrome/','Android','android','8.0.0','http://www.android.com/'),(77,'Mozilla/5.0 (Linux; Android 8.1.0; CPH1901) AppleWebKit/537.36 (KHTML, like Gecko) Chrome/71.0.3578.99 Mobile Safari/537.36',1,'Chrome','chrome','71.0.3578.99','http://www.google.com/chrome/','Android','android','8.1.0','http://www.android.com/'),(78,'Mozilla/5.0 (Windows NT 6.3; WOW64) AppleWebKit/537.36 (KHTML, like Gecko) Chrome/33.0.1750.5 Safari/537.36',1,'Chrome','chrome','33.0.1750.5','http://www.google.com/chrome/','Windows','windows','NT','http://www.microsoft.com/windows/'),(79,'Mozilla/5.0 (Linux; Android 8.1.0; CPH1819) AppleWebKit/537.36 (KHTML, like Gecko) Chrome/73.0.3683.90 Mobile Safari/537.36',1,'Chrome','chrome','73.0.3683.90','http://www.google.com/chrome/','Android','android','8.1.0','http://www.android.com/'),(80,'Mozilla/5.0 (Linux; Android 7.1.2; Redmi 4X) AppleWebKit/537.36 (KHTML, like Gecko) Chrome/74.0.3729.112 Mobile Safari/537.36',1,'Chrome','chrome','74.0.3729.112','http://www.google.com/chrome/','Android','android','7.1.2','http://www.android.com/'),(81,'Mozilla/5.0 (Linux; Android 6.0; vivo 1601 Build/MRA58K) AppleWebKit/537.36 (KHTML, like Gecko) Chrome/68.0.3440.85 Mobile Safari/537.36',1,'Chrome','chrome','68.0.3440.85','http://www.google.com/chrome/','Android','android','6.0','http://www.android.com/'),(82,'Mozilla/5.0 (Windows NT 10.0; Win64; x64) AppleWebKit/537.36 (KHTML, like Gecko) Chrome/74.0.3729.131 Safari/537.36',3,'Chrome','chrome','74.0.3729.131','http://www.google.com/chrome/','Windows','windows','NT','http://www.microsoft.com/windows/'),(83,'Mozilla/5.0 (X11; Linux x86_64) AppleWebKit/537.36 (KHTML, like Gecko) Chrome/49.0.2623.75 Safari/537.36 Google Favicon',3,'Chrome','chrome','49.0.2623.75','http://www.google.com/chrome/','Linux','linux','64 bit','http://en.wikipedia.org/wiki/Linux'),(84,'Mozilla/5.0 (Linux; Android 5.1.1; A37fw) AppleWebKit/537.36 (KHTML, like Gecko) Chrome/74.0.3729.112 Mobile Safari/537.36',1,'Chrome','chrome','74.0.3729.112','http://www.google.com/chrome/','Android','android','5.1.1','http://www.android.com/'),(85,'Mozilla/5.0 (Linux; Android 6.0.1; ASUS_X00AD Build/MMB29M) AppleWebKit/537.36 (KHTML, like Gecko) Chrome/50.0.2661.89 Mobile Safari/537.36',2,'Chrome','chrome','50.0.2661.89','http://www.google.com/chrome/','Android','android','6.0.1','http://www.android.com/'),(86,'Mozilla/5.0 (Linux; Android 6.0.1; SM-A500F) AppleWebKit/537.36 (KHTML, like Gecko) Chrome/74.0.3729.136 Mobile Safari/537.36',1,'Chrome','chrome','74.0.3729.136','http://www.google.com/chrome/','Android','android','6.0.1','http://www.android.com/'),(87,'Mozilla/5.0 (Linux; Android 7.1.2; Redmi 4X) AppleWebKit/537.36 (KHTML, like Gecko) Chrome/72.0.3626.121 Mobile Safari/537.36',1,'Chrome','chrome','72.0.3626.121','http://www.google.com/chrome/','Android','android','7.1.2','http://www.android.com/'),(88,'Mozilla/5.0 (Linux; Android 7.1.2; Redmi 5A) AppleWebKit/537.36 (KHTML, like Gecko) Chrome/74.0.3729.112 Mobile Safari/537.36',1,'Chrome','chrome','74.0.3729.112','http://www.google.com/chrome/','Android','android','7.1.2','http://www.android.com/'),(89,'Mozilla/5.0 (Linux; Android 6.0.1; MI 4W Build/MMB29M) AppleWebKit/537.36 (KHTML, like Gecko) Chrome/67.0.3396.87 Mobile Safari/537.36',1,'Chrome','chrome','67.0.3396.87','http://www.google.com/chrome/','Android','android','6.0.1','http://www.android.com/'),(90,'Mozilla/5.0 (Linux; Android 9; SM-A205F) AppleWebKit/537.36 (KHTML, like Gecko) Chrome/71.0.3578.99 Mobile Safari/537.36',1,'Chrome','chrome','71.0.3578.99','http://www.google.com/chrome/','Android','android','9','http://www.android.com/'),(91,'Mozilla/5.0 (Linux; Android 6.0.1; HUAWEI KII-L22) AppleWebKit/537.36 (KHTML, like Gecko) Chrome/74.0.3729.157 Mobile Safari/537.36',2,'Chrome','chrome','74.0.3729.157','http://www.google.com/chrome/','Android','android','6.0.1','http://www.android.com/'),(92,'Mozilla/5.0 (Macintosh; Intel Mac OS X 10_14) AppleWebKit/605.1.15 (KHTML, like Gecko) Version/12.0 Safari/605.1.15',1,'Safari','safari','12.0','http://www.apple.com/safari/','Mac OS','macos','X','http://www.apple.com/macosx/'),(93,'Mozilla/5.0 (Linux; Android 8.1.0; RMX1805) AppleWebKit/537.36 (KHTML, like Gecko) Chrome/74.0.3729.157 Mobile Safari/537.36',1,'Chrome','chrome','74.0.3729.157','http://www.google.com/chrome/','Android','android','8.1.0','http://www.android.com/'),(94,'Mozilla/5.0 (Linux; Android 5.1; vivo Y21 Build/LMY47I) AppleWebKit/537.36 (KHTML, like Gecko) Chrome/43.0.2357.93 Mobile Safari/537.36',6,'Chrome','chrome','43.0.2357.93','http://www.google.com/chrome/','Android','android','5.1','http://www.android.com/'),(95,'Mozilla/5.0 (Linux; Android 9; SM-A205F) AppleWebKit/537.36 (KHTML, like Gecko) Chrome/74.0.3729.157 Mobile Safari/537.36',1,'Chrome','chrome','74.0.3729.157','http://www.google.com/chrome/','Android','android','9','http://www.android.com/'),(96,'Mozilla/5.0 (Linux; U; Android 5.1.1; en-US; F1f Build/LMY47V) AppleWebKit/534.30 (KHTML, like Gecko) Version/4.0 UCBrowser/12.10.1.1191 (SpeedMode) U4/1.0 UCWEB/2.0 Mobile Safari/534.30',1,'Mobile Safari','safari','4.0','http://www.apple.com/iphone/features/safari.html','Android','android','5.1.1','http://www.android.com/'),(97,'Mozilla/5.0 (Linux; Android 8.1.0; vivo 1814) AppleWebKit/537.36 (KHTML, like Gecko) Chrome/75.0.3770.101 Mobile Safari/537.36',3,'Chrome','chrome','75.0.3770.101','http://www.google.com/chrome/','Android','android','8.1.0','http://www.android.com/'),(98,'Mozilla/5.0 (Linux; Android 5.1.1; A37f) AppleWebKit/537.36 (KHTML, like Gecko) Chrome/70.0.3538.80 Mobile Safari/537.36',1,'Chrome','chrome','70.0.3538.80','http://www.google.com/chrome/','Android','android','5.1.1','http://www.android.com/'),(99,'Mozilla/5.0 (Windows NT 5.1; rv:47.0) Gecko/20100101 Firefox/47.0',2,'Mozilla Firefox','firefox','47.0','http://www.mozilla.com/firefox/','Windows','windows','XP','http://windows.microsoft.com/en-US/windows/products/windows-xp'),(100,'Mozilla/5.0 (Linux; Android 7.1.1; SM-J510FN) AppleWebKit/537.36 (KHTML, like Gecko) Chrome/75.0.3770.101 Mobile Safari/537.36',1,'Chrome','chrome','75.0.3770.101','http://www.google.com/chrome/','Android','android','7.1.1','http://www.android.com/'),(101,'Mozilla/5.0 (Linux; U; Android 4.0.3; en-us; LG-L160L Build/IML74K) AppleWebkit/537.36 (KHTML, like Gecko) Version/4.0 Chrome/75.0.3770.108 Mobile Safari/537.36',1,'Chrome','chrome','75.0.3770.108','http://www.google.com/chrome/','Android','android','4.0.3','http://www.android.com/'),(102,'Mozilla/5.0 (Linux; Android 4.4.4; XT1034 Build/KXB21.14-L1.61) AppleWebKit/537.36 (KHTML, like Gecko) Chrome/59.0.3071.125 Mobile Safari/537.36 PTST/170721.190705',11,'Chrome','chrome','59.0.3071.125','http://www.google.com/chrome/','Android','android','4.4.4','http://www.android.com/'),(103,'Mozilla/5.0(Linux;U;Android 5.1.1;zh-CN;OPPO A33 Build/LMY47V) AppleWebKit/537.36(KHTML,like Gecko) Version/4.0 Chrome/40.0.2214.89 UCBrowser/11.7.0.953 Mobile Safari/537.36',6,'Chrome','chrome','40.0.2214.89','http://www.google.com/chrome/','Android','android','5.1.1','http://www.android.com/'),(104,'Mozilla/5.0(Linux;Android 5.1.1;OPPO A33 Build/LMY47V;wv) AppleWebKit/537.36(KHTML,link Gecko) Version/4.0 Chrome/43.0.2357.121 Mobile Safari/537.36 LieBaoFast/4.51.3',2,'Chrome','chrome','43.0.2357.121','http://www.google.com/chrome/','Android','android','5.1.1','http://www.android.com/'),(105,'Mozilla/5.0(Linux;Android 5.1.1;OPPO A33 Build/LMY47V;wv) AppleWebKit/537.36(KHTML,link Gecko) Version/4.0 Chrome/42.0.2311.138 Mobile Safari/537.36 Mb2345Browser/9.0',1,'Chrome','chrome','42.0.2311.138','http://www.google.com/chrome/','Android','android','5.1.1','http://www.android.com/'),(106,'Mozilla/5.0 (Linux; Android 5.1; A1601 Build/LMY47I) AppleWebKit/537.36 (KHTML, like Gecko) Chrome/50.0.2661.94 Mobile Safari/537.36 OPR/37.0.2192.112031',1,'Chrome','chrome','50.0.2661.94','http://www.google.com/chrome/','Android','android','5.1','http://www.android.com/'),(107,'Mozilla/5.0 (Linux; Android 7.1.1; CPH1723) AppleWebKit/537.36 (KHTML, like Gecko) Chrome/75.0.3770.143 Mobile Safari/537.36',1,'Chrome','chrome','75.0.3770.143','http://www.google.com/chrome/','Android','android','7.1.1','http://www.android.com/'),(108,'Mozilla/5.0 (Linux; Android 6.0.1; SAMSUNG SM-G532G Build/MMB29T) AppleWebKit/537.36 (KHTML, like Gecko) SamsungBrowser/4.2 Chrome/44.0.2403.133 Mobile Safari/537.36',5,'Chrome','chrome','44.0.2403.133','http://www.google.com/chrome/','Android','android','6.0.1','http://www.android.com/'),(109,'Mozilla/5.0 (Linux; Android 9; RMX1821) AppleWebKit/537.36 (KHTML, like Gecko) Chrome/71.0.3578.99 Mobile Safari/537.36',1,'Chrome','chrome','71.0.3578.99','http://www.google.com/chrome/','Android','android','9','http://www.android.com/'),(110,'Mozilla/5.0 (Linux; U; Android 5.1; CPH1605 Build/LMY47I; wv) AppleWebKit/537.36 (KHTML, like Gecko) Version/4.0 Chrome/69.0.3497.100 Mobile Safari/537.36 OPR/39.1.2254.136743',3,'Chrome','chrome','69.0.3497.100','http://www.google.com/chrome/','Android','android','5.1','http://www.android.com/'),(111,'Mozilla/5.0 (Linux; Android 5.1; CPH1605 Build/LMY47I; wv) AppleWebKit/537.36 (KHTML, like Gecko) Version/4.0 Chrome/69.0.3497.100 Mobile Safari/537.36',1,'Chrome','chrome','69.0.3497.100','http://www.google.com/chrome/','Android','android','5.1','http://www.android.com/'),(112,'Mozilla/5.0 (Linux; Android 4.2.2; GT-I9152) AppleWebKit/537.36 (KHTML, like Gecko) Chrome/71.0.3578.99 Mobile Safari/537.36',1,'Chrome','chrome','71.0.3578.99','http://www.google.com/chrome/','Android','android','4.2.2','http://www.android.com/'),(113,'Mozilla/5.0 (Linux; Android 8.1.0; CPH1803) AppleWebKit/537.36 (KHTML, like Gecko) Chrome/75.0.3770.143 Mobile Safari/537.36',1,'Chrome','chrome','75.0.3770.143','http://www.google.com/chrome/','Android','android','8.1.0','http://www.android.com/'),(114,'Mozilla/5.0 (Linux; Android 7.1.2; Redmi 5A) AppleWebKit/537.36 (KHTML, like Gecko) Chrome/76.0.3809.111 Mobile Safari/537.36',3,'Chrome','chrome','76.0.3809.111','http://www.google.com/chrome/','Android','android','7.1.2','http://www.android.com/'),(115,'Mozilla/5.0 (Linux; Android 8.1.0; vivo 1820 Build/O11019; wv) AppleWebKit/537.36 (KHTML, like Gecko) Chrome/62.0.3202.84 Mobile Safari/537.36 VivoBrowser/5.10.0.1',2,'Chrome','chrome','62.0.3202.84','http://www.google.com/chrome/','Android','android','8.1.0','http://www.android.com/'),(116,'Mozilla/5.0 (Linux; U; Android 6.0.1; zh-cn; OPPO R9s Build/MMB29M) AppleWebKit/537.36 (KHTML, like Gecko)Version/4.0 Chrome/37.0.0.0 MQQBrowser/7.2 Mobile Safari/537.36',1,'Chrome','chrome','37.0.0.0','http://www.google.com/chrome/','Android','android','6.0.1','http://www.android.com/'),(117,'Mozilla/5.0 (Linux; Android 9; Redmi Note 5) AppleWebKit/537.36 (KHTML, like Gecko) Chrome/76.0.3809.132 Mobile Safari/537.36',7,'Chrome','chrome','76.0.3809.132','http://www.google.com/chrome/','Android','android','9','http://www.android.com/'),(118,'Mozilla/5.0 (Linux; U; Android 7.1.2; id; Redmi_Note_5A Build/N2G47H) AppleWebKit/528.5+ (KHTML, like Gecko) Version/3.1.2 Mobile Safari/525.20.1 UCBrowser/11.1.2.1113 Mobile',1,'Mobile Safari','safari','3.1.2','http://www.apple.com/iphone/features/safari.html','Android','android','7.1.2','http://www.android.com/'),(119,'UCWEB/2.0 (MIDP-2.0; U; Adr 7.1.2; id; Redmi_Note_5A) U2/1.0.0 UCBrowser/11.1.2.1113 U2/1.0.0 Mobile',1,'J2ME/MIDP Browser','j2me','','http://en.wikipedia.org/wiki/Java_Platform,_Micro_Edition','Unknown','unknown','',''),(120,'Mozilla/5.0 (Linux; Android 5.1.1; SM-J111F) AppleWebKit/537.36 (KHTML, like Gecko) Chrome/75.0.3770.101 Mobile Safari/537.36',2,'Chrome','chrome','75.0.3770.101','http://www.google.com/chrome/','Android','android','5.1.1','http://www.android.com/'),(121,'Mozilla/5.0 (Linux; U; Android 7.1.1; en-US; CPH1717 Build/N4F26M) AppleWebKit/537.36 (KHTML, like Gecko) Version/4.0 Chrome/57.0.2987.108 UCBrowser/12.10.6.1200 Mobile Safari/537.36',1,'Chrome','chrome','57.0.2987.108','http://www.google.com/chrome/','Android','android','7.1.1','http://www.android.com/'),(122,'Mozilla/5.0 (Linux; Android 9; Redmi 7) AppleWebKit/537.36 (KHTML, like Gecko) Chrome/76.0.3809.132 Mobile Safari/537.36',2,'Chrome','chrome','76.0.3809.132','http://www.google.com/chrome/','Android','android','9','http://www.android.com/'),(123,'Mozilla/5.0 (Linux; Android 9; SM-J415F) AppleWebKit/537.36 (KHTML, like Gecko) Chrome/74.0.3729.136 Mobile Safari/537.36',1,'Chrome','chrome','74.0.3729.136','http://www.google.com/chrome/','Android','android','9','http://www.android.com/'),(124,'Mozilla/5.0 (Linux; Android 8.1.0; CPH1859) AppleWebKit/537.36 (KHTML, like Gecko) Chrome/77.0.3865.73 Mobile Safari/537.36',2,'Chrome','chrome','77.0.3865.73','http://www.google.com/chrome/','Android','android','8.1.0','http://www.android.com/'),(125,'Mozilla/5.0 (Linux; Android 8.1.0; Redmi 6A) AppleWebKit/537.36 (KHTML, like Gecko) Chrome/71.0.3578.99 Mobile Safari/537.36',3,'Chrome','chrome','71.0.3578.99','http://www.google.com/chrome/','Android','android','8.1.0','http://www.android.com/'),(126,'Mozilla/5.0 (iPhone; CPU iPhone OS 12_4_1 like Mac OS X) AppleWebKit/605.1.15 (KHTML, like Gecko) Version/12.1.2 Mobile/15E148 Safari/604.1',3,'iPhone','iphone','','http://www.apple.com/iphone/','iPhone OS','iphone','12_4_1','http://www.apple.com/iphone/'),(127,'Mozilla/5.0 (Linux; Android 9; CPH1911) AppleWebKit/537.36 (KHTML, like Gecko) Chrome/77.0.3865.73 Mobile Safari/537.36',4,'Chrome','chrome','77.0.3865.73','http://www.google.com/chrome/','Android','android','9','http://www.android.com/'),(128,'Mozilla/5.0 (Linux; Android 4.2.2; Nexus 4 Build/JDQ39) AppleWebKit/537.31 (KHTML, like Gecko) Chrome/26.0.1410.35 Mobile Safari/537.31',88,'Chrome','chrome','26.0.1410.35','http://www.google.com/chrome/','Android','android','4.2.2','http://www.android.com/'),(129,'Mozilla/5.0 (compatible; Qwantify/2.4w; +https://www.qwant.com/)/2.4w',1,'Unknown','unknown','','','Unknown','unknown','',''),(130,'Mozilla/5.0 (Linux; Android 9; SAMSUNG SM-J730G) AppleWebKit/537.36 (KHTML, like Gecko) SamsungBrowser/10.1 Chrome/71.0.3578.99 Mobile Safari/537.36',1,'Chrome','chrome','71.0.3578.99','http://www.google.com/chrome/','Android','android','9','http://www.android.com/'),(131,'Mozilla/5.0 (Windows NT 10.0; Win64; x64) AppleWebKit/537.36 (KHTML, like Gecko) Chrome/77.0.3865.90 Safari/537.36',2,'Chrome','chrome','77.0.3865.90','http://www.google.com/chrome/','Windows','windows','NT','http://www.microsoft.com/windows/'),(132,'Mozilla/5.0 (Linux; Android 8.1.0; CPH1803) AppleWebKit/537.36 (KHTML, like Gecko) Chrome/70.0.3538.110 Mobile Safari/537.36',3,'Chrome','chrome','70.0.3538.110','http://www.google.com/chrome/','Android','android','8.1.0','http://www.android.com/'),(133,'Mozilla/5.0 (Linux; Android 9; CPH1911) AppleWebKit/537.36 (KHTML, like Gecko) Chrome/77.0.3865.92 Mobile Safari/537.36',1,'Chrome','chrome','77.0.3865.92','http://www.google.com/chrome/','Android','android','9','http://www.android.com/'),(134,'Mozilla/5.0 (Linux; Android 5.1.1; A37f) AppleWebKit/537.36 (KHTML, like Gecko) Chrome/77.0.3865.92 Mobile Safari/537.36',1,'Chrome','chrome','77.0.3865.92','http://www.google.com/chrome/','Android','android','5.1.1','http://www.android.com/'),(135,'Mozilla/5.0 (Linux; Android 8.1.0; vivo 1802) AppleWebKit/537.36 (KHTML, like Gecko) Chrome/73.0.3683.90 Mobile Safari/537.36',5,'Chrome','chrome','73.0.3683.90','http://www.google.com/chrome/','Android','android','8.1.0','http://www.android.com/'),(136,'Mozilla/5.0 (Linux; Android 5.1.1; A37f Build/LMY47V) AppleWebKit/537.36 (KHTML, like Gecko) Chrome/62.0.3202.84 Mobile Safari/537.36',2,'Chrome','chrome','62.0.3202.84','http://www.google.com/chrome/','Android','android','5.1.1','http://www.android.com/'),(137,'Mozilla/5.0 (Linux; Android 8.1.0; vivo 1808 Build/O11019) AppleWebKit/537.36 (KHTML, like Gecko) Chrome/68.0.3440.91 Mobile Safari/537.36',3,'Chrome','chrome','68.0.3440.91','http://www.google.com/chrome/','Android','android','8.1.0','http://www.android.com/'),(138,'Mozilla/5.0 (Linux; Android 7.1.2; Redmi 5A) AppleWebKit/537.36 (KHTML, like Gecko) Chrome/77.0.3865.92 Mobile Safari/537.36',3,'Chrome','chrome','77.0.3865.92','http://www.google.com/chrome/','Android','android','7.1.2','http://www.android.com/'),(139,'Mozilla/5.0 (Linux; Android 5.1.1; A37f) AppleWebKit/537.36 (KHTML, like Gecko) Chrome/74.0.3729.157 Mobile Safari/537.36',1,'Chrome','chrome','74.0.3729.157','http://www.google.com/chrome/','Android','android','5.1.1','http://www.android.com/'),(140,'Mozilla/5.0 (Linux; U; Android 6.0.1; en-US; CPH1701 Build/MMB29M) AppleWebKit/534.30 (KHTML, like Gecko) Version/4.0 UCBrowser/12.13.0.1207 (SpeedMode) U4/1.0 UCWEB/2.0 Mobile Safari/534.30',1,'Mobile Safari','safari','4.0','http://www.apple.com/iphone/features/safari.html','Android','android','6.0.1','http://www.android.com/'),(141,'Mozilla/5.0 (Linux; Android 9; vivo 1901) AppleWebKit/537.36 (KHTML, like Gecko) Chrome/76.0.3809.132 Mobile Safari/537.36',5,'Chrome','chrome','76.0.3809.132','http://www.google.com/chrome/','Android','android','9','http://www.android.com/'),(142,'Mozilla/5.0 (Linux; Android 9; vivo 1723) AppleWebKit/537.36 (KHTML, like Gecko) Chrome/74.0.3729.136 Mobile Safari/537.36',1,'Chrome','chrome','74.0.3729.136','http://www.google.com/chrome/','Android','android','9','http://www.android.com/'),(143,'Mozilla/5.0 (Linux; Android 6.0.1; Redmi 4A Build/MMB29M) AppleWebKit/537.36 (KHTML, like Gecko) Chrome/50.0.2661.89 Mobile Safari/537.36',1,'Chrome','chrome','50.0.2661.89','http://www.google.com/chrome/','Android','android','6.0.1','http://www.android.com/'),(144,'Mozilla/5.0 (Linux; Android 7.1.2; Redmi 4A) AppleWebKit/537.36 (KHTML, like Gecko) Chrome/77.0.3865.92 Mobile Safari/537.36',1,'Chrome','chrome','77.0.3865.92','http://www.google.com/chrome/','Android','android','7.1.2','http://www.android.com/'),(145,'Mozilla/5.0 (Windows NT 10.0; Win64; x64) AppleWebKit/537.36 (KHTML, like Gecko) Chrome/77.0.3865.120 Safari/537.36',23,'Chrome','chrome','77.0.3865.120','http://www.google.com/chrome/','Windows','windows','NT','http://www.microsoft.com/windows/'),(146,'Mozilla/5.0 (Linux; Android 4.4.2; 1201) AppleWebKit/537.36 (KHTML, like Gecko) Chrome/77.0.3865.116 Mobile Safari/537.36',3,'Chrome','chrome','77.0.3865.116','http://www.google.com/chrome/','Android','android','4.4.2','http://www.android.com/'),(147,'Mozilla/5.0 (Linux; Android 7.1.2; Redmi 4X) AppleWebKit/537.36 (KHTML, like Gecko) Chrome/76.0.3809.111 Mobile Safari/537.36',5,'Chrome','chrome','76.0.3809.111','http://www.google.com/chrome/','Android','android','7.1.2','http://www.android.com/'),(148,'Mozilla/5.0 (Windows NT 10.0; Win64; x64; rv:70.0) Gecko/20100101 Firefox/70.0',1,'Mozilla Firefox','firefox','70.0','http://www.mozilla.com/firefox/','Windows','windows','NT','http://www.microsoft.com/windows/'),(149,'Mozilla/5.0 (Windows NT 6.1; Win64; x64) AppleWebKit/537.36 (KHTML, like Gecko) Chrome/78.0.3904.97 Safari/537.36',2,'Chrome','chrome','78.0.3904.97','http://www.google.com/chrome/','Windows','windows','7 64 bit','http://windows.microsoft.com/en-US/windows7/products/home'),(150,'Mozilla/5.0 (Linux; Android 8.1.0; CPH1901) AppleWebKit/537.36 (KHTML, like Gecko) Chrome/76.0.3809.132 Mobile Safari/537.36',1,'Chrome','chrome','76.0.3809.132','http://www.google.com/chrome/','Android','android','8.1.0','http://www.android.com/'),(151,'Mozilla/5.0 (Linux; Android 5.1; A1601) AppleWebKit/537.36 (KHTML, like Gecko) Chrome/78.0.3904.96 Mobile Safari/537.36',2,'Chrome','chrome','78.0.3904.96','http://www.google.com/chrome/','Android','android','5.1','http://www.android.com/'),(152,'Mozilla/5.0 (Linux; U; Android 4.0.3; en-us; LG-L160L Build/IML74K) AppleWebkit/537.36 (KHTML, like Gecko) Version/4.0 Chrome/78.0.3904.74 Mobile Safari/537.36',2,'Chrome','chrome','78.0.3904.74','http://www.google.com/chrome/','Android','android','4.0.3','http://www.android.com/'),(153,'Mozilla/5.0 (Linux; Android 6.0.1; ASUS_X00DDB) AppleWebKit/537.36 (KHTML, like Gecko) Chrome/78.0.3904.62 Mobile Safari/537.36',3,'Chrome','chrome','78.0.3904.62','http://www.google.com/chrome/','Android','android','6.0.1','http://www.android.com/'),(154,'Mozilla/5.0 (Linux; Android 5.1; A1601) AppleWebKit/537.36 (KHTML, like Gecko) Chrome/78.0.3904.108 Mobile Safari/537.36',2,'Chrome','chrome','78.0.3904.108','http://www.google.com/chrome/','Android','android','5.1','http://www.android.com/'),(155,'Mozilla/5.0 (Linux; Android 9; vivo 1727) AppleWebKit/537.36 (KHTML, like Gecko) Chrome/78.0.3904.96 Mobile Safari/537.36',2,'Chrome','chrome','78.0.3904.96','http://www.google.com/chrome/','Android','android','9','http://www.android.com/'),(156,'Mozilla/5.0 (Windows NT 10.0; Win64; x64) AppleWebKit/537.36 (KHTML, like Gecko) Chrome/78.0.3904.108 Safari/537.36',3,'Chrome','chrome','78.0.3904.108','http://www.google.com/chrome/','Windows','windows','NT','http://www.microsoft.com/windows/'),(157,'Mozilla/5.0 (Linux; Android 9; SAMSUNG SM-N935F) AppleWebKit/537.36 (KHTML, like Gecko) SamsungBrowser/10.1 Chrome/71.0.3578.99 Mobile Safari/537.36',2,'Chrome','chrome','71.0.3578.99','http://www.google.com/chrome/','Android','android','9','http://www.android.com/'),(158,'Mozilla/5.0 (Linux; Android 9; SM-A307GN) AppleWebKit/537.36 (KHTML, like Gecko) Chrome/78.0.3904.108 Mobile Safari/537.36',2,'Chrome','chrome','78.0.3904.108','http://www.google.com/chrome/','Android','android','9','http://www.android.com/'),(159,'Mozilla/5.0 (Linux; Android 9; Redmi Note 7) AppleWebKit/537.36 (KHTML, like Gecko) Chrome/78.0.3904.108 Mobile Safari/537.36',3,'Chrome','chrome','78.0.3904.108','http://www.google.com/chrome/','Android','android','9','http://www.android.com/'),(160,'Mozilla/5.0 (iPhone; CPU iPhone OS 12_3 like Mac OS X) AppleWebKit/605.1.15 (KHTML, like Gecko) Version/12.1.1 Mobile/15E148 Safari/604.1',1,'iPhone','iphone','','http://www.apple.com/iphone/','iPhone OS','iphone','12_3','http://www.apple.com/iphone/'),(161,'Mozilla/5.0 (Linux; U; Android 7.1.2; en-us; Redmi Note 5A Build/N2G47H) AppleWebKit/537.36 (KHTML, like Gecko) Version/4.0 Chrome/71.0.3578.141 Mobile Safari/537.36 XiaoMi/MiuiBrowser/11.0.10',1,'Chrome','chrome','71.0.3578.141','http://www.google.com/chrome/','Android','android','7.1.2','http://www.android.com/'),(162,'Mozilla/5.0 (iPhone; CPU iPhone OS 12_4_3 like Mac OS X) AppleWebKit/605.1.15 (KHTML, like Gecko) Version/12.1.2 Mobile/15E148 Safari/604.1',2,'iPhone','iphone','','http://www.apple.com/iphone/','iPhone OS','iphone','12_4_3','http://www.apple.com/iphone/'),(163,'Mozilla/5.0 (Linux; Android 9; CPH1859) AppleWebKit/537.36 (KHTML, like Gecko) Chrome/78.0.3904.108 Mobile Safari/537.36',2,'Chrome','chrome','78.0.3904.108','http://www.google.com/chrome/','Android','android','9','http://www.android.com/'),(164,'Mozilla/5.0 (Linux; Android 9; CPH1923) AppleWebKit/537.36 (KHTML, like Gecko) Chrome/78.0.3904.108 Mobile Safari/537.36',2,'Chrome','chrome','78.0.3904.108','http://www.google.com/chrome/','Android','android','9','http://www.android.com/'),(165,'Mozilla/5.0 (Windows NT 10.0; Win64; x64) AppleWebKit/537.36 (KHTML, like Gecko) Chrome/69.0.3497.100 Safari/537.36',36,'Chrome','chrome','69.0.3497.100','http://www.google.com/chrome/','Windows','windows','NT','http://www.microsoft.com/windows/'),(166,'Mozilla/5.0 (Linux; Android 8.1.0; vivo 1816 Build/O11019; wv) AppleWebKit/537.36 (KHTML, like Gecko) Chrome/62.0.3202.84 Mobile Safari/537.36 VivoBrowser/6.0.0.2',1,'Chrome','chrome','62.0.3202.84','http://www.google.com/chrome/','Android','android','8.1.0','http://www.android.com/'),(167,'Mozilla/5.0 (Linux; U; Android 4.4.4; zh-CN; Coolpad Y82-520 Build/KTU84P) AppleWebKit/534.30 (KHTML, like Gecko) Version/4.0 UCBrowser/10.9.8.738 U3/0.8.0 Mobile Safari/534.30',1,'Mobile Safari','safari','4.0','http://www.apple.com/iphone/features/safari.html','Android','android','4.4.4','http://www.android.com/'),(168,'Mozilla/5.0 (Windows NT 10.0; rv:68.0) Gecko/20100101 Firefox/68.0',9,'Mozilla Firefox','firefox','68.0','http://www.mozilla.com/firefox/','Windows','windows','NT','http://www.microsoft.com/windows/'),(169,'Mozilla/5.0 (Windows NT 6.3; Win64; x64) AppleWebKit/537.36 (KHTML, like Gecko) Chrome/78.0.3904.108 Safari/537.36',2,'Chrome','chrome','78.0.3904.108','http://www.google.com/chrome/','Windows','windows','NT','http://www.microsoft.com/windows/'),(170,'Mozilla/5.0 (Linux; Android 5.0; ASUS_Z008) AppleWebKit/537.36 (KHTML, like Gecko) Chrome/78.0.3904.62 Mobile Safari/537.36',2,'Chrome','chrome','78.0.3904.62','http://www.google.com/chrome/','Android','android','5.0','http://www.android.com/'),(171,'Mozilla/5.0 (Linux; Android 8.0.0; F8131) AppleWebKit/537.36 (KHTML, like Gecko) Chrome/76.0.3809.132 Mobile Safari/537.36',1,'Chrome','chrome','76.0.3809.132','http://www.google.com/chrome/','Android','android','8.0.0','http://www.android.com/'),(172,'Mozilla/5.0 (Linux; Android 7.1.1; CPH1729) AppleWebKit/537.36 (KHTML, like Gecko) Chrome/79.0.3945.79 Mobile Safari/537.36',2,'Chrome','chrome','79.0.3945.79','http://www.google.com/chrome/','Android','android','7.1.1','http://www.android.com/'),(173,'Mozilla/5.0 (Linux; U; Android 8.1.0; en-US; CPH1901 Build/OPM1.171019.026) AppleWebKit/534.30 (KHTML, like Gecko) Version/4.0 UCBrowser/12.13.5.1209 (SpeedMode) U4/1.0 UCWEB/2.0 Mobile Safari/534.30',1,'Mobile Safari','safari','4.0','http://www.apple.com/iphone/features/safari.html','Android','android','8.1.0','http://www.android.com/'),(174,'Mozilla/5.0 (Linux; U; Android 8.1.0; en-US; CPH1901 Build/OPM1.171019.026) AppleWebKit/537.36 (KHTML, like Gecko) Version/4.0 Chrome/57.0.2987.108 UCBrowser/12.13.5.1209 Mobile Safari/537.36',1,'Chrome','chrome','57.0.2987.108','http://www.google.com/chrome/','Android','android','8.1.0','http://www.android.com/'),(175,'Mozilla/5.0 (Linux; Android 8.1.0; vivo 1807) AppleWebKit/537.36 (KHTML, like Gecko) Chrome/72.0.3626.105 Mobile Safari/537.36',3,'Chrome','chrome','72.0.3626.105','http://www.google.com/chrome/','Android','android','8.1.0','http://www.android.com/'),(176,'Mozilla/5.0 (Linux; Android 7.1.1; SM-J250F Build/NMF26X) AppleWebKit/537.36 (KHTML, like Gecko) Chrome/64.0.3282.137 Mobile Safari/537.36',5,'Chrome','chrome','64.0.3282.137','http://www.google.com/chrome/','Android','android','7.1.1','http://www.android.com/'),(177,'Mozilla/5.0 (Linux; Android 9; SAMSUNG SM-A750GN Build/PPR1.180610.011) AppleWebKit/537.36 (KHTML, like Gecko) SamsungBrowser/9.2 Chrome/67.0.3396.87 Mobile Safari/537.36',1,'Chrome','chrome','67.0.3396.87','http://www.google.com/chrome/','Android','android','9','http://www.android.com/'),(178,'Mozilla/5.0 (iPhone; CPU iPhone OS 12_4 like Mac OS X) AppleWebKit/605.1.15 (KHTML, like Gecko) CriOS/79.0.3945.73 Mobile/15E148 Safari/605.1',1,'iPhone','iphone','','http://www.apple.com/iphone/','iPhone OS','iphone','12_4','http://www.apple.com/iphone/'),(179,'Mozilla/5.0 (Macintosh; Intel Mac OS X 10_10_3) AppleWebKit/537.36 (KHTML, like Gecko) Chrome/42.0.2311.90 Safari/537.36',1,'Chrome','chrome','42.0.2311.90','http://www.google.com/chrome/','Mac OS','macos','X','http://www.apple.com/macosx/'),(180,'Mozilla/5.0 (Linux; Android 8.1.0; vivo 1718 Build/OPM1.171019.026; wv) AppleWebKit/537.36 (KHTML, like Gecko) Chrome/62.0.3202.84 Mobile Safari/537.36 VivoBrowser/6.0.0.4',1,'Chrome','chrome','62.0.3202.84','http://www.google.com/chrome/','Android','android','8.1.0','http://www.android.com/'),(181,'Mozilla/5.0 (Linux; U; Android 6.0.1; zh-cn; OPPO R9s Build/MMB29M) AppleWebKit/537.36 (KHTML, like Gecko) Version/4.0 Chrome/38.0.0.0 Mobile Safari/537.36 OppoBrowser/4.2.8',1,'Chrome','chrome','38.0.0.0','http://www.google.com/chrome/','Android','android','6.0.1','http://www.android.com/'),(182,'Mozilla/5.0 (Linux; Android 8.1.0; vivo 1816) AppleWebKit/537.36 (KHTML, like Gecko) Chrome/70.0.3538.110 Mobile Safari/537.36',2,'Chrome','chrome','70.0.3538.110','http://www.google.com/chrome/','Android','android','8.1.0','http://www.android.com/'),(183,'Mozilla/5.0 (Linux; Android 8.0.0; PRA-LX2) AppleWebKit/537.36 (KHTML, like Gecko) Chrome/77.0.3865.116 Mobile Safari/537.36',1,'Chrome','chrome','77.0.3865.116','http://www.google.com/chrome/','Android','android','8.0.0','http://www.android.com/'),(184,'Mozilla/5.0 (Linux; Android 7.1.2; Redmi 4A Build/N2G47H) AppleWebKit/537.36 (KHTML, like Gecko) Chrome/66.0.3359.158 Mobile Safari/537.36',5,'Chrome','chrome','66.0.3359.158','http://www.google.com/chrome/','Android','android','7.1.2','http://www.android.com/'),(185,'Mozilla/5.0 (Linux; Android 9; CPH1823) AppleWebKit/537.36 (KHTML, like Gecko) Chrome/79.0.3945.116 Mobile Safari/537.36',1,'Chrome','chrome','79.0.3945.116','http://www.google.com/chrome/','Android','android','9','http://www.android.com/'),(186,'Mozilla/5.0 (Linux; Android 5.1.1; HUAWEI SCL-L21) AppleWebKit/537.36 (KHTML, like Gecko) Chrome/74.0.3729.157 Mobile Safari/537.36',1,'Chrome','chrome','74.0.3729.157','http://www.google.com/chrome/','Android','android','5.1.1','http://www.android.com/'),(187,'Mozilla/5.0 (Linux; Android 6.0.1; SM-J500G) AppleWebKit/537.36 (KHTML, like Gecko) Chrome/77.0.3865.92 Mobile Safari/537.36',2,'Chrome','chrome','77.0.3865.92','http://www.google.com/chrome/','Android','android','6.0.1','http://www.android.com/'),(188,'Mozilla/5.0 (Linux; Android 5.1; A1601) AppleWebKit/537.36 (KHTML, like Gecko) Chrome/79.0.3945.116 Mobile Safari/537.36',1,'Chrome','chrome','79.0.3945.116','http://www.google.com/chrome/','Android','android','5.1','http://www.android.com/'),(189,'Mozilla/5.0 (Linux; Android 7.1.1; SM-J250F) AppleWebKit/537.36 (KHTML, like Gecko) Chrome/79.0.3945.93 Mobile Safari/537.36',2,'Chrome','chrome','79.0.3945.93','http://www.google.com/chrome/','Android','android','7.1.1','http://www.android.com/'),(190,'Mozilla/5.0 (Linux; Android 9; vivo 1901) AppleWebKit/537.36 (KHTML, like Gecko) Chrome/74.0.3729.136 Mobile Safari/537.36',18,'Chrome','chrome','74.0.3729.136','http://www.google.com/chrome/','Android','android','9','http://www.android.com/'),(191,'Mozilla/5.0 (Linux; Android 7.1.2; Redmi Note 5A Build/N2G47H) AppleWebKit/537.36 (KHTML, like Gecko) Chrome/66.0.3359.158 Mobile Safari/537.36',6,'Chrome','chrome','66.0.3359.158','http://www.google.com/chrome/','Android','android','7.1.2','http://www.android.com/'),(192,'Mozilla/5.0 (Linux; Android 8.1.0; CPH1853) AppleWebKit/537.36 (KHTML, like Gecko) Chrome/79.0.3945.116 Mobile Safari/537.36',2,'Chrome','chrome','79.0.3945.116','http://www.google.com/chrome/','Android','android','8.1.0','http://www.android.com/'),(193,'Mozilla/5.0 (Linux; Android 8.1.0; CPH1803) AppleWebKit/537.36 (KHTML, like Gecko) Chrome/79.0.3945.116 Mobile Safari/537.36',2,'Chrome','chrome','79.0.3945.116','http://www.google.com/chrome/','Android','android','8.1.0','http://www.android.com/'),(194,'Mozilla/5.0 (Linux; Android 8.1.0; CPH1853) AppleWebKit/537.36 (KHTML, like Gecko) Chrome/79.0.3945.136 Mobile Safari/537.36',3,'Chrome','chrome','79.0.3945.136','http://www.google.com/chrome/','Android','android','8.1.0','http://www.android.com/'),(195,'Mozilla/5.0 (iPhone; CPU iPhone OS 13_2_3 like Mac OS X) AppleWebKit/605.1.15 (KHTML, like Gecko) Version/13.0.3 Mobile/15E148 Safari/604.1',1,'iPhone','iphone','','http://www.apple.com/iphone/','iPhone OS','iphone','13_2_3','http://www.apple.com/iphone/'),(196,'Mozilla/5.0 (Linux; Android 9; SM-A507FN) AppleWebKit/537.36 (KHTML, like Gecko) Chrome/79.0.3945.116 Mobile Safari/537.36',1,'Chrome','chrome','79.0.3945.116','http://www.google.com/chrome/','Android','android','9','http://www.android.com/'),(197,'Mozilla/5.0 (Linux; Android 9; RMX1821) AppleWebKit/537.36 (KHTML, like Gecko) Chrome/77.0.3865.92 Mobile Safari/537.36',5,'Chrome','chrome','77.0.3865.92','http://www.google.com/chrome/','Android','android','9','http://www.android.com/'),(198,'Mozilla/5.0 (Linux; Android 7.1.2; Redmi 5 Plus) AppleWebKit/537.36 (KHTML, like Gecko) Chrome/79.0.3945.93 Mobile Safari/537.36',2,'Chrome','chrome','79.0.3945.93','http://www.google.com/chrome/','Android','android','7.1.2','http://www.android.com/'),(199,'Mozilla/5.0 (Linux; Android 8.1.0; SM-G610F) AppleWebKit/537.36 (KHTML, like Gecko) Chrome/76.0.3809.132 Mobile Safari/537.36',4,'Chrome','chrome','76.0.3809.132','http://www.google.com/chrome/','Android','android','8.1.0','http://www.android.com/'),(200,'Mozilla/5.0 (Linux; Android 8.1.0; vivo 1812) AppleWebKit/537.36 (KHTML, like Gecko) Chrome/70.0.3538.110 Mobile Safari/537.36',2,'Chrome','chrome','70.0.3538.110','http://www.google.com/chrome/','Android','android','8.1.0','http://www.android.com/'),(201,'Mozilla/5.0 (Linux; Android 9; SM-A105G) AppleWebKit/537.36 (KHTML, like Gecko) Chrome/79.0.3945.136 Mobile Safari/537.36',1,'Chrome','chrome','79.0.3945.136','http://www.google.com/chrome/','Android','android','9','http://www.android.com/'),(202,'Mozilla/5.0 (Linux; Android 8.1.0; vivo 1820) AppleWebKit/537.36 (KHTML, like Gecko) Chrome/79.0.3945.136 Mobile Safari/537.36',2,'Chrome','chrome','79.0.3945.136','http://www.google.com/chrome/','Android','android','8.1.0','http://www.android.com/'),(203,'Mozilla/5.0 (Linux; Android 9; vivo 1901) AppleWebKit/537.36 (KHTML, like Gecko) Chrome/79.0.3945.136 Mobile Safari/537.36',3,'Chrome','chrome','79.0.3945.136','http://www.google.com/chrome/','Android','android','9','http://www.android.com/'),(204,'Mozilla/5.0 (Linux; Android 7.1.2; Mi A1) AppleWebKit/537.36 (KHTML, like Gecko) Chrome/78.0.3904.62 Mobile Safari/537.36',1,'Chrome','chrome','78.0.3904.62','http://www.google.com/chrome/','Android','android','7.1.2','http://www.android.com/'),(205,'Mozilla/5.0 (Linux; Android 8.1.0; vivo 1802) AppleWebKit/537.36 (KHTML, like Gecko) Chrome/80.0.3987.99 Mobile Safari/537.36',1,'Chrome','chrome','80.0.3987.99','http://www.google.com/chrome/','Android','android','8.1.0','http://www.android.com/'),(206,'Mozilla/5.0 (Linux; Android 4.4.4; ASUS ZenUI Build/JLS36C) AppleWebKit/537.36 (KHTML, like Gecko) Chrome/42.0.2311.111 Mobile Safari/537.36',1,'Chrome','chrome','42.0.2311.111','http://www.google.com/chrome/','Android','android','4.4.4','http://www.android.com/'),(207,'Mozilla/5.0 (Linux; Android 8.0.0; SM-A730F) AppleWebKit/537.36 (KHTML, like Gecko) Chrome/74.0.3729.157 Mobile Safari/537.36',1,'Chrome','chrome','74.0.3729.157','http://www.google.com/chrome/','Android','android','8.0.0','http://www.android.com/'),(208,'Mozilla/5.0 (Linux; Android 9; SM-A105G) AppleWebKit/537.36 (KHTML, like Gecko) Chrome/80.0.3987.99 Mobile Safari/537.36',4,'Chrome','chrome','80.0.3987.99','http://www.google.com/chrome/','Android','android','9','http://www.android.com/'),(209,'Mozilla/5.0 (Linux; U; Android 9; id-id; Redmi Note 7 Build/PKQ1.180904.001) AppleWebKit/537.36 (KHTML, like Gecko) Version/4.0 Chrome/71.0.3578.141 Mobile Safari/537.36 XiaoMi/MiuiBrowser/10.9.8-g',1,'Chrome','chrome','71.0.3578.141','http://www.google.com/chrome/','Android','android','9','http://www.android.com/'),(210,'Mozilla/5.0 (Linux; Android 9; RMX1911) AppleWebKit/537.36 (KHTML, like Gecko) Chrome/78.0.3904.108 Mobile Safari/537.36',1,'Chrome','chrome','78.0.3904.108','http://www.google.com/chrome/','Android','android','9','http://www.android.com/'),(211,'Mozilla/5.0 (Linux; Android 7.1.1; SM-J250F) AppleWebKit/537.36 (KHTML, like Gecko) Chrome/80.0.3987.117 Mobile Safari/537.36',4,'Chrome','chrome','80.0.3987.117','http://www.google.com/chrome/','Android','android','7.1.1','http://www.android.com/'),(212,'Mozilla/5.0 (Linux; Android 9; vivo 1904) AppleWebKit/537.36 (KHTML, like Gecko) Chrome/80.0.3987.119 Mobile Safari/537.36',4,'Chrome','chrome','80.0.3987.119','http://www.google.com/chrome/','Android','android','9','http://www.android.com/'),(213,'Mozilla/5.0 (Linux; Android 8.1.0; vivo 1724) AppleWebKit/537.36 (KHTML, like Gecko) Chrome/80.0.3987.99 Mobile Safari/537.36',1,'Chrome','chrome','80.0.3987.99','http://www.google.com/chrome/','Android','android','8.1.0','http://www.android.com/'),(214,'Mozilla/5.0 (Linux; Android 9; Redmi 7) AppleWebKit/537.36 (KHTML, like Gecko) Chrome/80.0.3987.117 Mobile Safari/537.36',3,'Chrome','chrome','80.0.3987.117','http://www.google.com/chrome/','Android','android','9','http://www.android.com/'),(215,'Mozilla/5.0 (Linux; Android 6.0.1; SM-G532G) AppleWebKit/537.36 (KHTML, like Gecko) Chrome/77.0.3865.92 Mobile Safari/537.36',1,'Chrome','chrome','77.0.3865.92','http://www.google.com/chrome/','Android','android','6.0.1','http://www.android.com/'),(216,'Mozilla/5.0 (Linux; Android 5.1; A33w Build/LMY47I; wv) AppleWebKit/537.36 (KHTML, like Gecko) Version/4.0 Chrome/78.0.3904.108 Mobile Safari/537.36',1,'Chrome','chrome','78.0.3904.108','http://www.google.com/chrome/','Android','android','5.1','http://www.android.com/'),(217,'Mozilla/5.0 (Linux; Android 8.1.0; vivo 1802) AppleWebKit/537.36 (KHTML, like Gecko) Chrome/80.0.3987.132 Mobile Safari/537.36',1,'Chrome','chrome','80.0.3987.132','http://www.google.com/chrome/','Android','android','8.1.0','http://www.android.com/'),(218,'Mozilla/5.0 (Linux; Android 8.1.0; CPH1909) AppleWebKit/537.36 (KHTML, like Gecko) Chrome/80.0.3987.132 Mobile Safari/537.36',1,'Chrome','chrome','80.0.3987.132','http://www.google.com/chrome/','Android','android','8.1.0','http://www.android.com/'),(219,'Mozilla/5.0 (Windows NT 6.1) AppleWebKit/537.36 (KHTML, like Gecko) Chrome/80.0.3987.132 Safari/537.36',1,'Chrome','chrome','80.0.3987.132','http://www.google.com/chrome/','Windows','windows','7','http://windows.microsoft.com/en-US/windows7/products/home'),(220,'Mozilla/5.0 (Linux; Android 9; vivo 1904) AppleWebKit/537.36 (KHTML, like Gecko) Chrome/80.0.3987.132 Mobile Safari/537.36',1,'Chrome','chrome','80.0.3987.132','http://www.google.com/chrome/','Android','android','9','http://www.android.com/'),(221,'Mozilla/5.0 (Windows NT 10.0; Win64; x64) AppleWebKit/537.36 (KHTML, like Gecko) Chrome/80.0.3987.149 Safari/537.36',2,'Chrome','chrome','80.0.3987.149','http://www.google.com/chrome/','Windows','windows','NT','http://www.microsoft.com/windows/'),(222,'Mozilla/5.0 (Linux; Android 9; CPH1823) AppleWebKit/537.36 (KHTML, like Gecko) Chrome/80.0.3987.162 Mobile Safari/537.36',1,'Chrome','chrome','80.0.3987.162','http://www.google.com/chrome/','Android','android','9','http://www.android.com/'),(223,'Mozilla/5.0 (Linux; Android 7.0; i55C) AppleWebKit/537.36 (KHTML, like Gecko) Chrome/80.0.3987.162 Mobile Safari/537.36',1,'Chrome','chrome','80.0.3987.162','http://www.google.com/chrome/','Android','android','7.0','http://www.android.com/'),(224,'Mozilla/5.0 (Windows NT 10.0; Win64; x64) AppleWebKit/537.36 (KHTML, like Gecko) Chrome/81.0.4044.122 Safari/537.36',5,'Chrome','chrome','81.0.4044.122','http://www.google.com/chrome/','Windows','windows','NT','http://www.microsoft.com/windows/'),(225,'Mozilla/5.0 (Linux; Android 8.1.0; vivo 1808) AppleWebKit/537.36 (KHTML, like Gecko) Chrome/72.0.3626.105 Mobile Safari/537.36',1,'Chrome','chrome','72.0.3626.105','http://www.google.com/chrome/','Android','android','8.1.0','http://www.android.com/'),(226,'Mozilla/5.0 (Linux; Android 5.1.1; A37f) AppleWebKit/537.36 (KHTML, like Gecko) Chrome/80.0.3987.149 Mobile Safari/537.36',1,'Chrome','chrome','80.0.3987.149','http://www.google.com/chrome/','Android','android','5.1.1','http://www.android.com/'),(227,'Mozilla/5.0 (Linux; Android 5.1.1; SM-T285) AppleWebKit/537.36 (KHTML, like Gecko) Chrome/80.0.3987.149 Safari/537.36',2,'Chrome','chrome','80.0.3987.149','http://www.google.com/chrome/','Android','android','5.1.1','http://www.android.com/'),(228,'Mozilla/5.0 (Linux; Android 8.1.0; vivo 1820 Build/O11019; wv) AppleWebKit/537.36 (KHTML, like Gecko) Chrome/62.0.3202.84 Mobile Safari/537.36 VivoBrowser/6.2.0.3',1,'Chrome','chrome','62.0.3202.84','http://www.google.com/chrome/','Android','android','8.1.0','http://www.android.com/'),(229,'Mozilla/5.0 (Linux; Android 8.1.0; CPH1803) AppleWebKit/537.36 (KHTML, like Gecko) Chrome/81.0.4044.117 Mobile Safari/537.36',2,'Chrome','chrome','81.0.4044.117','http://www.google.com/chrome/','Android','android','8.1.0','http://www.android.com/'),(230,'Mozilla/5.0 (Linux; Android 9; CPH1969) AppleWebKit/537.36 (KHTML, like Gecko) Chrome/81.0.4044.117 Mobile Safari/537.36',1,'Chrome','chrome','81.0.4044.117','http://www.google.com/chrome/','Android','android','9','http://www.android.com/'),(231,'Mozilla/5.0 (Linux; Android 7.1.1; CPH1723) AppleWebKit/537.36 (KHTML, like Gecko) Chrome/81.0.4044.117 Mobile Safari/537.36',1,'Chrome','chrome','81.0.4044.117','http://www.google.com/chrome/','Android','android','7.1.1','http://www.android.com/'),(232,'Mozilla/5.0 (Linux; Android 8.1.0; CPH1803) AppleWebKit/537.36 (KHTML, like Gecko) Chrome/81.0.4044.138 Mobile Safari/537.36',1,'Chrome','chrome','81.0.4044.138','http://www.google.com/chrome/','Android','android','8.1.0','http://www.android.com/'),(233,'WhatsApp/2.20.140 A',1,'Unknown','unknown','','','Unknown','unknown','',''),(234,'Mozilla/5.0 (Linux; Android 8.0.0; SM-A750GN) AppleWebKit/537.36 (KHTML, like Gecko) Chrome/80.0.3987.149 Mobile Safari/537.36',1,'Chrome','chrome','80.0.3987.149','http://www.google.com/chrome/','Android','android','8.0.0','http://www.android.com/'),(235,'Mozilla/5.0 (Linux; U; Android 9; en-US; vivo 1723 Build/PKQ1.180819.001) AppleWebKit/537.36 (KHTML, like Gecko) Version/4.0 Chrome/57.0.2987.108 UCBrowser/13.1.8.1295 Mobile Safari/537.36',1,'Chrome','chrome','57.0.2987.108','http://www.google.com/chrome/','Android','android','9','http://www.android.com/'),(236,'Mozilla/5.0 (Linux; Android 9; Redmi 7A) AppleWebKit/537.36 (KHTML, like Gecko) Chrome/80.0.3987.99 Mobile Safari/537.36',1,'Chrome','chrome','80.0.3987.99','http://www.google.com/chrome/','Android','android','9','http://www.android.com/'),(237,'Mozilla/5.0 (Windows NT 6.1; rv:76.0) Gecko/20100101 Firefox/76.0',1,'Mozilla Firefox','firefox','76.0','http://www.mozilla.com/firefox/','Windows','windows','7','http://windows.microsoft.com/en-US/windows7/products/home'),(238,'Mozilla/5.0 (Linux; Android 8.1.0; vivo 1820) AppleWebKit/537.36 (KHTML, like Gecko) Chrome/81.0.4044.138 Mobile Safari/537.36',1,'Chrome','chrome','81.0.4044.138','http://www.google.com/chrome/','Android','android','8.1.0','http://www.android.com/'),(239,'Mozilla/5.0 (Linux; Android 9; vivo 1904) AppleWebKit/537.36 (KHTML, like Gecko) Chrome/83.0.4103.96 Mobile Safari/537.36',4,'Chrome','chrome','83.0.4103.96','http://www.google.com/chrome/','Android','android','9','http://www.android.com/'),(240,'Mozilla/5.0 (Linux; Android 6.0; Lenovo A7000-a) AppleWebKit/537.36 (KHTML, like Gecko) Chrome/81.0.4044.117 Mobile Safari/537.36',1,'Chrome','chrome','81.0.4044.117','http://www.google.com/chrome/','Android','android','6.0','http://www.android.com/'),(241,'Mozilla/5.0 (Windows NT 6.1; WOW64) AppleWebKit/537.36 (KHTML, like Gecko) Chrome/83.0.4103.97 Safari/537.36',2,'Chrome','chrome','83.0.4103.97','http://www.google.com/chrome/','Windows','windows','7 64 bit','http://windows.microsoft.com/en-US/windows7/products/home'),(242,'Mozilla/5.0 (iPhone; CPU iPhone OS 12_4 like Mac OS X) AppleWebKit/605.1.15 (KHTML, like Gecko) CriOS/83.0.4103.88 Mobile/15E148 Safari/604.1',3,'iPhone','iphone','','http://www.apple.com/iphone/','iPhone OS','iphone','12_4','http://www.apple.com/iphone/'),(243,'Mozilla/5.0 (Windows NT 10.0; Win64; x64) AppleWebKit/537.36 (KHTML, like Gecko) Chrome/83.0.4103.97 Safari/537.36',1,'Chrome','chrome','83.0.4103.97','http://www.google.com/chrome/','Windows','windows','NT','http://www.microsoft.com/windows/'),(244,'Mozilla/5.0 (Linux; Android 5.1; A1601) AppleWebKit/537.36 (KHTML, like Gecko) Chrome/79.0.3945.79 Mobile Safari/537.36',3,'Chrome','chrome','79.0.3945.79','http://www.google.com/chrome/','Android','android','5.1','http://www.android.com/'),(245,'Mozilla/5.0 (Windows NT 6.1; WOW64) AppleWebKit/537.36 (KHTML, like Gecko) Chrome/83.0.4103.106 Safari/537.36',2,'Chrome','chrome','83.0.4103.106','http://www.google.com/chrome/','Windows','windows','7 64 bit','http://windows.microsoft.com/en-US/windows7/products/home'),(246,'Mozilla/5.0 (iPhone; CPU iPhone OS 13_5_1 like Mac OS X) AppleWebKit/605.1.15 (KHTML, like Gecko) Version/13.1.1 Mobile/15E148 Safari/604.1',7,'iPhone','iphone','','http://www.apple.com/iphone/','iPhone OS','iphone','13_5_1','http://www.apple.com/iphone/'),(247,'Mozilla/5.0 (Linux; Android 8.0.0; LDN-LX2) AppleWebKit/537.36 (KHTML, like Gecko) Chrome/78.0.3904.108 Mobile Safari/537.36',2,'Chrome','chrome','78.0.3904.108','http://www.google.com/chrome/','Android','android','8.0.0','http://www.android.com/'),(248,'Mozilla/5.0 (Windows NT 10.0; Win64; x64) AppleWebKit/537.36 (KHTML, like Gecko) Chrome/83.0.4103.116 Safari/537.36',3,'Chrome','chrome','83.0.4103.116','http://www.google.com/chrome/','Windows','windows','NT','http://www.microsoft.com/windows/'),(249,'Mozilla/5.0 (Linux; Android 7.1.1; SM-J510FN Build/NMF26X) AppleWebKit/537.36 (KHTML, like Gecko) Chrome/62.0.3202.84 Mobile Safari/537.36',1,'Chrome','chrome','62.0.3202.84','http://www.google.com/chrome/','Android','android','7.1.1','http://www.android.com/'),(250,'Mozilla/5.0 (Linux; Android 9; vivo 1901 Build/PPR1.180610.011; wv) AppleWebKit/537.36 (KHTML, like Gecko) Chrome/62.0.3202.84 Mobile Safari/537.36 VivoBrowser/6.0.3.2',3,'Chrome','chrome','62.0.3202.84','http://www.google.com/chrome/','Android','android','9','http://www.android.com/'),(251,'Mozilla/5.0 (Linux; Android 8.1.0; Redmi Note 6 Pro Build/OPM1.171019.011) AppleWebKit/537.36 (KHTML, like Gecko) Chrome/69.0.3497.100 Mobile Safari/537.36',3,'Chrome','chrome','69.0.3497.100','http://www.google.com/chrome/','Android','android','8.1.0','http://www.android.com/'),(252,'Mozilla/5.0 (Linux; Android 9; CPH1931) AppleWebKit/537.36 (KHTML, like Gecko) Chrome/80.0.3987.99 Mobile Safari/537.36',1,'Chrome','chrome','80.0.3987.99','http://www.google.com/chrome/','Android','android','9','http://www.android.com/'),(253,'Mozilla/5.0 (Linux; Android 9; RMX1911) AppleWebKit/537.36 (KHTML, like Gecko) Chrome/74.0.3729.136 Mobile Safari/537.36',1,'Chrome','chrome','74.0.3729.136','http://www.google.com/chrome/','Android','android','9','http://www.android.com/'),(254,'Mozilla/5.0 (Linux; Android 9; vivo 1920 Build/PKQ1.190626.001; wv) AppleWebKit/537.36 (KHTML, like Gecko) Chrome/62.0.3202.84 Mobile Safari/537.36 VivoBrowser/6.5.0.1',1,'Chrome','chrome','62.0.3202.84','http://www.google.com/chrome/','Android','android','9','http://www.android.com/'),(255,'Mozilla/5.0 (Linux; Android 7.1.2; vivo 1719 Build/N2G47H; wv) AppleWebKit/537.36 (KHTML, like Gecko) Chrome/62.0.3202.84 Mobile Safari/537.36 VivoBrowser/6.0.0.2',3,'Chrome','chrome','62.0.3202.84','http://www.google.com/chrome/','Android','android','7.1.2','http://www.android.com/'),(256,'Mozilla/5.0 (Linux; Android 8.1.0; Redmi 5 Plus) AppleWebKit/537.36 (KHTML, like Gecko) Chrome/81.0.4044.96 Mobile Safari/537.36',1,'Chrome','chrome','81.0.4044.96','http://www.google.com/chrome/','Android','android','8.1.0','http://www.android.com/'),(257,'Mozilla/5.0 (Linux; Android 9; CPH1923) AppleWebKit/537.36 (KHTML, like Gecko) SamsungBrowser/10.2 Chrome/71.0.3578.99 Mobile Safari/537.36',3,'Chrome','chrome','71.0.3578.99','http://www.google.com/chrome/','Android','android','9','http://www.android.com/'),(258,'Mozilla/5.0 (Linux; Android 5.1; A1601) AppleWebKit/537.36 (KHTML, like Gecko) Chrome/71.0.3578.99 Mobile Safari/537.36',1,'Chrome','chrome','71.0.3578.99','http://www.google.com/chrome/','Android','android','5.1','http://www.android.com/'),(259,'Mozilla/5.0 (Linux; Android 6.0.1; CPH1701) AppleWebKit/537.36 (KHTML, like Gecko) Chrome/84.0.4147.89 Mobile Safari/537.36',1,'Chrome','chrome','84.0.4147.89','http://www.google.com/chrome/','Android','android','6.0.1','http://www.android.com/'),(260,'Mozilla/5.0 (Linux; Android 8.1.0; vivo 1724) AppleWebKit/537.36 (KHTML, like Gecko) Chrome/70.0.3538.110 Mobile Safari/537.36',1,'Chrome','chrome','70.0.3538.110','http://www.google.com/chrome/','Android','android','8.1.0','http://www.android.com/'),(261,'Mozilla/5.0 (Linux; Android 6.0.1; SM-G532G) AppleWebKit/537.36 (KHTML, like Gecko) Chrome/77.0.3865.116 Mobile Safari/537.36',1,'Chrome','chrome','77.0.3865.116','http://www.google.com/chrome/','Android','android','6.0.1','http://www.android.com/'),(262,'Mozilla/5.0 (Linux; Android 8.1.0; CPH1901) AppleWebKit/537.36 (KHTML, like Gecko) Chrome/81.0.4044.117 Mobile Safari/537.36',2,'Chrome','chrome','81.0.4044.117','http://www.google.com/chrome/','Android','android','8.1.0','http://www.android.com/'),(263,'Mozilla/5.0 (Linux; Android 8.1.0; CPH1803) AppleWebKit/537.36 (KHTML, like Gecko) Chrome/73.0.3683.90 Mobile Safari/537.36',3,'Chrome','chrome','73.0.3683.90','http://www.google.com/chrome/','Android','android','8.1.0','http://www.android.com/'),(264,'Mozilla/5.0 (Linux; Android 7.0; Redmi Note 4) AppleWebKit/537.36 (KHTML, like Gecko) Chrome/84.0.4147.89 Mobile Safari/537.36',2,'Chrome','chrome','84.0.4147.89','http://www.google.com/chrome/','Android','android','7.0','http://www.android.com/'),(265,'Mozilla/5.0 (Linux; Android 9; Redmi 8A Pro) AppleWebKit/537.36 (KHTML, like Gecko) Chrome/80.0.3987.99 Mobile Safari/537.36',1,'Chrome','chrome','80.0.3987.99','http://www.google.com/chrome/','Android','android','9','http://www.android.com/'),(266,'Mozilla/5.0 (Linux; Android 6.0.1; SM-G532G) AppleWebKit/537.36 (KHTML, like Gecko) Chrome/80.0.3987.149 Mobile Safari/537.36',2,'Chrome','chrome','80.0.3987.149','http://www.google.com/chrome/','Android','android','6.0.1','http://www.android.com/'),(267,'Mozilla/5.0 (Windows NT 10.0; Win64; x64) AppleWebKit/537.36 (KHTML, like Gecko) Chrome/84.0.4147.89 Safari/537.36',1,'Chrome','chrome','84.0.4147.89','http://www.google.com/chrome/','Windows','windows','NT','http://www.microsoft.com/windows/'),(268,'Mozilla/5.0 (Linux; Android 7.1.1; CPH1725) AppleWebKit/537.36 (KHTML, like Gecko) Chrome/79.0.3945.93 Mobile Safari/537.36',2,'Chrome','chrome','79.0.3945.93','http://www.google.com/chrome/','Android','android','7.1.1','http://www.android.com/'),(269,'Mozilla/5.0 (Linux; Android 10; SM-A105G) AppleWebKit/537.36 (KHTML, like Gecko) Chrome/83.0.4103.106 Mobile Safari/537.36',1,'Chrome','chrome','83.0.4103.106','http://www.google.com/chrome/','Android','android','10','http://www.android.com/'),(270,'Mozilla/5.0 (Linux; Android 8.1.0; vivo 1724) AppleWebKit/537.36 (KHTML, like Gecko) Chrome/80.0.3987.132 Mobile Safari/537.36',2,'Chrome','chrome','80.0.3987.132','http://www.google.com/chrome/','Android','android','8.1.0','http://www.android.com/'),(271,'Mozilla/5.0 (Linux; Android 9; RMX1971) AppleWebKit/537.36 (KHTML, like Gecko) Chrome/71.0.3578.99 Mobile Safari/537.36',1,'Chrome','chrome','71.0.3578.99','http://www.google.com/chrome/','Android','android','9','http://www.android.com/'),(272,'Mozilla/5.0 (Linux; Android 9; CPH1933) AppleWebKit/537.36 (KHTML, like Gecko) Chrome/74.0.3729.136 Mobile Safari/537.36',1,'Chrome','chrome','74.0.3729.136','http://www.google.com/chrome/','Android','android','9','http://www.android.com/'),(273,'Mozilla/5.0 (Linux; Android 8.1.0; Redmi 5 Plus) AppleWebKit/537.36 (KHTML, like Gecko) Chrome/71.0.3578.99 Mobile Safari/537.36',1,'Chrome','chrome','71.0.3578.99','http://www.google.com/chrome/','Android','android','8.1.0','http://www.android.com/'),(274,'Mozilla/5.0 (Linux; Android 5.1.1; A37f) AppleWebKit/537.36 (KHTML, like Gecko) Chrome/84.0.4147.105 Mobile Safari/537.36',1,'Chrome','chrome','84.0.4147.105','http://www.google.com/chrome/','Android','android','5.1.1','http://www.android.com/'),(275,'Mozilla/5.0 (Linux; Android 6.0; CPH1609) AppleWebKit/537.36 (KHTML, like Gecko) Chrome/79.0.3945.93 Mobile Safari/537.36',1,'Chrome','chrome','79.0.3945.93','http://www.google.com/chrome/','Android','android','6.0','http://www.android.com/'),(276,'Mozilla/5.0 (Linux; Android 8.1.0; Redmi 6) AppleWebKit/537.36 (KHTML, like Gecko) Chrome/78.0.3904.62 Mobile Safari/537.36',1,'Chrome','chrome','78.0.3904.62','http://www.google.com/chrome/','Android','android','8.1.0','http://www.android.com/'),(277,'Mozilla/5.0 (Windows NT 6.1) AppleWebKit/537.36 (KHTML, like Gecko) Chrome/84.0.4147.105 Safari/537.36',4,'Chrome','chrome','84.0.4147.105','http://www.google.com/chrome/','Windows','windows','7','http://windows.microsoft.com/en-US/windows7/products/home'),(278,'Mozilla/5.0 (Windows NT 6.1; Win64; x64) AppleWebKit/537.36 (KHTML, like Gecko) Chrome/84.0.4147.105 Safari/537.36',1,'Chrome','chrome','84.0.4147.105','http://www.google.com/chrome/','Windows','windows','7 64 bit','http://windows.microsoft.com/en-US/windows7/products/home'),(279,'Mozilla/5.0 (Linux; Android 10; SM-A600G) AppleWebKit/537.36 (KHTML, like Gecko) Chrome/84.0.4147.111 Mobile Safari/537.36',2,'Chrome','chrome','84.0.4147.111','http://www.google.com/chrome/','Android','android','10','http://www.android.com/'),(280,'Mozilla/5.0 (Linux; Android 10; CPH1917) AppleWebKit/537.36 (KHTML, like Gecko) Chrome/84.0.4147.111 Mobile Safari/537.36',1,'Chrome','chrome','84.0.4147.111','http://www.google.com/chrome/','Android','android','10','http://www.android.com/'),(281,'Mozilla/5.0 (Linux; Android 6.0.1; Redmi 4X) AppleWebKit/537.36 (KHTML, like Gecko) Chrome/72.0.3626.105 Mobile Safari/537.36',1,'Chrome','chrome','72.0.3626.105','http://www.google.com/chrome/','Android','android','6.0.1','http://www.android.com/'),(282,'Mozilla/5.0 (Linux; Android 9; Redmi 8) AppleWebKit/537.36 (KHTML, like Gecko) Chrome/81.0.4044.117 Mobile Safari/537.36',1,'Chrome','chrome','81.0.4044.117','http://www.google.com/chrome/','Android','android','9','http://www.android.com/'),(283,'Mozilla/5.0 (Linux; Android 9; CPH1923) AppleWebKit/537.36 (KHTML, like Gecko) Chrome/81.0.4044.138 Mobile Safari/537.36',1,'Chrome','chrome','81.0.4044.138','http://www.google.com/chrome/','Android','android','9','http://www.android.com/'),(284,'Mozilla/5.0 (Linux; Android 7.0; SAMSUNG SM-G610F Build/NRD90M) AppleWebKit/537.36 (KHTML, like Gecko) SamsungBrowser/5.4 Chrome/51.0.2704.106 Mobile Safari/537.36',3,'Chrome','chrome','51.0.2704.106','http://www.google.com/chrome/','Android','android','7.0','http://www.android.com/'),(285,'Mozilla/5.0 (Linux; Android 9; SM-A205F) AppleWebKit/537.36 (KHTML, like Gecko) Chrome/84.0.4147.125 Mobile Safari/537.36',1,'Chrome','chrome','84.0.4147.125','http://www.google.com/chrome/','Android','android','9','http://www.android.com/'),(286,'Mozilla/5.0 (Windows NT 10.0; Win64; x64) AppleWebKit/537.36 (KHTML, like Gecko) Chrome/84.0.4147.125 Safari/537.36',1,'Chrome','chrome','84.0.4147.125','http://www.google.com/chrome/','Windows','windows','NT','http://www.microsoft.com/windows/'),(287,'Mozilla/5.0 (Windows NT 6.1; WOW64) AppleWebKit/537.36 (KHTML, like Gecko) Chrome/84.0.4147.135 Safari/537.36',1,'Chrome','chrome','84.0.4147.135','http://www.google.com/chrome/','Windows','windows','7 64 bit','http://windows.microsoft.com/en-US/windows7/products/home'),(288,'Mozilla/5.0 (Linux; Android 7.1.2; Redmi 4X) AppleWebKit/537.36 (KHTML, like Gecko) Chrome/79.0.3945.93 Mobile Safari/537.36',1,'Chrome','chrome','79.0.3945.93','http://www.google.com/chrome/','Android','android','7.1.2','http://www.android.com/'),(289,'Mozilla/5.0 (Linux; Android 10; SM-A515F) AppleWebKit/537.36 (KHTML, like Gecko) Chrome/84.0.4147.125 Mobile Safari/537.36',1,'Chrome','chrome','84.0.4147.125','http://www.google.com/chrome/','Android','android','10','http://www.android.com/'),(290,'Mozilla/5.0 (Windows NT 6.1) AppleWebKit/537.36 (KHTML, like Gecko) Chrome/84.0.4147.135 Safari/537.36',3,'Chrome','chrome','84.0.4147.135','http://www.google.com/chrome/','Windows','windows','7','http://windows.microsoft.com/en-US/windows7/products/home'),(291,'Mozilla/5.0 (iPhone; CPU iPhone OS 13_5 like Mac OS X) AppleWebKit/605.1.15 (KHTML, like Gecko) CriOS/84.0.4147.122 Mobile/15E148 Safari/604.1',1,'iPhone','iphone','','http://www.apple.com/iphone/','iPhone OS','iphone','13_5','http://www.apple.com/iphone/'),(292,'Mozilla/5.0 (Linux; Android 6.0.1; Redmi 4X Build/MMB29M) AppleWebKit/537.36 (KHTML, like Gecko) Chrome/54.0.2840.85 Mobile Safari/537.36',1,'Chrome','chrome','54.0.2840.85','http://www.google.com/chrome/','Android','android','6.0.1','http://www.android.com/'),(293,'Mozilla/5.0 (Linux; Android 8.1.0; vivo 1724 Build/OPM1.171019.011; wv) AppleWebKit/537.36 (KHTML, like Gecko) Chrome/62.0.3202.84 Mobile Safari/537.36 VivoBrowser/6.5.0.6',1,'Chrome','chrome','62.0.3202.84','http://www.google.com/chrome/','Android','android','8.1.0','http://www.android.com/'),(294,'Mozilla/5.0 (Linux; Android 6.0; vivo 1601) AppleWebKit/537.36 (KHTML, like Gecko) Chrome/83.0.4103.106 Mobile Safari/537.36',1,'Chrome','chrome','83.0.4103.106','http://www.google.com/chrome/','Android','android','6.0','http://www.android.com/'),(295,'Mozilla/5.0 (Linux; Android 6.0; vivo 1609) AppleWebKit/537.36 (KHTML, like Gecko) Chrome/84.0.4147.125 Mobile Safari/537.36',1,'Chrome','chrome','84.0.4147.125','http://www.google.com/chrome/','Android','android','6.0','http://www.android.com/'),(296,'Mozilla/5.0 (Linux; Android 7.1.1; CPH1729) AppleWebKit/537.36 (KHTML, like Gecko) Chrome/84.0.4147.125 Mobile Safari/537.36',1,'Chrome','chrome','84.0.4147.125','http://www.google.com/chrome/','Android','android','7.1.1','http://www.android.com/'),(297,'Mozilla/4.0 (compatible; MSIE 6.0; Windows NT 5.1; SV1)',1,'Internet Explorer','ie','6.0','http://windows.microsoft.com/en-US/internet-explorer/products/ie/home','Windows','windows','XP','http://windows.microsoft.com/en-US/windows/products/windows-xp'),(298,'Mozilla/5.0 (Linux; U; Android 8.1.0; in-id; CPH1803 Build/OPM1.171019.026) AppleWebKit/537.36 (KHTML, like Gecko) Version/4.0 Chrome/53.0.2785.134 Mobile Safari/537.36 OppoBrowser/15.5.1.10',1,'Chrome','chrome','53.0.2785.134','http://www.google.com/chrome/','Android','android','8.1.0','http://www.android.com/'),(299,'Mozilla/5.0 (Windows NT 10.0; Win64; x64) AppleWebKit/537.36 (KHTML, like Gecko) Chrome/84.0.4147.135 Safari/537.36',1,'Chrome','chrome','84.0.4147.135','http://www.google.com/chrome/','Windows','windows','NT','http://www.microsoft.com/windows/'),(300,'Mozilla/5.0 (Linux; Android 5.1.1; SAMSUNG SM-J111F Build/LMY47V) AppleWebKit/537.36 (KHTML, like Gecko) SamsungBrowser/3.5 Chrome/38.0.2125.102 Mobile Safari/537.36',1,'Chrome','chrome','38.0.2125.102','http://www.google.com/chrome/','Android','android','5.1.1','http://www.android.com/'),(301,'Mozilla/5.0 (Linux; Android 8.1.0; vivo 1808) AppleWebKit/537.36 (KHTML, like Gecko) Chrome/81.0.4044.117 Mobile Safari/537.36',2,'Chrome','chrome','81.0.4044.117','http://www.google.com/chrome/','Android','android','8.1.0','http://www.android.com/'),(302,'Mozilla/5.0 (Linux; Android 9; vivo 1819) AppleWebKit/537.36 (KHTML, like Gecko) Chrome/85.0.4183.81 Mobile Safari/537.36',2,'Chrome','chrome','85.0.4183.81','http://www.google.com/chrome/','Android','android','9','http://www.android.com/'),(303,'Mozilla/5.0 (Linux; Android 7.0; Redmi Note 4) AppleWebKit/537.36 (KHTML, like Gecko) Chrome/84.0.4147.125 Mobile Safari/537.36',5,'Chrome','chrome','84.0.4147.125','http://www.google.com/chrome/','Android','android','7.0','http://www.android.com/'),(304,'Mozilla/5.0 (Linux; U; Android 9; in-id; CPH2083 Build/PPR1.180610.011) AppleWebKit/537.36 (KHTML, like Gecko) Version/4.0 Chrome/53.0.2785.134 Mobile Safari/537.36 OppoBrowser/25.5.1.10',1,'Chrome','chrome','53.0.2785.134','http://www.google.com/chrome/','Android','android','9','http://www.android.com/'),(305,'Mozilla/5.0 (Linux; Android 7.1.2; Redmi 4X) AppleWebKit/537.36 (KHTML, like Gecko) Chrome/85.0.4183.81 Mobile Safari/537.36',1,'Chrome','chrome','85.0.4183.81','http://www.google.com/chrome/','Android','android','7.1.2','http://www.android.com/'),(306,'Mozilla/5.0 (Windows NT 10.0; Win64; x64) AppleWebKit/537.36 (KHTML, like Gecko) Chrome/85.0.4183.83 Safari/537.36',1,'Chrome','chrome','85.0.4183.83','http://www.google.com/chrome/','Windows','windows','NT','http://www.microsoft.com/windows/'),(307,'Mozilla/5.0 (Macintosh; Intel Mac OS X 10_13_6) AppleWebKit/537.36 (KHTML, like Gecko) Chrome/85.0.4183.102 Safari/537.36',1,'Chrome','chrome','85.0.4183.102','http://www.google.com/chrome/','Mac OS','macos','X','http://www.apple.com/macosx/'),(308,'Mozilla/5.0 (Linux; Android 8.1.0; vivo 1820 Build/O11019; wv) AppleWebKit/537.36 (KHTML, like Gecko) Chrome/62.0.3202.84 Mobile Safari/537.36 VivoBrowser/6.5.0.2',2,'Chrome','chrome','62.0.3202.84','http://www.google.com/chrome/','Android','android','8.1.0','http://www.android.com/'),(309,'Mozilla/5.0 (Windows NT 10.0) AppleWebKit/537.36 (KHTML, like Gecko) Chrome/85.0.4183.102 Safari/537.36',2,'Chrome','chrome','85.0.4183.102','http://www.google.com/chrome/','Windows','windows','NT','http://www.microsoft.com/windows/'),(310,'Mozilla/5.0 (Linux; Android 8.1.0; vivo 1820) AppleWebKit/537.36 (KHTML, like Gecko) Chrome/70.0.3538.110 Mobile Safari/537.36',2,'Chrome','chrome','70.0.3538.110','http://www.google.com/chrome/','Android','android','8.1.0','http://www.android.com/'),(311,'Mozilla/5.0 (Linux; U; Android 8.1.0; in-id; CPH1803 Build/OPM1.171019.026) AppleWebKit/537.36 (KHTML, like Gecko) Version/4.0 Chrome/70.0.3538.80 Mobile Safari/537.36 HeyTapBrowser/15.7.3.1',6,'Chrome','chrome','70.0.3538.80','http://www.google.com/chrome/','Android','android','8.1.0','http://www.android.com/'),(312,'Mozilla/5.0 (Linux; Android 10; SM-G970F) AppleWebKit/537.36 (KHTML, like Gecko) Chrome/85.0.4183.101 Mobile Safari/537.36',4,'Chrome','chrome','85.0.4183.101','http://www.google.com/chrome/','Android','android','10','http://www.android.com/'),(313,'Mozilla/5.0 (iPhone; CPU iPhone OS 13_6_1 like Mac OS X) AppleWebKit/605.1.15 (KHTML, like Gecko) Version/13.1.2 Mobile/15E148 Safari/604.1',2,'iPhone','iphone','','http://www.apple.com/iphone/','iPhone OS','iphone','13_6_1','http://www.apple.com/iphone/'),(314,'Mozilla/5.0 (Linux; Android 7.1.2; Redmi 4X) AppleWebKit/537.36 (KHTML, like Gecko) Chrome/80.0.3987.132 Mobile Safari/537.36',2,'Chrome','chrome','80.0.3987.132','http://www.google.com/chrome/','Android','android','7.1.2','http://www.android.com/'),(315,'Mozilla/5.0 (Linux; Android 10; M2003J15SC) AppleWebKit/537.36 (KHTML, like Gecko) Chrome/83.0.4103.101 Mobile Safari/537.36',2,'Chrome','chrome','83.0.4103.101','http://www.google.com/chrome/','Android','android','10','http://www.android.com/'),(316,'Mozilla/5.0 (Linux; Android 9; Redmi Note 7) AppleWebKit/537.36 (KHTML, like Gecko) Chrome/80.0.3987.99 Mobile Safari/537.36',1,'Chrome','chrome','80.0.3987.99','http://www.google.com/chrome/','Android','android','9','http://www.android.com/'),(317,'Mozilla/5.0 (Windows NT 10.0; Win64; x64) AppleWebKit/537.36 (KHTML, like Gecko) Chrome/85.0.4183.102 Safari/537.36',1,'Chrome','chrome','85.0.4183.102','http://www.google.com/chrome/','Windows','windows','NT','http://www.microsoft.com/windows/'),(318,'Mozilla/5.0 (Linux; Android 9; SM-J415F) AppleWebKit/537.36 (KHTML, like Gecko) Chrome/85.0.4183.101 Mobile Safari/537.36',2,'Chrome','chrome','85.0.4183.101','http://www.google.com/chrome/','Android','android','9','http://www.android.com/'),(319,'Mozilla/5.0 (Linux; Android 9; SM-M307F) AppleWebKit/537.36 (KHTML, like Gecko) Chrome/74.0.3729.136 Mobile Safari/537.36',1,'Chrome','chrome','74.0.3729.136','http://www.google.com/chrome/','Android','android','9','http://www.android.com/'),(320,'Mozilla/5.0 (Linux; Android 7.1.1; CPH1723) AppleWebKit/537.36 (KHTML, like Gecko) Chrome/72.0.3626.96 Mobile Safari/537.36',1,'Chrome','chrome','72.0.3626.96','http://www.google.com/chrome/','Android','android','7.1.1','http://www.android.com/'),(321,'Mozilla/5.0 (Linux; Android 7.0; SAMSUNG SM-G610F) AppleWebKit/537.36 (KHTML, like Gecko) SamsungBrowser/12.1 Chrome/79.0.3945.136 Mobile Safari/537.36',1,'Chrome','chrome','79.0.3945.136','http://www.google.com/chrome/','Android','android','7.0','http://www.android.com/'),(322,'Mozilla/5.0 (Linux; Android 9; vivo 2007) AppleWebKit/537.36 (KHTML, like Gecko) Chrome/85.0.4183.120 Mobile Safari/537.36',1,'Chrome','chrome','85.0.4183.120','http://www.google.com/chrome/','Android','android','9','http://www.android.com/'),(323,'Mozilla/5.0 (Linux; U; Android 8.1.0; in-id; CPH1803 Build/OPM1.171019.026) AppleWebKit/537.36 (KHTML, like Gecko) Version/4.0 Chrome/70.0.3538.80 Mobile Safari/537.36 HeyTapBrowser/15.7.2.5',2,'Chrome','chrome','70.0.3538.80','http://www.google.com/chrome/','Android','android','8.1.0','http://www.android.com/'),(324,'Mozilla/5.0 (Linux; U; Android 8.1.0; in-id; CPH1803 Build/OPM1.171019.026) AppleWebKit/537.36 (KHTML, like Gecko) Version/4.0 Chrome/70.0.3538.80 Mobile Safari/537.36 HeyTapBrowser/15.7.2.5 (MediaQuark)',1,'Chrome','chrome','70.0.3538.80','http://www.google.com/chrome/','Android','android','8.1.0','http://www.android.com/'),(325,'Mozilla/5.0 (iPhone; CPU iPhone OS 12_3 like Mac OS X) AppleWebKit/605.1.15 (KHTML, like Gecko) GSA/123.4.330040034 Mobile/15E148 Safari/604.1',1,'iPhone','iphone','','http://www.apple.com/iphone/','iPhone OS','iphone','12_3','http://www.apple.com/iphone/'),(326,'Mozilla/5.0 (Linux; Android 8.1.0; vivo 1807) AppleWebKit/537.36 (KHTML, like Gecko) Chrome/80.0.3987.132 Mobile Safari/537.36',1,'Chrome','chrome','80.0.3987.132','http://www.google.com/chrome/','Android','android','8.1.0','http://www.android.com/'),(327,'Mozilla/5.0 (Linux; Android 10; RMX1851) AppleWebKit/537.36 (KHTML, like Gecko) Chrome/85.0.4183.120 Mobile Safari/537.36',3,'Chrome','chrome','85.0.4183.120','http://www.google.com/chrome/','Android','android','10','http://www.android.com/'),(328,'Mozilla/5.0 (Windows NT 10.0; Win64; x64) AppleWebKit/537.36 (KHTML, like Gecko) Chrome/85.0.4183.121 Safari/537.36',4,'Chrome','chrome','85.0.4183.121','http://www.google.com/chrome/','Windows','windows','NT','http://www.microsoft.com/windows/'),(329,'Mozilla/5.0 (Linux; Android 9; CPH1931) AppleWebKit/537.36 (KHTML, like Gecko) Chrome/74.0.3729.136 Mobile Safari/537.36',4,'Chrome','chrome','74.0.3729.136','http://www.google.com/chrome/','Android','android','9','http://www.android.com/'),(330,'Mozilla/5.0 (Linux; Android 9; CPH1931) AppleWebKit/537.36 (KHTML, like Gecko) Chrome/83.0.4103.96 Mobile Safari/537.36',2,'Chrome','chrome','83.0.4103.96','http://www.google.com/chrome/','Android','android','9','http://www.android.com/'),(331,'Mozilla/5.0 (Windows NT 6.1; Win64; x64) AppleWebKit/537.36 (KHTML, like Gecko) Chrome/85.0.4183.121 Safari/537.36',1,'Chrome','chrome','85.0.4183.121','http://www.google.com/chrome/','Windows','windows','7 64 bit','http://windows.microsoft.com/en-US/windows7/products/home'),(332,'Mozilla/5.0 (Linux; Android 8.1.0; SM-C710F) AppleWebKit/537.36 (KHTML, like Gecko) Chrome/85.0.4183.81 Mobile Safari/537.36',1,'Chrome','chrome','85.0.4183.81','http://www.google.com/chrome/','Android','android','8.1.0','http://www.android.com/'),(333,'Mozilla/5.0 (iPhone; CPU iPhone OS 13_3_1 like Mac OS X) AppleWebKit/605.1.15 (KHTML, like Gecko) Version/13.0.5 Mobile/15E148 Safari/604.1',1,'iPhone','iphone','','http://www.apple.com/iphone/','iPhone OS','iphone','13_3_1','http://www.apple.com/iphone/'),(334,'Mozilla/5.0 (Linux; Android 8.0.0; ASUS_X00RD) AppleWebKit/537.36 (KHTML, like Gecko) Chrome/74.0.3729.157 Mobile Safari/537.36',1,'Chrome','chrome','74.0.3729.157','http://www.google.com/chrome/','Android','android','8.0.0','http://www.android.com/'),(335,'Mozilla/5.0 (Linux; Android 8.1.0; vivo 1724) AppleWebKit/537.36 (KHTML, like Gecko) Chrome/85.0.4183.127 Mobile Safari/537.36',1,'Chrome','chrome','85.0.4183.127','http://www.google.com/chrome/','Android','android','8.1.0','http://www.android.com/'),(336,'Mozilla/5.0 (Linux; Android 9; CPH2015) AppleWebKit/537.36 (KHTML, like Gecko) Chrome/85.0.4183.127 Mobile Safari/537.36',2,'Chrome','chrome','85.0.4183.127','http://www.google.com/chrome/','Android','android','9','http://www.android.com/'),(337,'Mozilla/5.0 (Linux; Android 9; vivo 1804 Build/PKQ1.180819.001; wv) AppleWebKit/537.36 (KHTML, like Gecko) Chrome/62.0.3202.84 Mobile Safari/537.36 VivoBrowser/6.8.0.1',1,'Chrome','chrome','62.0.3202.84','http://www.google.com/chrome/','Android','android','9','http://www.android.com/'),(338,'Mozilla/5.0 (Linux; Android 6.0.1; Mi-4c) AppleWebKit/537.36 (KHTML, like Gecko) Chrome/85.0.4183.101 Mobile Safari/537.36',1,'Chrome','chrome','85.0.4183.101','http://www.google.com/chrome/','Android','android','6.0.1','http://www.android.com/'),(339,'Mozilla/5.0 (Linux; Android 9; ASUS_X00TD) AppleWebKit/537.36 (KHTML, like Gecko) Chrome/85.0.4183.127 Mobile Safari/537.36',1,'Chrome','chrome','85.0.4183.127','http://www.google.com/chrome/','Android','android','9','http://www.android.com/'),(340,'Mozilla/5.0 (iPhone; CPU iPhone OS 12_4_8 like Mac OS X) AppleWebKit/605.1.15 (KHTML, like Gecko) Version/12.1.2 Mobile/15E148 Safari/604.1',1,'iPhone','iphone','','http://www.apple.com/iphone/','iPhone OS','iphone','12_4_8','http://www.apple.com/iphone/'),(341,'Mozilla/5.0 (Linux; Android 8.1.0; CPH1803) AppleWebKit/537.36 (KHTML, like Gecko) Chrome/80.0.3987.149 Mobile Safari/537.36',1,'Chrome','chrome','80.0.3987.149','http://www.google.com/chrome/','Android','android','8.1.0','http://www.android.com/'),(342,'Mozilla/5.0 (Linux; Android 10; CPH1937) AppleWebKit/537.36 (KHTML, like Gecko) Chrome/81.0.4044.138 Mobile Safari/537.36',1,'Chrome','chrome','81.0.4044.138','http://www.google.com/chrome/','Android','android','10','http://www.android.com/'),(343,'Mozilla/5.0 (Linux; Android 9; SM-A105G) AppleWebKit/537.36 (KHTML, like Gecko) Chrome/84.0.4147.89 Mobile Safari/537.36',3,'Chrome','chrome','84.0.4147.89','http://www.google.com/chrome/','Android','android','9','http://www.android.com/'),(344,'Mozilla/5.0 (Linux; Android 6.0.1; vivo 1606) AppleWebKit/537.36 (KHTML, like Gecko) Chrome/85.0.4183.81 Mobile Safari/537.36',1,'Chrome','chrome','85.0.4183.81','http://www.google.com/chrome/','Android','android','6.0.1','http://www.android.com/'),(345,'Mozilla/5.0 (Windows NT 10.0; Win64; x64) AppleWebKit/537.36 (KHTML, like Gecko) Chrome/84.0.4147.105 Safari/537.36',1,'Chrome','chrome','84.0.4147.105','http://www.google.com/chrome/','Windows','windows','NT','http://www.microsoft.com/windows/'),(346,'Mozilla/5.0 (Windows NT 10.0; WOW64) AppleWebKit/537.36 (KHTML, like Gecko) Chrome/85.0.4183.121 Safari/537.36',1,'Chrome','chrome','85.0.4183.121','http://www.google.com/chrome/','Windows','windows','NT','http://www.microsoft.com/windows/'),(347,'Mozilla/5.0 (Linux; Android 9; vivo 1901) AppleWebKit/537.36 (KHTML, like Gecko) Chrome/86.0.4240.75 Mobile Safari/537.36',1,'Chrome','chrome','86.0.4240.75','http://www.google.com/chrome/','Android','android','9','http://www.android.com/'),(348,'Mozilla/5.0 (Linux; Android 5.1.1; A37f Build/LMY47V) AppleWebKit/537.36 (KHTML, like Gecko) Chrome/68.0.3440.70 Mobile Safari/537.36',1,'Chrome','chrome','68.0.3440.70','http://www.google.com/chrome/','Android','android','5.1.1','http://www.android.com/'),(349,'Mozilla/5.0 (Linux; Android 9; SAMSUNG SM-G950F) AppleWebKit/537.36 (KHTML, like Gecko) SamsungBrowser/12.1 Chrome/79.0.3945.136 Mobile Safari/537.36',1,'Chrome','chrome','79.0.3945.136','http://www.google.com/chrome/','Android','android','9','http://www.android.com/'),(350,'Mozilla/5.0 (Linux; Android 9; Redmi Note 7) AppleWebKit/537.36 (KHTML, like Gecko) Chrome/86.0.4240.99 Mobile Safari/537.36',1,'Chrome','chrome','86.0.4240.99','http://www.google.com/chrome/','Android','android','9','http://www.android.com/'),(351,'Mozilla/5.0 (Linux; Android 9; Lenovo L18081) AppleWebKit/537.36 (KHTML, like Gecko) Chrome/78.0.3904.96 Mobile Safari/537.36',1,'Chrome','chrome','78.0.3904.96','http://www.google.com/chrome/','Android','android','9','http://www.android.com/'),(352,'Mozilla/5.0 (Linux; Android 10; SM-A107F) AppleWebKit/537.36 (KHTML, like Gecko) Chrome/83.0.4103.106 Mobile Safari/537.36',1,'Chrome','chrome','83.0.4103.106','http://www.google.com/chrome/','Android','android','10','http://www.android.com/'),(353,'Mozilla/5.0 (Linux; Android 7.1.2; Redmi Note 5A) AppleWebKit/537.36 (KHTML, like Gecko) Chrome/84.0.4147.89 Mobile Safari/537.36',2,'Chrome','chrome','84.0.4147.89','http://www.google.com/chrome/','Android','android','7.1.2','http://www.android.com/'),(354,'Mozilla/5.0 (Linux; Android 7.1.2; Redmi 4A) AppleWebKit/537.36 (KHTML, like Gecko) Chrome/86.0.4240.99 Mobile Safari/537.36',1,'Chrome','chrome','86.0.4240.99','http://www.google.com/chrome/','Android','android','7.1.2','http://www.android.com/'),(355,'Mozilla/5.0 (Windows NT 10.0; Win64; x64) AppleWebKit/537.36 (KHTML, like Gecko) Chrome/86.0.4240.75 Safari/537.36',2,'Chrome','chrome','86.0.4240.75','http://www.google.com/chrome/','Windows','windows','NT','http://www.microsoft.com/windows/'),(356,'Mozilla/5.0 (Linux; Android 7.0; vivo 1612 Build/NRD90M) AppleWebKit/537.36 (KHTML, like Gecko) Chrome/67.0.3396.87 Mobile Safari/537.36',3,'Chrome','chrome','67.0.3396.87','http://www.google.com/chrome/','Android','android','7.0','http://www.android.com/'),(357,'Mozilla/5.0 (Linux; Android 10; CPH1931) AppleWebKit/537.36 (KHTML, like Gecko) Chrome/81.0.4044.138 Mobile Safari/537.36',1,'Chrome','chrome','81.0.4044.138','http://www.google.com/chrome/','Android','android','10','http://www.android.com/'),(358,'Mozilla/5.0 (Linux; Android 8.1.0; CPH1853) AppleWebKit/537.36 (KHTML, like Gecko) Chrome/80.0.3987.119 Mobile Safari/537.36',1,'Chrome','chrome','80.0.3987.119','http://www.google.com/chrome/','Android','android','8.1.0','http://www.android.com/'),(359,'Mozilla/5.0 (Windows NT 6.1; WOW64) AppleWebKit/537.36 (KHTML, like Gecko) Chrome/86.0.4240.111 Safari/537.36',2,'Chrome','chrome','86.0.4240.111','http://www.google.com/chrome/','Windows','windows','7 64 bit','http://windows.microsoft.com/en-US/windows7/products/home'),(360,'Mozilla/5.0 (Windows NT 10.0; Win64; x64) AppleWebKit/537.36 (KHTML, like Gecko) Chrome/86.0.4240.111 Safari/537.36',5,'Chrome','chrome','86.0.4240.111','http://www.google.com/chrome/','Windows','windows','NT','http://www.microsoft.com/windows/'),(361,'Mozilla/5.0 (Linux; Android 8.1.0; CPH1803) AppleWebKit/537.36 (KHTML, like Gecko) Chrome/86.0.4240.110 Mobile Safari/537.36',2,'Chrome','chrome','86.0.4240.110','http://www.google.com/chrome/','Android','android','8.1.0','http://www.android.com/'),(362,'Mozilla/5.0 (Linux; Android 8.1.0; CPH1853 Build/OPM1.171019.026) AppleWebKit/537.36 (KHTML, like Gecko) Chrome/68.0.3440.91 Mobile Safari/537.36',4,'Chrome','chrome','68.0.3440.91','http://www.google.com/chrome/','Android','android','8.1.0','http://www.android.com/'),(363,'Mozilla/5.0 (Linux; Android 9; CPH2015) AppleWebKit/537.36 (KHTML, like Gecko) Chrome/86.0.4240.110 Mobile Safari/537.36',1,'Chrome','chrome','86.0.4240.110','http://www.google.com/chrome/','Android','android','9','http://www.android.com/'),(364,'Mozilla/5.0 (Linux; Android 9; RMX1941) AppleWebKit/537.36 (KHTML, like Gecko) Chrome/86.0.4240.110 Mobile Safari/537.36',1,'Chrome','chrome','86.0.4240.110','http://www.google.com/chrome/','Android','android','9','http://www.android.com/'),(365,'Mozilla/5.0 (Linux; Android 10; CPH1931) AppleWebKit/537.36 (KHTML, like Gecko) Chrome/86.0.4240.185 Mobile Safari/537.36',2,'Chrome','chrome','86.0.4240.185','http://www.google.com/chrome/','Android','android','10','http://www.android.com/'),(366,'Mozilla/5.0 (Linux; Android 9; vivo 1901) AppleWebKit/537.36 (KHTML, like Gecko) Chrome/84.0.4147.89 Mobile Safari/537.36',2,'Chrome','chrome','84.0.4147.89','http://www.google.com/chrome/','Android','android','9','http://www.android.com/'),(367,'Mozilla/5.0 (Linux; Android 8.1.0; vivo 1817) AppleWebKit/537.36 (KHTML, like Gecko) Chrome/80.0.3987.117 Mobile Safari/537.36',1,'Chrome','chrome','80.0.3987.117','http://www.google.com/chrome/','Android','android','8.1.0','http://www.android.com/'),(368,'Mozilla/5.0 (Linux; Android 10; RMX1911) AppleWebKit/537.36 (KHTML, like Gecko) Chrome/80.0.3987.132 Mobile Safari/537.36',1,'Chrome','chrome','80.0.3987.132','http://www.google.com/chrome/','Android','android','10','http://www.android.com/'),(369,'Mozilla/5.0 (Linux; Android 10; RMX2020) AppleWebKit/537.36 (KHTML, like Gecko) Chrome/86.0.4240.110 Mobile Safari/537.36',1,'Chrome','chrome','86.0.4240.110','http://www.google.com/chrome/','Android','android','10','http://www.android.com/'),(370,'Mozilla/5.0 (Linux; Android 8.1.0; SAMSUNG SM-G610F) AppleWebKit/537.36 (KHTML, like Gecko) SamsungBrowser/12.1 Chrome/79.0.3945.136 Mobile Safari/537.36',1,'Chrome','chrome','79.0.3945.136','http://www.google.com/chrome/','Android','android','8.1.0','http://www.android.com/'),(371,'Mozilla/5.0 (Linux; Android 6.0.1; vivo 1606) AppleWebKit/537.36 (KHTML, like Gecko) Chrome/85.0.4183.101 Mobile Safari/537.36',1,'Chrome','chrome','85.0.4183.101','http://www.google.com/chrome/','Android','android','6.0.1','http://www.android.com/'),(372,'Mozilla/5.0 (Linux; Android 5.1.1; ASUS_X00BD Build/LMY47V) AppleWebKit/537.36 (KHTML, like Gecko) Chrome/50.0.2661.89 Mobile Safari/537.36',1,'Chrome','chrome','50.0.2661.89','http://www.google.com/chrome/','Android','android','5.1.1','http://www.android.com/'),(373,'Mozilla/5.0 (Linux; Android 9; Redmi Note 7) AppleWebKit/537.36 (KHTML, like Gecko) Chrome/80.0.3987.149 Mobile Safari/537.36',2,'Chrome','chrome','80.0.3987.149','http://www.google.com/chrome/','Android','android','9','http://www.android.com/'),(374,'Mozilla/5.0 (Linux; Android 10; Redmi Note 7) AppleWebKit/537.36 (KHTML, like Gecko) Chrome/81.0.4044.138 Mobile Safari/537.36',1,'Chrome','chrome','81.0.4044.138','http://www.google.com/chrome/','Android','android','10','http://www.android.com/'),(375,'Mozilla/5.0 (Linux; Android 8.1.0; vivo 1812 Build/O11019; wv) AppleWebKit/537.36 (KHTML, like Gecko) Chrome/62.0.3202.84 Mobile Safari/537.36 VivoBrowser/6.2.0.1',2,'Chrome','chrome','62.0.3202.84','http://www.google.com/chrome/','Android','android','8.1.0','http://www.android.com/'),(376,'Mozilla/5.0 (Linux; Android 9; CPH2015) AppleWebKit/537.36 (KHTML, like Gecko) Chrome/74.0.3729.136 Mobile Safari/537.36',1,'Chrome','chrome','74.0.3729.136','http://www.google.com/chrome/','Android','android','9','http://www.android.com/'),(377,'Mozilla/5.0 (iPhone; CPU iPhone OS 12_4_6 like Mac OS X) AppleWebKit/605.1.15 (KHTML, like Gecko) Version/12.1.2 Mobile/15E148 Safari/604.1',1,'iPhone','iphone','','http://www.apple.com/iphone/','iPhone OS','iphone','12_4_6','http://www.apple.com/iphone/'),(378,'Mozilla/5.0 (Linux; Android 7.1.2; Redmi 4A) AppleWebKit/537.36 (KHTML, like Gecko) Chrome/85.0.4183.101 Mobile Safari/537.36',1,'Chrome','chrome','85.0.4183.101','http://www.google.com/chrome/','Android','android','7.1.2','http://www.android.com/'),(379,'Mozilla/5.0 (Linux; Android 7.1.2; vivo 1719) AppleWebKit/537.36 (KHTML, like Gecko) Chrome/80.0.3987.117 Mobile Safari/537.36',1,'Chrome','chrome','80.0.3987.117','http://www.google.com/chrome/','Android','android','7.1.2','http://www.android.com/'),(380,'Mozilla/5.0 (iPhone; CPU iPhone OS 13_7 like Mac OS X) AppleWebKit/605.1.15 (KHTML, like Gecko) Version/13.1.2 Mobile/15E148 Safari/604.1',4,'iPhone','iphone','','http://www.apple.com/iphone/','iPhone OS','iphone','13_7','http://www.apple.com/iphone/'),(381,'Mozilla/5.0 (Linux; Android 9; CPH2083) AppleWebKit/537.36 (KHTML, like Gecko) Chrome/86.0.4240.99 Mobile Safari/537.36',1,'Chrome','chrome','86.0.4240.99','http://www.google.com/chrome/','Android','android','9','http://www.android.com/'),(382,'Mozilla/5.0 (Linux; Android 9; vivo 1904) AppleWebKit/537.36 (KHTML, like Gecko) Chrome/74.0.3729.136 Mobile Safari/537.36',3,'Chrome','chrome','74.0.3729.136','http://www.google.com/chrome/','Android','android','9','http://www.android.com/'),(383,'Mozilla/5.0 (Linux; Android 9; Redmi 6A) AppleWebKit/537.36 (KHTML, like Gecko) Chrome/74.0.3729.136 Mobile Safari/537.36',1,'Chrome','chrome','74.0.3729.136','http://www.google.com/chrome/','Android','android','9','http://www.android.com/'),(384,'Mozilla/5.0 (Linux; Android 10; vivo 1935) AppleWebKit/537.36 (KHTML, like Gecko) Chrome/86.0.4240.185 Mobile Safari/537.36',1,'Chrome','chrome','86.0.4240.185','http://www.google.com/chrome/','Android','android','10','http://www.android.com/'),(385,'Mozilla/5.0 (Linux; Android 8.0.0; Lenovo K520) AppleWebKit/537.36 (KHTML, like Gecko) Chrome/86.0.4240.185 Mobile Safari/537.36',1,'Chrome','chrome','86.0.4240.185','http://www.google.com/chrome/','Android','android','8.0.0','http://www.android.com/'),(386,'Mozilla/5.0 (Linux; Android 6.0.1; SM-G532G) AppleWebKit/537.36 (KHTML, like Gecko) Chrome/84.0.4147.111 Mobile Safari/537.36',3,'Chrome','chrome','84.0.4147.111','http://www.google.com/chrome/','Android','android','6.0.1','http://www.android.com/'),(387,'Mozilla/5.0 (Linux; Android 8.1.0; vivo 1812) AppleWebKit/537.36 (KHTML, like Gecko) Chrome/80.0.3987.162 Mobile Safari/537.36',1,'Chrome','chrome','80.0.3987.162','http://www.google.com/chrome/','Android','android','8.1.0','http://www.android.com/'),(388,'Mozilla/5.0 (Linux; Android 10; CPH1969) AppleWebKit/537.36 (KHTML, like Gecko) Chrome/86.0.4240.185 Mobile Safari/537.36',1,'Chrome','chrome','86.0.4240.185','http://www.google.com/chrome/','Android','android','10','http://www.android.com/'),(389,'Mozilla/5.0 (Linux; Android 10; SM-A105G) AppleWebKit/537.36 (KHTML, like Gecko) Chrome/85.0.4183.101 Mobile Safari/537.36',3,'Chrome','chrome','85.0.4183.101','http://www.google.com/chrome/','Android','android','10','http://www.android.com/'),(390,'Mozilla/5.0 (Linux; Android 10; RMX2061) AppleWebKit/537.36 (KHTML, like Gecko) Chrome/86.0.4240.110 Mobile Safari/537.36',1,'Chrome','chrome','86.0.4240.110','http://www.google.com/chrome/','Android','android','10','http://www.android.com/'),(391,'Mozilla/5.0 (iPhone; CPU iPhone OS 11_4_1 like Mac OS X) AppleWebKit/605.1.15 (KHTML, like Gecko) Version/11.0 Mobile/15E148 Safari/604.1',1,'iPhone','iphone','','http://www.apple.com/iphone/','iPhone OS','iphone','11_4_1','http://www.apple.com/iphone/'),(392,'Mozilla/5.0 (Linux; Android 6.0; MEIZU_M5) AppleWebKit/537.36 (KHTML, like Gecko) Chrome/84.0.4147.125 Mobile Safari/537.36',1,'Chrome','chrome','84.0.4147.125','http://www.google.com/chrome/','Android','android','6.0','http://www.android.com/'),(393,'Mozilla/5.0 (Linux; Android 7.1.2; vivo 1719 Build/N2G47H) AppleWebKit/537.36 (KHTML, like Gecko) Chrome/64.0.3282.137 Mobile Safari/537.36',1,'Chrome','chrome','64.0.3282.137','http://www.google.com/chrome/','Android','android','7.1.2','http://www.android.com/'),(394,'Mozilla/5.0 (Linux; Android 8.1.0; vivo 1820) AppleWebKit/537.36 (KHTML, like Gecko) Chrome/79.0.3945.116 Mobile Safari/537.36',1,'Chrome','chrome','79.0.3945.116','http://www.google.com/chrome/','Android','android','8.1.0','http://www.android.com/'),(395,'Mozilla/5.0 (Linux; Android 9; Redmi S2) AppleWebKit/537.36 (KHTML, like Gecko) Chrome/85.0.4183.81 Mobile Safari/537.36',1,'Chrome','chrome','85.0.4183.81','http://www.google.com/chrome/','Android','android','9','http://www.android.com/'),(396,'Mozilla/5.0 (Linux; Android 10; SM-G973F) AppleWebKit/537.36 (KHTML, like Gecko) Chrome/81.0.4044.138 Mobile Safari/537.36',1,'Chrome','chrome','81.0.4044.138','http://www.google.com/chrome/','Android','android','10','http://www.android.com/'),(397,'Mozilla/5.0 (Linux; Android 10; Redmi Note 8 Pro) AppleWebKit/537.36 (KHTML, like Gecko) Chrome/86.0.4240.198 Mobile Safari/537.36',3,'Chrome','chrome','86.0.4240.198','http://www.google.com/chrome/','Android','android','10','http://www.android.com/'),(398,'Mozilla/5.0 (Windows NT 10.0; WOW64) AppleWebKit/537.36 (KHTML, like Gecko) Chrome/86.0.4240.198 Safari/537.36',2,'Chrome','chrome','86.0.4240.198','http://www.google.com/chrome/','Windows','windows','NT','http://www.microsoft.com/windows/'),(399,'Mozilla/5.0 (Linux; Android 7.1.2; Redmi 4A) AppleWebKit/537.36 (KHTML, like Gecko) Chrome/86.0.4240.198 Mobile Safari/537.36',1,'Chrome','chrome','86.0.4240.198','http://www.google.com/chrome/','Android','android','7.1.2','http://www.android.com/'),(400,'Mozilla/5.0 (Windows NT 10.0; WOW64) AppleWebKit/537.36 (KHTML, like Gecko) Chrome/87.0.4280.66 Safari/537.36',2,'Chrome','chrome','87.0.4280.66','http://www.google.com/chrome/','Windows','windows','NT','http://www.microsoft.com/windows/'),(401,'Mozilla/5.0 (Linux; Android 5.1.1; Redmi 3) AppleWebKit/537.36 (KHTML, like Gecko) Chrome/81.0.4044.117 Mobile Safari/537.36',1,'Chrome','chrome','81.0.4044.117','http://www.google.com/chrome/','Android','android','5.1.1','http://www.android.com/'),(402,'Mozilla/5.0 (Windows NT 6.1) AppleWebKit/537.36 (KHTML, like Gecko) Chrome/87.0.4280.66 Safari/537.36',1,'Chrome','chrome','87.0.4280.66','http://www.google.com/chrome/','Windows','windows','7','http://windows.microsoft.com/en-US/windows7/products/home'),(403,'Mozilla/5.0 (Linux; Android 9; SM-A107F) AppleWebKit/537.36 (KHTML, like Gecko) Chrome/84.0.4147.125 Mobile Safari/537.36',2,'Chrome','chrome','84.0.4147.125','http://www.google.com/chrome/','Android','android','9','http://www.android.com/'),(404,'Mozilla/5.0 (Linux; Android 10; SM-A307GN) AppleWebKit/537.36 (KHTML, like Gecko) Chrome/87.0.4280.66 Mobile Safari/537.36',1,'Chrome','chrome','87.0.4280.66','http://www.google.com/chrome/','Android','android','10','http://www.android.com/'),(405,'Mozilla/5.0 (Linux; Android 9; Redmi 7) AppleWebKit/537.36 (KHTML, like Gecko) Chrome/80.0.3987.99 Mobile Safari/537.36',3,'Chrome','chrome','80.0.3987.99','http://www.google.com/chrome/','Android','android','9','http://www.android.com/'),(406,'Mozilla/5.0 (Windows NT 6.1) AppleWebKit/537.36 (KHTML, like Gecko) Chrome/86.0.4240.111 Safari/537.36',1,'Chrome','chrome','86.0.4240.111','http://www.google.com/chrome/','Windows','windows','7','http://windows.microsoft.com/en-US/windows7/products/home'),(407,'Mozilla/5.0 (iPhone; CPU iPhone OS 14_0 like Mac OS X) AppleWebKit/605.1.15 (KHTML, like Gecko) Version/14.0 Mobile/15E148 Safari/604.1',1,'iPhone','iphone','','http://www.apple.com/iphone/','iPhone OS','iphone','14_0','http://www.apple.com/iphone/'),(408,'Mozilla/5.0 (Linux; Android 9; vivo 1902) AppleWebKit/537.36 (KHTML, like Gecko) Chrome/78.0.3904.96 Mobile Safari/537.36',1,'Chrome','chrome','78.0.3904.96','http://www.google.com/chrome/','Android','android','9','http://www.android.com/'),(409,'Mozilla/5.0 (Linux; Android 6.0.1; vivo 1606) AppleWebKit/537.36 (KHTML, like Gecko) Chrome/86.0.4240.99 Mobile Safari/537.36',1,'Chrome','chrome','86.0.4240.99','http://www.google.com/chrome/','Android','android','6.0.1','http://www.android.com/'),(410,'Mozilla/5.0 (Linux; Android 9; CPH1931) AppleWebKit/537.36 (KHTML, like Gecko) Chrome/86.0.4240.185 Mobile Safari/537.36',1,'Chrome','chrome','86.0.4240.185','http://www.google.com/chrome/','Android','android','9','http://www.android.com/'),(411,'Mozilla/5.0 (Linux; Android 9; Redmi Note 7) AppleWebKit/537.36 (KHTML, like Gecko) Chrome/87.0.4280.66 Mobile Safari/537.36',1,'Chrome','chrome','87.0.4280.66','http://www.google.com/chrome/','Android','android','9','http://www.android.com/'),(412,'Mozilla/5.0 (Linux; Android 9; Infinix X650C) AppleWebKit/537.36 (KHTML, like Gecko) Chrome/85.0.4183.101 Mobile Safari/537.36',2,'Chrome','chrome','85.0.4183.101','http://www.google.com/chrome/','Android','android','9','http://www.android.com/'),(413,'Mozilla/5.0 (Linux; Android 10; SM-A217F) AppleWebKit/537.36 (KHTML, like Gecko) Chrome/86.0.4240.198 Mobile Safari/537.36',1,'Chrome','chrome','86.0.4240.198','http://www.google.com/chrome/','Android','android','10','http://www.android.com/'),(414,'Mozilla/5.0 (Linux; Android 9; Redmi Note 8) AppleWebKit/537.36 (KHTML, like Gecko) Chrome/81.0.4044.138 Mobile Safari/537.36',2,'Chrome','chrome','81.0.4044.138','http://www.google.com/chrome/','Android','android','9','http://www.android.com/'),(415,'Mozilla/5.0 (Linux; Android 9; Redmi 7) AppleWebKit/537.36 (KHTML, like Gecko) Chrome/86.0.4240.198 Mobile Safari/537.36',1,'Chrome','chrome','86.0.4240.198','http://www.google.com/chrome/','Android','android','9','http://www.android.com/'),(416,'Mozilla/5.0 (Linux; Android 9; RMX1941) AppleWebKit/537.36 (KHTML, like Gecko) Chrome/84.0.4147.111 Mobile Safari/537.36',1,'Chrome','chrome','84.0.4147.111','http://www.google.com/chrome/','Android','android','9','http://www.android.com/'),(417,'Mozilla/5.0 (Linux; Android 8.1.0; CPH1803) AppleWebKit/537.36 (KHTML, like Gecko) Chrome/85.0.4183.127 Mobile Safari/537.36',1,'Chrome','chrome','85.0.4183.127','http://www.google.com/chrome/','Android','android','8.1.0','http://www.android.com/'),(418,'Mozilla/5.0 (Linux; Android 10; RMX1971) AppleWebKit/537.36 (KHTML, like Gecko) Chrome/86.0.4240.198 Mobile Safari/537.36',1,'Chrome','chrome','86.0.4240.198','http://www.google.com/chrome/','Android','android','10','http://www.android.com/'),(419,'Mozilla/5.0 (Linux; Android 8.1.0; Redmi 6) AppleWebKit/537.36 (KHTML, like Gecko) Chrome/81.0.4044.111 Mobile Safari/537.36',2,'Chrome','chrome','81.0.4044.111','http://www.google.com/chrome/','Android','android','8.1.0','http://www.android.com/'),(420,'Mozilla/5.0 (Linux; Android 5.1.1; A37fw) AppleWebKit/537.36 (KHTML, like Gecko) Chrome/86.0.4240.185 Mobile Safari/537.36',1,'Chrome','chrome','86.0.4240.185','http://www.google.com/chrome/','Android','android','5.1.1','http://www.android.com/'),(421,'Mozilla/5.0 (Linux; Android 8.0.0; SM-J330G) AppleWebKit/537.36 (KHTML, like Gecko) Chrome/76.0.3809.111 Mobile Safari/537.36',1,'Chrome','chrome','76.0.3809.111','http://www.google.com/chrome/','Android','android','8.0.0','http://www.android.com/'),(422,'Mozilla/5.0 (Linux; Android 10; CPH2059) AppleWebKit/537.36 (KHTML, like Gecko) Chrome/80.0.3987.99 Mobile Safari/537.36',1,'Chrome','chrome','80.0.3987.99','http://www.google.com/chrome/','Android','android','10','http://www.android.com/'),(423,'Mozilla/5.0 (Linux; Android 10; V2027) AppleWebKit/537.36 (KHTML, like Gecko) Chrome/80.0.3987.99 Mobile Safari/537.36',1,'Chrome','chrome','80.0.3987.99','http://www.google.com/chrome/','Android','android','10','http://www.android.com/'),(424,'Mozilla/5.0 (Linux; Android 10; SM-A307GN) AppleWebKit/537.36 (KHTML, like Gecko) Chrome/81.0.4044.138 Mobile Safari/537.36',1,'Chrome','chrome','81.0.4044.138','http://www.google.com/chrome/','Android','android','10','http://www.android.com/'),(425,'Mozilla/5.0 (Windows NT 6.1) AppleWebKit/537.36 (KHTML, like Gecko) Chrome/86.0.4240.198 Safari/537.36',1,'Chrome','chrome','86.0.4240.198','http://www.google.com/chrome/','Windows','windows','7','http://windows.microsoft.com/en-US/windows7/products/home'),(426,'Mozilla/5.0 (Linux; Android 9; CPH1823) AppleWebKit/537.36 (KHTML, like Gecko) Chrome/74.0.3729.136 Mobile Safari/537.36',2,'Chrome','chrome','74.0.3729.136','http://www.google.com/chrome/','Android','android','9','http://www.android.com/'),(427,'Mozilla/5.0 (Macintosh; Intel Mac OS X 10_14_6) AppleWebKit/605.1.15 (KHTML, like Gecko) Version/14.0 Safari/605.1.15',1,'Safari','safari','14.0','http://www.apple.com/safari/','Mac OS','macos','X','http://www.apple.com/macosx/'),(428,'Mozilla/5.0 (Linux; Android 9; vivo 1904) AppleWebKit/537.36 (KHTML, like Gecko) Chrome/87.0.4280.101 Mobile Safari/537.36',1,'Chrome','chrome','87.0.4280.101','http://www.google.com/chrome/','Android','android','9','http://www.android.com/'),(429,'Mozilla/5.0 (Linux; Android 9; Redmi Note 5) AppleWebKit/537.36 (KHTML, like Gecko) Chrome/74.0.3729.136 Mobile Safari/537.36',1,'Chrome','chrome','74.0.3729.136','http://www.google.com/chrome/','Android','android','9','http://www.android.com/'),(430,'Mozilla/5.0 (iPhone; CPU iPhone OS 14_2 like Mac OS X) AppleWebKit/605.1.15 (KHTML, like Gecko) Version/14.0.1 Mobile/15E148 Safari/604.1',1,'iPhone','iphone','','http://www.apple.com/iphone/','iPhone OS','iphone','14_2','http://www.apple.com/iphone/'),(431,'Mozilla/5.0 (Linux; Android 10; SM-A750GN) AppleWebKit/537.36 (KHTML, like Gecko) Chrome/87.0.4280.101 Mobile Safari/537.36',1,'Chrome','chrome','87.0.4280.101','http://www.google.com/chrome/','Android','android','10','http://www.android.com/'),(432,'Mozilla/5.0 (Linux; Android 10; SM-A205F) AppleWebKit/537.36 (KHTML, like Gecko) Chrome/87.0.4280.101 Mobile Safari/537.36',1,'Chrome','chrome','87.0.4280.101','http://www.google.com/chrome/','Android','android','10','http://www.android.com/'),(433,'Mozilla/5.0 (Linux; Android 9; vivo 1915) AppleWebKit/537.36 (KHTML, like Gecko) Chrome/87.0.4280.101 Mobile Safari/537.36',2,'Chrome','chrome','87.0.4280.101','http://www.google.com/chrome/','Android','android','9','http://www.android.com/'),(434,'Mozilla/5.0 (Linux; Android 8.1.0; CPH1909) AppleWebKit/537.36 (KHTML, like Gecko) Chrome/84.0.4147.125 Mobile Safari/537.36',1,'Chrome','chrome','84.0.4147.125','http://www.google.com/chrome/','Android','android','8.1.0','http://www.android.com/'),(435,'Mozilla/5.0 (iPhone; CPU iPhone OS 12_4_9 like Mac OS X) AppleWebKit/605.1.15 (KHTML, like Gecko) Version/12.1.2 Mobile/15E148 Safari/604.1',2,'iPhone','iphone','','http://www.apple.com/iphone/','iPhone OS','iphone','12_4_9','http://www.apple.com/iphone/'),(436,'Mozilla/5.0 (Linux; U; Android 8.1.0; vivo 1807 Build/OPM1.171019.026; wv) AppleWebKit/537.36 (KHTML, like Gecko) Version/4.0 Chrome/77.0.3865.116 Mobile Safari/537.36 OPR/46.0.2254.145391',1,'Chrome','chrome','77.0.3865.116','http://www.google.com/chrome/','Android','android','8.1.0','http://www.android.com/'),(437,'Mozilla/5.0 (Linux; Android 8.1.0; CPH1909) AppleWebKit/537.36 (KHTML, like Gecko) Chrome/86.0.4240.99 Mobile Safari/537.36',1,'Chrome','chrome','86.0.4240.99','http://www.google.com/chrome/','Android','android','8.1.0','http://www.android.com/'),(438,'Mozilla/5.0 (Linux; Android 8.1.0; CPH1909) AppleWebKit/537.36 (KHTML, like Gecko) Chrome/78.0.3904.108 Mobile Safari/537.36',1,'Chrome','chrome','78.0.3904.108','http://www.google.com/chrome/','Android','android','8.1.0','http://www.android.com/'),(439,'Mozilla/5.0 (Linux; Android 10; SM-A115F) AppleWebKit/537.36 (KHTML, like Gecko) Chrome/87.0.4280.101 Mobile Safari/537.36',1,'Chrome','chrome','87.0.4280.101','http://www.google.com/chrome/','Android','android','10','http://www.android.com/'),(440,'Mozilla/5.0 (Linux; Android 10; CPH1937) AppleWebKit/537.36 (KHTML, like Gecko) Chrome/87.0.4280.101 Mobile Safari/537.36',1,'Chrome','chrome','87.0.4280.101','http://www.google.com/chrome/','Android','android','10','http://www.android.com/'),(441,'Mozilla/5.0 (Windows NT 10.0; Win64; x64) AppleWebKit/537.36 (KHTML, like Gecko) Chrome/87.0.4280.88 Safari/537.36',1,'Chrome','chrome','87.0.4280.88','http://www.google.com/chrome/','Windows','windows','NT','http://www.microsoft.com/windows/'),(442,'Mozilla/5.0 (Windows NT 6.1; Win64; x64) AppleWebKit/537.36 (KHTML, like Gecko) Chrome/87.0.4280.88 Safari/537.36',1,'Chrome','chrome','87.0.4280.88','http://www.google.com/chrome/','Windows','windows','7 64 bit','http://windows.microsoft.com/en-US/windows7/products/home'),(443,'Mozilla/5.0 (Linux; Android 4.4.2; id-id; SAMSUNG SM-G7102 Build/KOT49H) AppleWebKit/537.36 (KHTML, like Gecko) Version/1.5 Chrome/28.0.1500.94 Mobile Safari/537.36',1,'Chrome','chrome','28.0.1500.94','http://www.google.com/chrome/','Android','android','4.4.2','http://www.android.com/'),(444,'Mozilla/5.0 (Linux; Android 9; CPH1923) AppleWebKit/537.36 (KHTML, like Gecko) Chrome/87.0.4280.101 Mobile Safari/537.36',3,'Chrome','chrome','87.0.4280.101','http://www.google.com/chrome/','Android','android','9','http://www.android.com/'),(445,'Mozilla/5.0 (Linux; Android 7.1.2; Redmi 5) AppleWebKit/537.36 (KHTML, like Gecko) Chrome/80.0.3987.162 Mobile Safari/537.36',1,'Chrome','chrome','80.0.3987.162','http://www.google.com/chrome/','Android','android','7.1.2','http://www.android.com/'),(446,'Mozilla/5.0 (Linux; Android 6.0.1; SM-G532G) AppleWebKit/537.36 (KHTML, like Gecko) Chrome/80.0.3987.87 Mobile Safari/537.36',1,'Chrome','chrome','80.0.3987.87','http://www.google.com/chrome/','Android','android','6.0.1','http://www.android.com/'),(447,'Mozilla/5.0 (Linux; Android 9; CPH1923) AppleWebKit/537.36 (KHTML, like Gecko) Chrome/74.0.3729.136 Mobile Safari/537.36',3,'Chrome','chrome','74.0.3729.136','http://www.google.com/chrome/','Android','android','9','http://www.android.com/'),(448,'Mozilla/5.0 (Linux; U; Android 10; en-us; MI 9 Build/QKQ1.190825.002) AppleWebKit/537.36 (KHTML, like Gecko) Version/4.0 Chrome/71.0.3578.141 Mobile Safari/537.36 XiaoMi/MiuiBrowser/12.8.0-gn',1,'Chrome','chrome','71.0.3578.141','http://www.google.com/chrome/','Android','android','10','http://www.android.com/'),(449,'Buck/2.2; (+https://app.hypefactors.com/media-monitoring/about.html)',67,'Unknown','unknown','','','Unknown','unknown','',''),(450,'Mozilla/5.0 (Windows NT 10.0; WOW64) AppleWebKit/537.36 (KHTML, like Gecko) Chrome/87.0.4280.88 Safari/537.36',2,'Chrome','chrome','87.0.4280.88','http://www.google.com/chrome/','Windows','windows','NT','http://www.microsoft.com/windows/'),(451,'Mozilla/5.0 (Macintosh; Intel Mac OS X 10_15_4) AppleWebKit/605.1.15 (KHTML, like Gecko) Version/13.1 Safari/605.1.15',1,'Safari','safari','13.1','http://www.apple.com/safari/','Mac OS','macos','X','http://www.apple.com/macosx/'),(452,'Mozilla/5.0 (Windows NT 6.3; Win64; x64) AppleWebKit/537.36 (KHTML, like Gecko) Chrome/86.0.4240.198 Safari/537.36',1,'Chrome','chrome','86.0.4240.198','http://www.google.com/chrome/','Windows','windows','NT','http://www.microsoft.com/windows/'),(453,'Mozilla/5.0 (Linux; Android 10; Infinix X680B) AppleWebKit/537.36 (KHTML, like Gecko) Chrome/80.0.3987.99 Mobile Safari/537.36',1,'Chrome','chrome','80.0.3987.99','http://www.google.com/chrome/','Android','android','10','http://www.android.com/'),(454,'Mozilla/5.0 (Linux; Android 10; RMX2185) AppleWebKit/537.36 (KHTML, like Gecko) Chrome/80.0.3987.99 Mobile Safari/537.36',3,'Chrome','chrome','80.0.3987.99','http://www.google.com/chrome/','Android','android','10','http://www.android.com/'),(455,'Mozilla/5.0 (Linux; Android 6.0; vivo 1601) AppleWebKit/537.36 (KHTML, like Gecko) Chrome/84.0.4147.89 Mobile Safari/537.36',1,'Chrome','chrome','84.0.4147.89','http://www.google.com/chrome/','Android','android','6.0','http://www.android.com/'),(456,'Mozilla/5.0 (Linux; Android 9; Redmi Note 8 Pro) AppleWebKit/537.36 (KHTML, like Gecko) Chrome/87.0.4280.141 Mobile Safari/537.36',1,'Chrome','chrome','87.0.4280.141','http://www.google.com/chrome/','Android','android','9','http://www.android.com/'),(457,'Mozilla/5.0 (Linux; Android 9; SM-A205F) AppleWebKit/537.36 (KHTML, like Gecko) Chrome/87.0.4280.141 Mobile Safari/537.36',1,'Chrome','chrome','87.0.4280.141','http://www.google.com/chrome/','Android','android','9','http://www.android.com/'),(458,'Mozilla/5.0 (Linux; Android 10; vivo 2019) AppleWebKit/537.36 (KHTML, like Gecko) Chrome/87.0.4280.66 Mobile Safari/537.36',1,'Chrome','chrome','87.0.4280.66','http://www.google.com/chrome/','Android','android','10','http://www.android.com/'),(459,'WhatsApp/2.20.206.24 A',1,'Unknown','unknown','','','Unknown','unknown','',''),(460,'Mozilla/5.0 (Linux; U; Android 7.0; en-US; vivo 1612 Build/NRD90M) AppleWebKit/537.36 (KHTML, like Gecko) Version/4.0 Chrome/57.0.2987.108 UCBrowser/13.2.8.1301 Mobile Safari/537.36',1,'Chrome','chrome','57.0.2987.108','http://www.google.com/chrome/','Android','android','7.0','http://www.android.com/'),(461,'Mozilla/5.0 (Windows NT 10.0; Win64; x64) AppleWebKit/537.36 (KHTML, like Gecko) Chrome/87.0.4280.141 Safari/537.36',4,'Chrome','chrome','87.0.4280.141','http://www.google.com/chrome/','Windows','windows','NT','http://www.microsoft.com/windows/'),(462,'Mozilla/5.0 (Macintosh; Intel Mac OS X 10_13_6) AppleWebKit/537.36 (KHTML, like Gecko) Chrome/87.0.4280.141 Safari/537.36',1,'Chrome','chrome','87.0.4280.141','http://www.google.com/chrome/','Mac OS','macos','X','http://www.apple.com/macosx/'),(463,'Mozilla/5.0 (Linux; Android 10; SAMSUNG SM-A025F) AppleWebKit/537.36 (KHTML, like Gecko) SamsungBrowser/11.0 Chrome/75.0.3770.143 Mobile Safari/537.36',2,'Chrome','chrome','75.0.3770.143','http://www.google.com/chrome/','Android','android','10','http://www.android.com/'),(464,'Mozilla/5.0 (Linux; Android 8.1.0; vivo 1820) AppleWebKit/537.36 (KHTML, like Gecko) Chrome/87.0.4280.141 Mobile Safari/537.36',1,'Chrome','chrome','87.0.4280.141','http://www.google.com/chrome/','Android','android','8.1.0','http://www.android.com/'),(465,'Mozilla/5.0 (Linux; Android 9; SM-A750GN) AppleWebKit/537.36 (KHTML, like Gecko) Chrome/87.0.4280.141 Mobile Safari/537.36',1,'Chrome','chrome','87.0.4280.141','http://www.google.com/chrome/','Android','android','9','http://www.android.com/'),(466,'Mozilla/5.0 (Linux; Android 8.0.0; SM-J600G Build/R16NW) AppleWebKit/537.36 (KHTML, like Gecko) Chrome/68.0.3440.91 Mobile Safari/537.36',1,'Chrome','chrome','68.0.3440.91','http://www.google.com/chrome/','Android','android','8.0.0','http://www.android.com/'),(467,'Mozilla/5.0 (Linux; Android 10; CPH1819) AppleWebKit/537.36 (KHTML, like Gecko) Chrome/88.0.4324.93 Mobile Safari/537.36',1,'Chrome','chrome','88.0.4324.93','http://www.google.com/chrome/','Android','android','10','http://www.android.com/'),(468,'Mozilla/5.0 (Linux; Android 9; ASUS_X00TD) AppleWebKit/537.36 (KHTML, like Gecko) Chrome/88.0.4324.93 Mobile Safari/537.36',1,'Chrome','chrome','88.0.4324.93','http://www.google.com/chrome/','Android','android','9','http://www.android.com/'),(469,'Mozilla/5.0 (Linux; Android 10; vivo 1938) AppleWebKit/537.36 (KHTML, like Gecko) Chrome/87.0.4280.141 Mobile Safari/537.36',1,'Chrome','chrome','87.0.4280.141','http://www.google.com/chrome/','Android','android','10','http://www.android.com/'),(470,'Mozilla/5.0 (Linux; Android 10; CPH1937) AppleWebKit/537.36 (KHTML, like Gecko) Chrome/87.0.4280.141 Mobile Safari/537.36',1,'Chrome','chrome','87.0.4280.141','http://www.google.com/chrome/','Android','android','10','http://www.android.com/'),(471,'Mozilla/5.0 (Linux; Android 8.1.0; CPH1909) AppleWebKit/537.36 (KHTML, like Gecko) Chrome/87.0.4280.141 Mobile Safari/537.36',1,'Chrome','chrome','87.0.4280.141','http://www.google.com/chrome/','Android','android','8.1.0','http://www.android.com/'),(472,'Mozilla/5.0 (Linux; Android 10; vivo 1938; wv) AppleWebKit/537.36 (KHTML, like Gecko) Chrome/62.0.3202.84 Mobile Safari/537.36 VivoBrowser/7.0.0.6',2,'Chrome','chrome','62.0.3202.84','http://www.google.com/chrome/','Android','android','10','http://www.android.com/'),(473,'Mozilla/5.0 (Linux; Android 8.1.0; CPH1823) AppleWebKit/537.36 (KHTML, like Gecko) Chrome/87.0.4280.141 Mobile Safari/537.36',1,'Chrome','chrome','87.0.4280.141','http://www.google.com/chrome/','Android','android','8.1.0','http://www.android.com/'),(474,'Mozilla/5.0 (Linux; Android 8.1.0; SM-A260G Build/OPR6) AppleWebKit/537.36 (KHTML, like Gecko) Chrome/88.0.4324.93 Mobile Safari/537.36',1,'Chrome','chrome','88.0.4324.93','http://www.google.com/chrome/','Android','android','8.1.0','http://www.android.com/'),(475,'Mozilla/5.0 (Linux; Android 9; RMX1941) AppleWebKit/537.36 (KHTML, like Gecko) Chrome/88.0.4324.93 Mobile Safari/537.36',1,'Chrome','chrome','88.0.4324.93','http://www.google.com/chrome/','Android','android','9','http://www.android.com/'),(476,'Mozilla/5.0 (Linux; Android 9; SM-A205F) AppleWebKit/537.36 (KHTML, like Gecko) Chrome/87.0.4280.101 Mobile Safari/537.36',2,'Chrome','chrome','87.0.4280.101','http://www.google.com/chrome/','Android','android','9','http://www.android.com/'),(477,'Mozilla/5.0 (Linux; Android 9; CPH1859) AppleWebKit/537.36 (KHTML, like Gecko) Chrome/86.0.4240.198 Mobile Safari/537.36',2,'Chrome','chrome','86.0.4240.198','http://www.google.com/chrome/','Android','android','9','http://www.android.com/'),(478,'Mozilla/5.0 (Linux; Android 8.1.0; vivo 1807) AppleWebKit/537.36 (KHTML, like Gecko) Chrome/87.0.4280.101 Mobile Safari/537.36',2,'Chrome','chrome','87.0.4280.101','http://www.google.com/chrome/','Android','android','8.1.0','http://www.android.com/'),(479,'Mozilla/5.0 (Linux; Android 8.1.0; ASUS_X00HD) AppleWebKit/537.36 (KHTML, like Gecko) Chrome/74.0.3729.157 Mobile Safari/537.36',1,'Chrome','chrome','74.0.3729.157','http://www.google.com/chrome/','Android','android','8.1.0','http://www.android.com/'),(480,'Mozilla/5.0 (Linux; Android 8.1.0; vivo 1816 Build/O11019; wv) AppleWebKit/537.36 (KHTML, like Gecko) Chrome/62.0.3202.84 Mobile Safari/537.36 VivoBrowser/6.9.0.0',1,'Chrome','chrome','62.0.3202.84','http://www.google.com/chrome/','Android','android','8.1.0','http://www.android.com/'),(481,'Mozilla/5.0 (Linux; Android 8.1.0; CPH1901 Build/OPM1.171019.026) AppleWebKit/537.36 (KHTML, like Gecko) Chrome/88.0.4324.93 Mobile Safari/537.36',1,'Chrome','chrome','88.0.4324.93','http://www.google.com/chrome/','Android','android','8.1.0','http://www.android.com/'),(482,'Mozilla/5.0 (Linux; Android 5.1; A1601) AppleWebKit/537.36 (KHTML, like Gecko) Chrome/88.0.4324.93 Mobile Safari/537.36',1,'Chrome','chrome','88.0.4324.93','http://www.google.com/chrome/','Android','android','5.1','http://www.android.com/'),(483,'Mozilla/5.0 (Linux; U; Android 10; in-id; CPH2127 Build/QKQ1.200614.002) AppleWebKit/537.36 (KHTML, like Gecko) Version/4.0 Chrome/70.0.3538.80 Mobile Safari/537.36 HeyTapBrowser/45.7.3.3.2',1,'Chrome','chrome','70.0.3538.80','http://www.google.com/chrome/','Android','android','10','http://www.android.com/'),(484,'Mozilla/5.0 (Linux; Android 8.1.0; CPH1909) AppleWebKit/537.36 (KHTML, like Gecko) Chrome/88.0.4324.93 Mobile Safari/537.36',2,'Chrome','chrome','88.0.4324.93','http://www.google.com/chrome/','Android','android','8.1.0','http://www.android.com/'),(485,'Mozilla/5.0 (Linux; Android 7.1.1; CPH1729) AppleWebKit/537.36 (KHTML, like Gecko) Chrome/85.0.4183.101 Mobile Safari/537.36',1,'Chrome','chrome','85.0.4183.101','http://www.google.com/chrome/','Android','android','7.1.1','http://www.android.com/'),(486,'Mozilla/5.0 (Linux; Android 10; vivo 1938) AppleWebKit/537.36 (KHTML, like Gecko) Chrome/88.0.4324.93 Mobile Safari/537.36',2,'Chrome','chrome','88.0.4324.93','http://www.google.com/chrome/','Android','android','10','http://www.android.com/'),(487,'Mozilla/5.0 (iPhone; CPU iPhone OS 12_5_1 like Mac OS X) AppleWebKit/605.1.15 (KHTML, like Gecko) Version/12.1.2 Mobile/15E148 Safari/604.1',2,'iPhone','iphone','','http://www.apple.com/iphone/','iPhone OS','iphone','12_5_1','http://www.apple.com/iphone/'),(488,'Mozilla/5.0 (Linux; Android 10; CPH1823) AppleWebKit/537.36 (KHTML, like Gecko) Chrome/88.0.4324.141 Mobile Safari/537.36',1,'Chrome','chrome','88.0.4324.141','http://www.google.com/chrome/','Android','android','10','http://www.android.com/'),(489,'Mozilla/5.0 (Linux; Android 10; SM-A125F) AppleWebKit/537.36 (KHTML, like Gecko) Chrome/81.0.4044.138 Mobile Safari/537.36',1,'Chrome','chrome','81.0.4044.138','http://www.google.com/chrome/','Android','android','10','http://www.android.com/'),(490,'Mozilla/5.0 (Linux; Android 10; Redmi Note 9 Pro) AppleWebKit/537.36 (KHTML, like Gecko) Chrome/88.0.4324.141 Mobile Safari/537.36',1,'Chrome','chrome','88.0.4324.141','http://www.google.com/chrome/','Android','android','10','http://www.android.com/'),(491,'Mozilla/5.0 (Linux; Android 9; Redmi Note 8 Pro) AppleWebKit/537.36 (KHTML, like Gecko) Chrome/88.0.4324.152 Mobile Safari/537.36',1,'Chrome','chrome','88.0.4324.152','http://www.google.com/chrome/','Android','android','9','http://www.android.com/'),(492,'Mozilla/5.0 (Linux; Android 7.1.1; CPH1801) AppleWebKit/537.36 (KHTML, like Gecko) Chrome/85.0.4183.127 Mobile Safari/537.36',1,'Chrome','chrome','85.0.4183.127','http://www.google.com/chrome/','Android','android','7.1.1','http://www.android.com/'),(493,'Mozilla/5.0 (Linux; Android 5.1; CPH1605) AppleWebKit/537.36 (KHTML, like Gecko) Chrome/80.0.3987.149 Mobile Safari/537.36',1,'Chrome','chrome','80.0.3987.149','http://www.google.com/chrome/','Android','android','5.1','http://www.android.com/'),(494,'Mozilla/5.0 (Linux; Android 7.1.1; CPH1729) AppleWebKit/537.36 (KHTML, like Gecko) Chrome/79.0.3945.93 Mobile Safari/537.36',1,'Chrome','chrome','79.0.3945.93','http://www.google.com/chrome/','Android','android','7.1.1','http://www.android.com/'),(495,'Mozilla/5.0 (Linux; Android 10; CPH2043) AppleWebKit/537.36 (KHTML, like Gecko) Chrome/78.0.3904.96 Mobile Safari/537.36',1,'Chrome','chrome','78.0.3904.96','http://www.google.com/chrome/','Android','android','10','http://www.android.com/'),(496,'Mozilla/5.0 (Linux; Android 9; SM-J701F) AppleWebKit/537.36 (KHTML, like Gecko) Chrome/81.0.4044.138 Mobile Safari/537.36',3,'Chrome','chrome','81.0.4044.138','http://www.google.com/chrome/','Android','android','9','http://www.android.com/'),(497,'Mozilla/5.0 (Linux; Android 9; CPH2083) AppleWebKit/537.36 (KHTML, like Gecko) Chrome/87.0.4280.66 Mobile Safari/537.36',1,'Chrome','chrome','87.0.4280.66','http://www.google.com/chrome/','Android','android','9','http://www.android.com/'),(498,'Mozilla/5.0 (Linux; Android 9; Redmi 8) AppleWebKit/537.36 (KHTML, like Gecko) Chrome/88.0.4324.152 Mobile Safari/537.36',1,'Chrome','chrome','88.0.4324.152','http://www.google.com/chrome/','Android','android','9','http://www.android.com/'),(499,'Mozilla/5.0 (Linux; Android 7.1.1; SM-J250F) AppleWebKit/537.36 (KHTML, like Gecko) Chrome/80.0.3987.162 Mobile Safari/537.36',1,'Chrome','chrome','80.0.3987.162','http://www.google.com/chrome/','Android','android','7.1.1','http://www.android.com/'),(500,'Mozilla/5.0 (Windows NT 6.3; Win64; x64) AppleWebKit/537.36 (KHTML, like Gecko) Chrome/87.0.4280.141 Safari/537.36',1,'Chrome','chrome','87.0.4280.141','http://www.google.com/chrome/','Windows','windows','NT','http://www.microsoft.com/windows/'),(501,'Mozilla/5.0 (Linux; Android 6.0.1; Redmi 4X) AppleWebKit/537.36 (KHTML, like Gecko) Chrome/84.0.4147.111 Mobile Safari/537.36',1,'Chrome','chrome','84.0.4147.111','http://www.google.com/chrome/','Android','android','6.0.1','http://www.android.com/'),(502,'Mozilla/5.0 (Linux; Android 9; ASUS_X00TD) AppleWebKit/537.36 (KHTML, like Gecko) Chrome/88.0.4324.152 Mobile Safari/537.36',1,'Chrome','chrome','88.0.4324.152','http://www.google.com/chrome/','Android','android','9','http://www.android.com/'),(503,'Mozilla/5.0 (Linux; Android 8.1.0; vivo 1808) AppleWebKit/537.36 (KHTML, like Gecko) Chrome/85.0.4183.101 Mobile Safari/537.36',1,'Chrome','chrome','85.0.4183.101','http://www.google.com/chrome/','Android','android','8.1.0','http://www.android.com/'),(504,'Mozilla/5.0 (Linux; Android 10; vivo 1920) AppleWebKit/537.36 (KHTML, like Gecko) Chrome/80.0.3987.99 Mobile Safari/537.36',1,'Chrome','chrome','80.0.3987.99','http://www.google.com/chrome/','Android','android','10','http://www.android.com/'),(505,'Mozilla/5.0 (Macintosh; Intel Mac OS X 10_10_5) AppleWebKit/537.36 (KHTML, like Gecko) Chrome/87.0.4280.141 Safari/537.36',1,'Chrome','chrome','87.0.4280.141','http://www.google.com/chrome/','Mac OS','macos','X','http://www.apple.com/macosx/'),(506,'Mozilla/5.0 (Linux; Android 10; SM-J400F) AppleWebKit/537.36 (KHTML, like Gecko) Chrome/87.0.4280.101 Mobile Safari/537.36',1,'Chrome','chrome','87.0.4280.101','http://www.google.com/chrome/','Android','android','10','http://www.android.com/'),(507,'Mozilla/5.0 (Linux; Android 9; vivo 1904) AppleWebKit/537.36 (KHTML, like Gecko) Chrome/88.0.4324.181 Mobile Safari/537.36',1,'Chrome','chrome','88.0.4324.181','http://www.google.com/chrome/','Android','android','9','http://www.android.com/'),(508,'Mozilla/5.0 (Linux; Android 10; RMX1851) AppleWebKit/537.36 (KHTML, like Gecko) Chrome/88.0.4324.181 Mobile Safari/537.36',2,'Chrome','chrome','88.0.4324.181','http://www.google.com/chrome/','Android','android','10','http://www.android.com/'),(509,'Mozilla/5.0 (Linux; Android 9; SM-N950F) AppleWebKit/537.36 (KHTML, like Gecko) Chrome/88.0.4324.181 Mobile Safari/537.36',1,'Chrome','chrome','88.0.4324.181','http://www.google.com/chrome/','Android','android','9','http://www.android.com/'),(510,'Mozilla/5.0 (Linux; Android 9; CPH2015) AppleWebKit/537.36 (KHTML, like Gecko) Chrome/88.0.4324.181 Mobile Safari/537.36',3,'Chrome','chrome','88.0.4324.181','http://www.google.com/chrome/','Android','android','9','http://www.android.com/'),(511,'Mozilla/5.0 (Windows NT 6.3; WOW64) AppleWebKit/537.36 (KHTML, like Gecko) Chrome/88.0.4324.182 Safari/537.36',1,'Chrome','chrome','88.0.4324.182','http://www.google.com/chrome/','Windows','windows','NT','http://www.microsoft.com/windows/'),(512,'Mozilla/5.0 (Linux; Android 10; M2007J20CG) AppleWebKit/537.36 (KHTML, like Gecko) Chrome/88.0.4324.181 Mobile Safari/537.36',1,'Chrome','chrome','88.0.4324.181','http://www.google.com/chrome/','Android','android','10','http://www.android.com/'),(513,'Mozilla/5.0 (Linux; Android 10; Redmi Note 8) AppleWebKit/537.36 (KHTML, like Gecko) Chrome/87.0.4280.141 Mobile Safari/537.36',4,'Chrome','chrome','87.0.4280.141','http://www.google.com/chrome/','Android','android','10','http://www.android.com/'),(514,'Mozilla/5.0 (Linux; Android 8.1.0; CPH1909) AppleWebKit/537.36 (KHTML, like Gecko) Chrome/85.0.4183.120 Mobile Safari/537.36',5,'Chrome','chrome','85.0.4183.120','http://www.google.com/chrome/','Android','android','8.1.0','http://www.android.com/'),(515,'Mozilla/5.0 (Linux; U; Android 10; en-us; RMX1911 Build/QKQ1.200209.002) AppleWebKit/537.36 (KHTML, like Gecko) Version/4.0 Chrome/70.0.3538.80 Mobile Safari/537.36 HeyTapBrowser/45.7.6.0.3beta',1,'Chrome','chrome','70.0.3538.80','http://www.google.com/chrome/','Android','android','10','http://www.android.com/'),(516,'Mozilla/5.0 (Linux; Android 10; CPH2059) AppleWebKit/537.36 (KHTML, like Gecko) Chrome/87.0.4280.101 Mobile Safari/537.36',1,'Chrome','chrome','87.0.4280.101','http://www.google.com/chrome/','Android','android','10','http://www.android.com/'),(517,'Mozilla/5.0 (Linux; Android 10; SM-A115F) AppleWebKit/537.36 (KHTML, like Gecko) Chrome/87.0.4280.141 Mobile Safari/537.36',1,'Chrome','chrome','87.0.4280.141','http://www.google.com/chrome/','Android','android','10','http://www.android.com/'),(518,'Mozilla/5.0 (Linux; Android 10; SM-A115F) AppleWebKit/537.36 (KHTML, like Gecko) Chrome/81.0.4044.138 Mobile Safari/537.36',1,'Chrome','chrome','81.0.4044.138','http://www.google.com/chrome/','Android','android','10','http://www.android.com/'),(519,'Mozilla/5.0 (Linux; Android 5.1; A1601) AppleWebKit/537.36 (KHTML, like Gecko) Chrome/86.0.4240.185 Mobile Safari/537.36',1,'Chrome','chrome','86.0.4240.185','http://www.google.com/chrome/','Android','android','5.1','http://www.android.com/'),(520,'Mozilla/5.0 (Linux; Android 10; CPH1823) AppleWebKit/537.36 (KHTML, like Gecko) Chrome/81.0.4044.138 Mobile Safari/537.36',3,'Chrome','chrome','81.0.4044.138','http://www.google.com/chrome/','Android','android','10','http://www.android.com/'),(521,'Mozilla/5.0 (Linux; Android 10; SM-A217F) AppleWebKit/537.36 (KHTML, like Gecko) Chrome/80.0.3987.99 Mobile Safari/537.36',1,'Chrome','chrome','80.0.3987.99','http://www.google.com/chrome/','Android','android','10','http://www.android.com/'),(522,'Mozilla/5.0 (Linux; Android 9; RMX1811) AppleWebKit/537.36 (KHTML, like Gecko) Chrome/72.0.3626.121 Mobile Safari/537.36',1,'Chrome','chrome','72.0.3626.121','http://www.google.com/chrome/','Android','android','9','http://www.android.com/'),(523,'Mozilla/5.0 (Linux; Android 9; M6) AppleWebKit/537.36 (KHTML, like Gecko) Chrome/72.0.3626.121 Mobile Safari/537.36',1,'Chrome','chrome','72.0.3626.121','http://www.google.com/chrome/','Android','android','9','http://www.android.com/'),(524,'Mozilla/5.0 (Windows NT 10.0; Win64; x64) AppleWebKit/537.36 (KHTML, like Gecko) Chrome/88.0.4324.190 Safari/537.36',2,'Chrome','chrome','88.0.4324.190','http://www.google.com/chrome/','Windows','windows','NT','http://www.microsoft.com/windows/'),(525,'Mozilla/5.0 (X11; Linux x86_64) AppleWebKit/537.36 (KHTML, like Gecko) Chrome/56.0.2924.87 Safari/537.36 Google (+https://developers.google.com/+/web/snippet/)',1,'Chrome','chrome','56.0.2924.87','http://www.google.com/chrome/','Linux','linux','64 bit','http://en.wikipedia.org/wiki/Linux'),(526,'Mozilla/5.0 (Linux; Android 6.0.1; Nexus 5X Build/MMB29P) AppleWebKit/537.36 (KHTML, like Gecko) Chrome/88.0.4324.208 Mobile Safari/537.36 (compatible; Google-AMPHTML)',1,'Chrome','chrome','88.0.4324.208','http://www.google.com/chrome/','Android','android','6.0.1','http://www.android.com/'),(527,'Mozilla/5.0 (Linux; U; Android 8.0.0; en-US; SM-A730F Build/R16NW) AppleWebKit/537.36 (KHTML, like Gecko) Version/4.0 Chrome/57.0.2987.108 UCBrowser/12.11.2.1184 Mobile Safari/537.36',1,'Chrome','chrome','57.0.2987.108','http://www.google.com/chrome/','Android','android','8.0.0','http://www.android.com/'),(528,'Mozilla/5.0 (Linux; Android 10; M2003J15SC) AppleWebKit/537.36 (KHTML, like Gecko) Chrome/81.0.4044.138 Mobile Safari/537.36',4,'Chrome','chrome','81.0.4044.138','http://www.google.com/chrome/','Android','android','10','http://www.android.com/'),(529,'Mozilla/5.0 (Linux; U; Android 10; en-us; CPH1933 Build/QKQ1.200209.002) AppleWebKit/537.36 (KHTML, like Gecko) Version/4.0 Chrome/70.0.3538.80 Mobile Safari/537.36 HeyTapBrowser/45.7.6.1',1,'Chrome','chrome','70.0.3538.80','http://www.google.com/chrome/','Android','android','10','http://www.android.com/'),(530,'Mozilla/5.0 (Linux; Android 9; Redmi 8) AppleWebKit/537.36 (KHTML, like Gecko) Chrome/86.0.4240.198 Mobile Safari/537.36',1,'Chrome','chrome','86.0.4240.198','http://www.google.com/chrome/','Android','android','9','http://www.android.com/'),(531,'Mozilla/5.0 (Linux; Android 10; SM-A515F) AppleWebKit/537.36 (KHTML, like Gecko) Chrome/89.0.4389.72 Mobile Safari/537.36',1,'Chrome','chrome','89.0.4389.72','http://www.google.com/chrome/','Android','android','10','http://www.android.com/'),(532,'Mozilla/5.0 (Linux; Android 8.1.0; vivo 1718) AppleWebKit/537.36 (KHTML, like Gecko) Chrome/87.0.4280.141 Mobile Safari/537.36',1,'Chrome','chrome','87.0.4280.141','http://www.google.com/chrome/','Android','android','8.1.0','http://www.android.com/'),(533,'Mozilla/5.0 (Windows NT 10.0; WOW64) AppleWebKit/537.36 (KHTML, like Gecko) Chrome/88.0.4324.190 Safari/537.36',1,'Chrome','chrome','88.0.4324.190','http://www.google.com/chrome/','Windows','windows','NT','http://www.microsoft.com/windows/'),(534,'Mozilla/5.0 (Linux; Android 8.0.0; SM-G570Y) AppleWebKit/537.36 (KHTML, like Gecko) Chrome/87.0.4280.141 Mobile Safari/537.36',4,'Chrome','chrome','87.0.4280.141','http://www.google.com/chrome/','Android','android','8.0.0','http://www.android.com/'),(535,'Mozilla/5.0 (Linux; U; Android 10; id-id; Redmi Note 8 Build/QKQ1.200114.002) AppleWebKit/537.36 (KHTML, like Gecko) Version/4.0 Chrome/71.0.3578.141 Mobile Safari/537.36 XiaoMi/MiuiBrowser/12.8.1-gn',1,'Chrome','chrome','71.0.3578.141','http://www.google.com/chrome/','Android','android','10','http://www.android.com/'),(536,'Mozilla/5.0 (Linux; U; Android 8.1.0; en-us; Redmi Note 5 Build/OPM1.171019.011) AppleWebKit/537.36 (KHTML, like Gecko) Version/4.0 Chrome/53.0.2785.146 Mobile Safari/537.36 XiaoMi/MiuiBrowser/9.5.6',1,'Chrome','chrome','53.0.2785.146','http://www.google.com/chrome/','Android','android','8.1.0','http://www.android.com/'),(537,'Mozilla/5.0 (Linux; Android 10; CPH2001) AppleWebKit/537.36 (KHTML, like Gecko) Chrome/86.0.4240.198 Mobile Safari/537.36',2,'Chrome','chrome','86.0.4240.198','http://www.google.com/chrome/','Android','android','10','http://www.android.com/'),(538,'Mozilla/5.0 (Linux; Android 10; V2026) AppleWebKit/537.36 (KHTML, like Gecko) Chrome/80.0.3987.99 Mobile Safari/537.36',2,'Chrome','chrome','80.0.3987.99','http://www.google.com/chrome/','Android','android','10','http://www.android.com/'),(539,'Mozilla/5.0 (Linux; Android 9; vivo 1727 Build/PKQ1.190118.001; wv) AppleWebKit/537.36 (KHTML, like Gecko) Chrome/62.0.3202.84 Mobile Safari/537.36 VivoBrowser/7.3.0.4',1,'Chrome','chrome','62.0.3202.84','http://www.google.com/chrome/','Android','android','9','http://www.android.com/'),(540,'Mozilla/5.0 (Linux; Android 7.1.1; CPH1801) AppleWebKit/537.36 (KHTML, like Gecko) Chrome/89.0.4389.86 Mobile Safari/537.36',1,'Chrome','chrome','89.0.4389.86','http://www.google.com/chrome/','Android','android','7.1.1','http://www.android.com/'),(541,'Mozilla/5.0 (Macintosh; Intel Mac OS X 10_15_6) AppleWebKit/605.1.15 (KHTML, like Gecko) Version/14.0.2 Safari/605.1.15',1,'Safari','safari','14.0.2','http://www.apple.com/safari/','Mac OS','macos','X','http://www.apple.com/macosx/'),(542,'Mozilla/5.0 (Linux; Android 10; vivo 2019) AppleWebKit/537.36 (KHTML, like Gecko) Chrome/85.0.4183.127 Mobile Safari/537.36',1,'Chrome','chrome','85.0.4183.127','http://www.google.com/chrome/','Android','android','10','http://www.android.com/'),(543,'Mozilla/5.0 (Linux; U; Android 8.1.0; in-id; CPH1803 Build/OPM1.171019.026) AppleWebKit/537.36 (KHTML, like Gecko) Version/4.0 Chrome/70.0.3538.80 Mobile Safari/537.36 HeyTapBrowser/7.6.6',5,'Chrome','chrome','70.0.3538.80','http://www.google.com/chrome/','Android','android','8.1.0','http://www.android.com/'),(544,'Mozilla/5.0 (Linux; Android 10; RMX2101) AppleWebKit/537.36 (KHTML, like Gecko) Chrome/89.0.4389.86 Mobile Safari/537.36',1,'Chrome','chrome','89.0.4389.86','http://www.google.com/chrome/','Android','android','10','http://www.android.com/'),(545,'Mozilla/5.0 (Linux; Android 9; Mi A2 Lite) AppleWebKit/537.36 (KHTML, like Gecko) Chrome/86.0.4240.185 Mobile Safari/537.36',2,'Chrome','chrome','86.0.4240.185','http://www.google.com/chrome/','Android','android','9','http://www.android.com/'),(546,'Mozilla/5.0 (Linux; Android 10; CPH2127) AppleWebKit/537.36 (KHTML, like Gecko) Chrome/83.0.4103.106 Mobile Safari/537.36',2,'Chrome','chrome','83.0.4103.106','http://www.google.com/chrome/','Android','android','10','http://www.android.com/'),(547,'WhatsApp/2.21.4.22 A',1,'Unknown','unknown','','','Unknown','unknown','',''),(548,'Mozilla/5.0 (Linux; Android 9; vivo 1904) AppleWebKit/537.36 (KHTML, like Gecko) Chrome/89.0.4389.86 Mobile Safari/537.36',1,'Chrome','chrome','89.0.4389.86','http://www.google.com/chrome/','Android','android','9','http://www.android.com/'),(549,'Mozilla/5.0 (Linux; Android 8.1.0; vivo 1724) AppleWebKit/537.36 (KHTML, like Gecko) Chrome/89.0.4389.86 Mobile Safari/537.36',1,'Chrome','chrome','89.0.4389.86','http://www.google.com/chrome/','Android','android','8.1.0','http://www.android.com/'),(550,'Mozilla/5.0 (Linux; Android 4.4.4; id-id; SAMSUNG SM-G750H Build/KTU84P) AppleWebKit/537.36 (KHTML, like Gecko) Version/1.6 Chrome/28.0.1500.94 Mobile Safari/537.36',4,'Chrome','chrome','28.0.1500.94','http://www.google.com/chrome/','Android','android','4.4.4','http://www.android.com/'),(551,'Mozilla/5.0 (Windows NT 10.0; Win64; x64) AppleWebKit/537.36 (KHTML, like Gecko) Chrome/89.0.4389.90 Safari/537.36',1,'Chrome','chrome','89.0.4389.90','http://www.google.com/chrome/','Windows','windows','NT','http://www.microsoft.com/windows/'),(552,'Mozilla/5.0 (Linux; Android 10; RMX1911) AppleWebKit/537.36 (KHTML, like Gecko) Chrome/87.0.4280.141 Mobile Safari/537.36',1,'Chrome','chrome','87.0.4280.141','http://www.google.com/chrome/','Android','android','10','http://www.android.com/'),(553,'Mozilla/5.0 (Linux; U; Android 9; id-id; Redmi 7 Build/PKQ1.181021.001) AppleWebKit/537.36 (KHTML, like Gecko) Version/4.0 Chrome/61.0.3163.128 Mobile Safari/537.36 XiaoMi/MiuiBrowser/10.1.2',1,'Chrome','chrome','61.0.3163.128','http://www.google.com/chrome/','Android','android','9','http://www.android.com/'),(554,'Mozilla/5.0 (X11; Linux x86_64; rv:109)',1,'Mozilla','mozilla','109','http://www.mozilla.org/','Linux','linux','64 bit','http://en.wikipedia.org/wiki/Linux'),(555,'Mozilla/5.0 (Linux; U; Android 10; id-id; Redmi 9 Build/QP1A.190711.020) AppleWebKit/537.36 (KHTML, like Gecko) Version/4.0 Chrome/79.0.3945.147 Mobile Safari/537.36 XiaoMi/MiuiBrowser/12.9.2-gn',1,'Chrome','chrome','79.0.3945.147','http://www.google.com/chrome/','Android','android','10','http://www.android.com/'),(556,'Mozilla/5.0 (Linux; Android 8.1.0; CPH1909) AppleWebKit/537.36 (KHTML, like Gecko) Chrome/89.0.4389.86 Mobile Safari/537.36',1,'Chrome','chrome','89.0.4389.86','http://www.google.com/chrome/','Android','android','8.1.0','http://www.android.com/'),(557,'Mozilla/5.0 (Linux; Android 9; vivo 1902) AppleWebKit/537.36 (KHTML, like Gecko) Chrome/74.0.3729.136 Mobile Safari/537.36',1,'Chrome','chrome','74.0.3729.136','http://www.google.com/chrome/','Android','android','9','http://www.android.com/'),(558,'Mozilla/5.0 (Linux; Android 10; Infinix X682C) AppleWebKit/537.36 (KHTML, like Gecko) Chrome/89.0.4389.90 Mobile Safari/537.36',1,'Chrome','chrome','89.0.4389.90','http://www.google.com/chrome/','Android','android','10','http://www.android.com/'),(559,'Mozilla/5.0 (Linux; Android 10; Redmi Note 7) AppleWebKit/537.36 (KHTML, like Gecko) Chrome/89.0.4389.105 Mobile Safari/537.36',1,'Chrome','chrome','89.0.4389.105','http://www.google.com/chrome/','Android','android','10','http://www.android.com/'),(560,'Mozilla/5.0 (Linux; Android 8.1.0; vivo 1807) AppleWebKit/537.36 (KHTML, like Gecko) Chrome/89.0.4389.105 Mobile Safari/537.36',3,'Chrome','chrome','89.0.4389.105','http://www.google.com/chrome/','Android','android','8.1.0','http://www.android.com/'),(561,'Mozilla/5.0 (Linux; Android 10; SM-A715F) AppleWebKit/537.36 (KHTML, like Gecko) Chrome/84.0.4147.89 Mobile Safari/537.36',2,'Chrome','chrome','84.0.4147.89','http://www.google.com/chrome/','Android','android','10','http://www.android.com/'),(562,'Mozilla/5.0 (Linux; Android 10; CPH1931) AppleWebKit/537.36 (KHTML, like Gecko) Chrome/89.0.4389.105 Mobile Safari/537.36',1,'Chrome','chrome','89.0.4389.105','http://www.google.com/chrome/','Android','android','10','http://www.android.com/'),(563,'Mozilla/5.0 (Linux; Android 7.1.2; Redmi Note 5A Prime) AppleWebKit/537.36 (KHTML, like Gecko) Chrome/89.0.4389.105 Mobile Safari/537.36',1,'Chrome','chrome','89.0.4389.105','http://www.google.com/chrome/','Android','android','7.1.2','http://www.android.com/'),(564,'Mozilla/5.0 (Linux; Android 7.1.2; vivo 1718) AppleWebKit/537.36 (KHTML, like Gecko) Chrome/84.0.4147.89 Mobile Safari/537.36',2,'Chrome','chrome','84.0.4147.89','http://www.google.com/chrome/','Android','android','7.1.2','http://www.android.com/'),(565,'Mozilla/5.0 (Linux; Android 8.1.0; CPH1909) AppleWebKit/537.36 (KHTML, like Gecko) Chrome/70.0.3538.110 Mobile Safari/537.36',4,'Chrome','chrome','70.0.3538.110','http://www.google.com/chrome/','Android','android','8.1.0','http://www.android.com/'),(566,'Mozilla/5.0 (Linux; Android 6.0.1; CPH1701) AppleWebKit/537.36 (KHTML, like Gecko) Chrome/88.0.4324.181 Mobile Safari/537.36',2,'Chrome','chrome','88.0.4324.181','http://www.google.com/chrome/','Android','android','6.0.1','http://www.android.com/'),(567,'Mozilla/5.0 (Linux; Android 9; SM-A107F) AppleWebKit/537.36 (KHTML, like Gecko) Chrome/74.0.3729.136 Mobile Safari/537.36',1,'Chrome','chrome','74.0.3729.136','http://www.google.com/chrome/','Android','android','9','http://www.android.com/'),(568,'Mozilla/5.0 (Linux; Android 6.0.1; CPH1701) AppleWebKit/537.36 (KHTML, like Gecko) Chrome/88.0.4324.152 Mobile Safari/537.36',1,'Chrome','chrome','88.0.4324.152','http://www.google.com/chrome/','Android','android','6.0.1','http://www.android.com/');

--
