-- Table structure for table `kbm_18_term_relationships`
--

CREATE TABLE `kbm_18_term_relationships` (
  `object_id` bigint(20) unsigned NOT NULL DEFAULT '0',
  `term_taxonomy_id` bigint(20) unsigned NOT NULL DEFAULT '0',
  `term_order` int(11) NOT NULL DEFAULT '0',
  PRIMARY KEY (`object_id`,`term_taxonomy_id`),
  KEY `term_taxonomy_id` (`term_taxonomy_id`)
) ENGINE=InnoDB DEFAULT CHARSET=utf8mb4 COLLATE=utf8mb4_unicode_ci;

--
-- Dumping data for table `kbm_18_term_relationships`
--

INSERT INTO `kbm_18_term_relationships` VALUES (1,1,0),(23,3,0),(41,1,0),(41,10,0),(41,11,0),(41,12,0),(41,13,0),(41,14,0),(45,3,0),(47,6,0);

--
-- Table structure for table `kbm_18_term_taxonomy`
--

CREATE TABLE `kbm_18_term_taxonomy` (
  `term_taxonomy_id` bigint(20) unsigned NOT NULL AUTO_INCREMENT,
  `term_id` bigint(20) unsigned NOT NULL DEFAULT '0',
  `taxonomy` varchar(32) COLLATE utf8mb4_unicode_ci NOT NULL DEFAULT '',
  `description` longtext COLLATE utf8mb4_unicode_ci NOT NULL,
  `parent` bigint(20) unsigned NOT NULL DEFAULT '0',
  `count` bigint(20) NOT NULL DEFAULT '0',
  PRIMARY KEY (`term_taxonomy_id`),
  UNIQUE KEY `term_id_taxonomy` (`term_id`,`taxonomy`),
  KEY `taxonomy` (`taxonomy`)
) ENGINE=InnoDB AUTO_INCREMENT=15 DEFAULT CHARSET=utf8mb4 COLLATE=utf8mb4_unicode_ci;

--
-- Dumping data for table `kbm_18_term_taxonomy`
--

INSERT INTO `kbm_18_term_taxonomy` VALUES (1,1,'category','',0,2),(3,3,'nav_menu','',0,2),(4,4,'nav_menu','',0,0),(6,6,'nav_menu','',0,1),(7,7,'post_tag','',0,0),(8,8,'post_tag','',0,0),(9,9,'post_tag','',0,0),(10,10,'post_tag','',0,1),(11,11,'post_tag','',0,1),(12,12,'post_tag','',0,1),(13,13,'post_tag','',0,1),(14,14,'post_tag','',0,1);

--
-- Table structure for table `kbm_18_termmeta`
--

CREATE TABLE `kbm_18_termmeta` (
  `meta_id` bigint(20) unsigned NOT NULL AUTO_INCREMENT,
  `term_id` bigint(20) unsigned NOT NULL DEFAULT '0',
  `meta_key` varchar(255) COLLATE utf8mb4_unicode_ci DEFAULT NULL,
  `meta_value` longtext COLLATE utf8mb4_unicode_ci,
  PRIMARY KEY (`meta_id`),
  KEY `term_id` (`term_id`),
  KEY `meta_key` (`meta_key`(191))
) ENGINE=InnoDB DEFAULT CHARSET=utf8mb4 COLLATE=utf8mb4_unicode_ci;

--
-- Dumping data for table `kbm_18_termmeta`
--


--
-- Table structure for table `kbm_18_terms`
--

CREATE TABLE `kbm_18_terms` (
  `term_id` bigint(20) unsigned NOT NULL AUTO_INCREMENT,
  `name` varchar(200) COLLATE utf8mb4_unicode_ci NOT NULL DEFAULT '',
  `slug` varchar(200) COLLATE utf8mb4_unicode_ci NOT NULL DEFAULT '',
  `term_group` bigint(10) NOT NULL DEFAULT '0',
  `term_order` int(4) DEFAULT '0',
  PRIMARY KEY (`term_id`),
  KEY `slug` (`slug`(191)),
  KEY `name` (`name`(191))
) ENGINE=InnoDB AUTO_INCREMENT=15 DEFAULT CHARSET=utf8mb4 COLLATE=utf8mb4_unicode_ci;

--
-- Dumping data for table `kbm_18_terms`
--

INSERT INTO `kbm_18_terms` VALUES (1,'Tak Berkategori','tak-berkategori',0,0),(3,'PROFIL','profil',0,0),(4,'SEJARAH UKM SETATER','sejarah-ukm-setater',0,0),(6,'STRUKTUR KEPENGURUSAN','struktur-kepengurusan',0,0),(7,'setater','setater',0,0),(8,'seni tari dan teater','seni-tari-dan-teater',0,0),(9,'jogja','jogja',0,0),(10,'@ukmsetaterpro','ukmsetaterpro',0,0),(11,'@komapapmd','komapapmd',0,0),(12,'@kbmapmd','kbmapmd',0,0),(13,'@senitaridanteater','senitaridanteater',0,0),(14,'@','14',0,0);

--
-- Table structure for table `kbm_19_Counterize`
--

CREATE TABLE `kbm_19_Counterize` (
  `id` int(11) NOT NULL AUTO_INCREMENT,
  `IP` varchar(16) NOT NULL,
  `haship` varchar(16) NOT NULL,
  `timestamp` datetime NOT NULL,
  `pageID` int(11) NOT NULL,
  `agentID` int(11) NOT NULL,
  `refererID` int(11) NOT NULL,
  `countryID` int(11) NOT NULL DEFAULT '0',
  `outlinkID` int(11) NOT NULL DEFAULT '0',
  PRIMARY KEY (`id`),
  KEY `timestamp` (`timestamp`),
  KEY `IP` (`IP`),
  KEY `pageID` (`pageID`),
  KEY `agentID` (`agentID`),
  KEY `refererID` (`refererID`),
  KEY `countryID` (`countryID`),
  KEY `outlinkID` (`outlinkID`)
) ENGINE=InnoDB AUTO_INCREMENT=1542 DEFAULT CHARSET=latin1;

--
-- Dumping data for table `kbm_19_Counterize`
--

INSERT INTO `kbm_19_Counterize` VALUES (1,'unavailable','a8d24346272e0637','2018-04-06 18:23:31',1,1,1,263,0),(2,'unavailable','fe6663d90eeb06c5','2018-04-07 15:12:44',1,2,2,108,0),(3,'unavailable','968f4dd4389c111b','2018-04-08 19:08:08',1,3,1,108,0),(4,'unavailable','d4b7d8db20302f76','2018-05-02 12:52:24',1,4,1,108,0),(5,'unavailable','91cc3138a19cf3c2','2018-05-09 17:11:11',1,5,3,263,0),(6,'unavailable','492d9279024e712a','2018-05-21 18:49:56',1,6,1,263,0),(7,'unavailable','f50ff73021560c09','2018-05-21 19:06:14',2,5,4,263,0),(8,'unavailable','f50ff73021560c09','2018-05-21 19:07:05',3,5,4,263,0),(9,'unavailable','f50ff73021560c09','2018-05-21 19:10:28',4,5,4,263,0),(10,'unavailable','f50ff73021560c09','2018-05-21 19:10:54',5,5,4,263,0),(11,'unavailable','f50ff73021560c09','2018-05-21 19:11:42',6,5,4,263,0),(12,'unavailable','f50ff73021560c09','2018-05-21 19:12:50',7,5,4,263,0),(13,'unavailable','f50ff73021560c09','2018-05-21 19:14:36',8,5,4,263,0),(14,'unavailable','f50ff73021560c09','2018-05-21 19:17:05',9,5,4,263,0),(15,'unavailable','f50ff73021560c09','2018-05-21 19:18:12',10,5,4,263,0),(16,'unavailable','f50ff73021560c09','2018-05-21 19:18:35',11,5,4,263,0),(17,'unavailable','f50ff73021560c09','2018-05-21 19:19:21',12,5,4,263,0),(18,'unavailable','f50ff73021560c09','2018-05-21 19:20:52',13,5,4,263,0),(19,'unavailable','f50ff73021560c09','2018-05-21 19:23:57',1,5,5,263,0),(20,'unavailable','f50ff73021560c09','2018-05-21 19:25:46',14,5,6,263,0),(21,'unavailable','f50ff73021560c09','2018-05-21 19:31:40',15,5,6,263,0),(22,'unavailable','f50ff73021560c09','2018-05-21 19:32:00',16,5,6,263,0),(23,'unavailable','f50ff73021560c09','2018-05-21 19:32:14',17,5,6,263,0),(24,'unavailable','f50ff73021560c09','2018-05-21 19:33:10',18,5,6,263,0),(25,'unavailable','f50ff73021560c09','2018-05-21 19:39:16',19,5,6,263,0),(26,'unavailable','f50ff73021560c09','2018-05-21 19:40:17',20,5,6,263,0),(27,'unavailable','f50ff73021560c09','2018-05-21 19:40:53',21,5,7,263,0),(28,'unavailable','a45fc01eaac66069','2018-05-21 19:42:00',1,6,8,263,0),(29,'unavailable','f50ff73021560c09','2018-05-21 19:44:53',21,5,7,263,0),(30,'unavailable','f50ff73021560c09','2018-05-21 19:45:49',21,5,7,263,0),(31,'unavailable','f50ff73021560c09','2018-05-21 19:46:02',22,5,6,263,0),(32,'unavailable','f50ff73021560c09','2018-05-21 19:46:24',22,5,6,263,0),(33,'unavailable','f50ff73021560c09','2018-05-21 19:46:42',23,5,9,263,0),(34,'unavailable','f50ff73021560c09','2018-05-21 19:47:13',24,5,9,263,0),(35,'unavailable','f50ff73021560c09','2018-05-21 19:49:17',25,5,9,263,0),(36,'unavailable','f50ff73021560c09','2018-05-21 19:50:12',22,5,6,263,0),(37,'unavailable','f50ff73021560c09','2018-05-21 19:50:30',22,5,6,263,0),(38,'unavailable','f50ff73021560c09','2018-05-21 19:51:13',26,5,10,263,0),(39,'unavailable','f50ff73021560c09','2018-05-21 19:51:34',27,5,10,263,0),(40,'unavailable','f50ff73021560c09','2018-05-21 19:51:51',28,5,10,263,0),(41,'unavailable','f50ff73021560c09','2018-05-21 19:54:38',29,5,10,263,0),(42,'unavailable','f50ff73021560c09','2018-05-21 19:54:44',30,5,10,263,0),(43,'unavailable','f50ff73021560c09','2018-05-21 19:55:16',31,5,11,263,0),(44,'unavailable','f50ff73021560c09','2018-05-21 19:55:23',32,5,11,263,0),(45,'unavailable','f50ff73021560c09','2018-05-21 19:55:55',33,5,6,263,0),(46,'unavailable','f50ff73021560c09','2018-05-21 19:56:09',33,5,6,263,0),(47,'unavailable','f50ff73021560c09','2018-05-21 19:56:20',26,5,10,263,0),(48,'unavailable','f50ff73021560c09','2018-05-21 19:57:37',27,5,10,263,0),(49,'unavailable','f50ff73021560c09','2018-05-21 19:57:40',28,5,10,263,0),(50,'unavailable','f50ff73021560c09','2018-05-21 19:58:27',34,5,10,263,0),(51,'unavailable','f50ff73021560c09','2018-05-21 19:58:41',35,5,10,263,0),(52,'unavailable','f50ff73021560c09','2018-05-21 20:01:44',36,5,10,263,0),(53,'unavailable','f50ff73021560c09','2018-05-21 20:02:12',37,5,10,263,0),(54,'unavailable','f50ff73021560c09','2018-05-21 20:02:17',38,5,10,263,0),(55,'unavailable','f50ff73021560c09','2018-05-21 20:03:02',33,5,6,263,0),(56,'unavailable','f50ff73021560c09','2018-05-21 20:03:30',39,5,11,263,0),(57,'unavailable','f50ff73021560c09','2018-05-21 20:06:24',1,5,12,263,0),(58,'unavailable','f50ff73021560c09','2018-05-21 20:06:35',40,5,13,263,0),(59,'unavailable','f50ff73021560c09','2018-05-21 20:24:41',41,5,14,263,0),(60,'unavailable','f50ff73021560c09','2018-05-21 20:27:01',42,5,14,263,0),(61,'unavailable','f50ff73021560c09','2018-05-21 20:27:54',43,5,14,263,0),(62,'unavailable','f50ff73021560c09','2018-05-21 20:31:44',40,5,13,263,0),(63,'unavailable','11b95e460083cb86','2018-05-21 20:33:33',1,7,15,49,0),(64,'unavailable','96102e11620b1e42','2018-05-21 20:33:45',1,7,15,49,0),(65,'unavailable','f50ff73021560c09','2018-05-21 20:34:41',44,5,16,263,0),(66,'unavailable','ddf79c395c160856','2018-05-21 20:34:46',1,7,15,49,0),(67,'unavailable','ac1796e4112b1c69','2018-05-21 20:35:41',1,7,15,49,0),(68,'unavailable','f4db9407e5ad92ef','2018-05-21 20:35:51',1,7,15,49,0),(69,'unavailable','f50ff73021560c09','2018-05-21 20:37:06',45,5,16,263,0),(70,'unavailable','c1ee3bcf79c7bf65','2018-05-21 20:37:13',1,7,15,49,0),(71,'unavailable','e08d03b4ab057402','2018-05-21 20:38:31',1,7,15,49,0),(72,'unavailable','c90ac1bc84077355','2018-05-21 20:40:40',1,7,15,49,0),(73,'unavailable','b3db29e2d073565e','2018-05-21 20:41:54',1,7,15,49,0),(74,'unavailable','d0bd0164257092c5','2018-05-21 20:42:09',1,7,15,49,0),(75,'unavailable','56fa8761645b2d48','2018-05-21 20:43:32',1,7,15,49,0),(76,'unavailable','fbb0c0f78696d946','2018-05-21 20:44:54',1,7,15,49,0),(77,'unavailable','f50ff73021560c09','2018-05-21 20:45:13',46,5,17,263,0),(78,'unavailable','f50ff73021560c09','2018-05-21 20:45:43',47,5,18,263,0),(79,'unavailable','60be34f747f2288a','2018-05-21 20:46:36',1,7,15,49,0),(80,'unavailable','08bdfd7bdc84febc','2018-05-21 20:50:40',1,7,15,49,0),(81,'unavailable','517bc498325a2037','2018-05-21 20:51:35',1,7,15,49,0),(82,'unavailable','f50ff73021560c09','2018-05-21 20:52:06',48,5,18,263,0),(83,'unavailable','f50ff73021560c09','2018-05-21 20:52:30',49,5,18,263,0),(84,'unavailable','f50ff73021560c09','2018-05-21 20:53:09',50,5,18,263,0),(85,'unavailable','1ddbe0673ded715f','2018-05-21 20:53:10',1,7,15,49,0),(86,'unavailable','f50ff73021560c09','2018-05-21 20:56:33',51,5,18,263,0),(87,'unavailable','f50ff73021560c09','2018-05-21 20:56:45',52,5,18,263,0),(88,'unavailable','f50ff73021560c09','2018-05-21 20:56:49',53,5,18,263,0),(89,'unavailable','f50ff73021560c09','2018-05-21 20:57:10',54,5,18,263,0),(90,'unavailable','f50ff73021560c09','2018-05-21 20:57:51',55,5,18,263,0),(91,'unavailable','f50ff73021560c09','2018-05-21 20:59:21',56,5,18,263,0),(92,'unavailable','f50ff73021560c09','2018-05-21 21:00:36',57,5,18,263,0),(93,'unavailable','4a19e70a53ac8667','2018-05-21 21:00:58',1,7,15,49,0),(94,'unavailable','f50ff73021560c09','2018-05-21 21:04:44',58,5,14,263,0),(95,'unavailable','f50ff73021560c09','2018-05-21 21:06:28',1,5,19,263,0),(96,'unavailable','f50ff73021560c09','2018-05-21 21:06:33',59,5,13,263,0),(97,'unavailable','f50ff73021560c09','2018-05-21 21:06:45',60,5,20,263,0),(98,'unavailable','f50ff73021560c09','2018-05-21 21:07:51',1,5,21,263,0),(99,'unavailable','f50ff73021560c09','2018-05-21 21:12:25',61,5,6,263,0),(100,'unavailable','f50ff73021560c09','2018-05-21 21:14:30',62,5,14,263,0),(101,'unavailable','f50ff73021560c09','2018-05-21 21:16:30',62,5,14,263,0),(102,'unavailable','f50ff73021560c09','2018-05-21 21:16:45',62,5,14,263,0),(103,'unavailable','f50ff73021560c09','2018-05-21 21:17:21',63,5,6,263,0),(104,'unavailable','f50ff73021560c09','2018-05-21 21:18:22',64,5,6,263,0),(105,'unavailable','f50ff73021560c09','2018-05-21 21:21:00',1,5,19,263,0),(106,'unavailable','f50ff73021560c09','2018-05-21 21:22:03',65,5,14,263,0),(107,'unavailable','f50ff73021560c09','2018-05-21 21:22:17',1,5,15,263,0),(108,'unavailable','f50ff73021560c09','2018-05-21 21:25:14',66,5,22,263,0),(109,'unavailable','f50ff73021560c09','2018-05-21 21:25:48',67,5,23,263,0),(110,'unavailable','f50ff73021560c09','2018-05-21 21:26:19',1,5,15,263,0),(111,'unavailable','f50ff73021560c09','2018-05-21 21:26:25',59,5,13,263,0),(112,'unavailable','f50ff73021560c09','2018-05-21 21:26:30',66,5,20,263,0),(113,'unavailable','f50ff73021560c09','2018-05-21 21:27:04',59,5,24,263,0),(114,'unavailable','f50ff73021560c09','2018-05-21 21:27:07',68,5,20,263,0),(115,'unavailable','f50ff73021560c09','2018-05-21 21:30:34',67,5,23,263,0),(116,'unavailable','038cdaf55feda00d','2018-05-21 21:35:39',1,7,15,49,0),(117,'unavailable','ad519e151b8d1c58','2018-05-21 21:39:56',1,7,15,49,0),(118,'unavailable','b46209bab25215d4','2018-05-21 21:51:53',1,8,25,49,0),(119,'unavailable','54d220c7ec080e04','2018-05-21 22:04:31',1,7,15,49,0),(120,'unavailable','9f6a062a3204f5e2','2018-05-21 22:27:52',1,7,15,49,0),(121,'unavailable','e20901fe4eca0638','2018-05-21 22:43:28',1,7,15,49,0),(122,'unavailable','94123193d0826a01','2018-06-02 06:12:04',1,9,1,242,0),(123,'unavailable','feec5b279d68b146','2018-06-02 06:13:16',1,9,1,242,0),(124,'unavailable','ebdf2f4524f98007','2018-06-02 06:13:27',59,9,13,242,0),(125,'unavailable','feec5b279d68b146','2018-06-02 06:13:32',1,9,1,242,0),(126,'unavailable','94123193d0826a01','2018-06-02 06:14:06',69,9,13,242,0),(127,'unavailable','ebdf2f4524f98007','2018-06-02 06:14:29',69,9,13,242,0),(128,'unavailable','ebdf2f4524f98007','2018-06-02 06:14:33',1,9,1,242,0),(129,'unavailable','2d3e7c6e81d90d8d','2018-07-12 09:29:25',1,10,26,263,0),(130,'unavailable','2d3e7c6e81d90d8d','2018-07-12 09:29:38',69,10,13,263,0),(131,'unavailable','2d3e7c6e81d90d8d','2018-07-12 09:29:41',59,10,27,263,0),(132,'unavailable','2d3e7c6e81d90d8d','2018-07-12 09:29:43',70,10,20,263,0),(133,'unavailable','2d3e7c6e81d90d8d','2018-07-12 09:29:45',66,10,28,263,0),(134,'unavailable','2d3e7c6e81d90d8d','2018-07-12 09:29:51',70,10,20,263,0),(135,'unavailable','2d3e7c6e81d90d8d','2018-07-12 09:29:52',59,10,27,263,0),(136,'unavailable','2d3e7c6e81d90d8d','2018-07-12 09:29:54',69,10,13,263,0),(137,'unavailable','2d3e7c6e81d90d8d','2018-07-12 09:29:56',1,10,26,263,0),(138,'unavailable','37217be96db07917','2018-08-06 15:58:59',70,11,29,108,0),(139,'unavailable','37217be96db07917','2018-08-06 15:59:43',66,11,28,108,0),(140,'unavailable','e34bc0bb643be6c9','2018-08-31 13:50:20',59,12,30,242,0),(141,'unavailable','e34bc0bb643be6c9','2018-08-31 13:50:42',1,12,20,242,0),(142,'unavailable','e1171512e7a96628','2018-08-31 13:51:37',1,12,20,242,0),(143,'unavailable','e1171512e7a96628','2018-08-31 13:51:46',59,12,13,242,0),(144,'unavailable','e34bc0bb643be6c9','2018-08-31 13:51:51',70,12,20,242,0),(145,'unavailable','e1171512e7a96628','2018-08-31 13:51:56',1,12,28,242,0),(146,'unavailable','e34bc0bb643be6c9','2018-08-31 13:52:30',1,12,28,242,0),(147,'unavailable','29f4950aa64d1f89','2018-09-09 06:43:11',68,13,31,108,0),(148,'unavailable','5cea8303e8916e45','2018-09-19 10:44:44',70,14,29,108,0),(149,'unavailable','5cea8303e8916e45','2018-09-19 10:45:11',69,14,28,108,0),(150,'unavailable','5cea8303e8916e45','2018-09-19 10:45:18',59,14,27,108,0),(151,'unavailable','5cea8303e8916e45','2018-09-19 10:45:24',69,14,28,108,0),(152,'unavailable','5cea8303e8916e45','2018-09-19 10:45:31',70,14,29,108,0),(153,'unavailable','5cea8303e8916e45','2018-09-19 10:45:39',1,14,28,108,0),(154,'unavailable','5cea8303e8916e45','2018-09-19 10:46:08',71,14,13,108,0),(155,'unavailable','5cea8303e8916e45','2018-09-19 10:46:35',1,14,28,108,0),(156,'unavailable','5cea8303e8916e45','2018-09-19 10:46:52',70,14,29,108,0),(157,'unavailable','5cea8303e8916e45','2018-09-19 10:47:16',70,14,29,108,0),(158,'unavailable','af310ef9cc5473cf','2018-09-19 23:02:47',1,7,15,49,0),(159,'unavailable','ad7df67eb62f5ebd','2018-09-19 23:05:53',1,7,15,49,0),(160,'unavailable','ed4c6e8105e05500','2018-09-19 23:07:50',1,7,15,49,0),(161,'unavailable','5df6b160d784f261','2018-09-19 23:07:58',1,7,15,49,0),(162,'unavailable','4ed3934b07646f6d','2018-09-19 23:09:56',1,15,15,242,0),(163,'unavailable','f15ab9d9c86e1aa7','2018-09-19 23:11:33',1,7,15,49,0),(164,'unavailable','2fba0cce0617a473','2018-09-19 23:15:09',1,7,15,108,0),(165,'unavailable','a829200b584fa5a0','2018-09-19 23:25:23',1,7,15,49,0),(166,'unavailable','10e607b990831e00','2018-09-19 23:31:07',1,7,15,49,0),(167,'unavailable','6135e859ce0fe8ec','2018-09-19 23:52:06',1,7,15,49,0),(168,'unavailable','ec23b448a1da96bb','2018-09-19 23:52:56',1,7,15,49,0),(169,'unavailable','0d0a90cf0d3631d1','2018-09-19 23:57:38',1,7,15,49,0),(170,'unavailable','df3b82f7287ac8c9','2018-09-19 23:57:52',1,7,15,49,0),(171,'unavailable','3f1440fae3541a07','2018-09-20 00:00:29',1,7,15,49,0),(172,'unavailable','f13334a344ea8cfa','2018-09-20 00:01:29',1,7,15,49,0),(173,'unavailable','1082f0802352cffe','2018-09-20 00:01:48',1,7,15,49,0),(174,'unavailable','674acf42f46b05c4','2018-09-20 00:03:25',1,7,15,49,0),(175,'unavailable','b7d4c24dabf01cb3','2018-09-20 00:06:59',1,7,15,49,0),(176,'unavailable','4ae4ac62adfd2aad','2018-09-20 00:22:45',1,7,15,49,0),(177,'unavailable','5f7238e4de890908','2018-09-20 11:13:51',59,16,29,108,0),(178,'unavailable','ff900c3c7369f51b','2018-09-20 18:00:07',72,17,21,108,0),(179,'unavailable','f87ba4594090a72a','2018-09-20 18:03:54',1,7,15,49,0),(180,'unavailable','67b1b737063464eb','2018-09-20 18:04:35',1,7,15,49,0),(181,'unavailable','382dd87468ceda51','2018-09-20 18:04:51',1,7,15,49,0),(182,'unavailable','761d2c37ed619c31','2018-09-20 18:05:02',1,7,15,49,0),(183,'unavailable','ad12d8437845c729','2018-09-20 18:06:01',1,7,15,49,0),(184,'unavailable','2fba0cce0617a473','2018-09-20 18:07:20',1,7,15,108,0),(185,'unavailable','0a92505b6159787c','2018-09-20 18:07:46',1,7,15,49,0),(186,'unavailable','752372077af9a4ef','2018-09-20 18:08:15',1,7,15,49,0),(187,'unavailable','f2c7b0d76144daa9','2018-09-20 18:08:25',1,7,15,49,0),(188,'unavailable','01d60ff5ee2b38e9','2018-09-20 18:08:34',73,17,21,108,0),(189,'unavailable','751260a68409ee0f','2018-09-20 18:08:54',1,7,15,49,0),(190,'unavailable','0349642e7620f95d','2018-09-20 18:09:10',1,7,15,49,0),(191,'unavailable','78de5aaaf1941b19','2018-09-20 18:09:17',1,7,15,49,0),(192,'unavailable','26dc0bc3b756d970','2018-09-20 18:09:27',1,7,15,49,0),(193,'unavailable','321a855b9233cc72','2018-09-20 18:09:42',1,7,15,49,0),(194,'unavailable','5d18b6f7518d40c2','2018-09-20 18:10:04',1,7,15,49,0),(195,'unavailable','e9a4b406662bf07d','2018-09-20 18:10:04',1,7,15,49,0),(196,'unavailable','f196191aa2f9a19a','2018-09-20 18:10:05',1,7,15,49,0),(197,'unavailable','2c335cd93ee0756f','2018-09-20 18:10:17',1,7,15,49,0),(198,'unavailable','d8a43751149afb94','2018-09-20 18:10:21',1,7,15,49,0),(199,'unavailable','844b06fbcf8e8025','2018-09-20 18:10:41',1,7,15,247,0),(200,'unavailable','9e039e378dd7f83c','2018-09-20 18:10:44',1,7,15,49,0),(201,'unavailable','2bfd40992485e233','2018-09-20 18:10:49',1,7,15,49,0),(202,'unavailable','103786cd2b21fc38','2018-09-20 18:11:02',1,7,15,49,0),(203,'unavailable','ebb19733162e9527','2018-09-20 18:11:09',1,7,15,49,0),(204,'unavailable','38275f104296e5ba','2018-09-20 18:11:18',1,7,15,49,0),(205,'unavailable','d24b64162e2c3c47','2018-09-20 18:11:22',1,8,32,49,0),(206,'unavailable','89761c8edae99665','2018-09-20 18:11:25',1,7,15,49,0),(207,'unavailable','fc0b37de2d3adb70','2018-09-20 18:11:27',1,7,15,49,0),(208,'unavailable','fc0b37de2d3adb70','2018-09-20 18:11:28',1,7,15,49,0),(209,'unavailable','17390e85df692bba','2018-09-20 18:11:42',1,7,15,49,0),(210,'unavailable','a50ed8f7a99fed77','2018-09-20 18:11:50',1,7,15,49,0),(211,'unavailable','4b23c7ede107efb0','2018-09-20 18:12:10',1,7,15,49,0),(212,'unavailable','67984dbfead3d4fa','2018-09-20 18:12:14',1,7,15,49,0),(213,'unavailable','fc42dee8a4277c84','2018-09-20 18:12:15',1,7,15,49,0),(214,'unavailable','bed8bcc7cdc0ed1e','2018-09-20 18:12:30',1,7,15,49,0),(215,'unavailable','46e037fd5b761173','2018-09-20 18:12:35',1,7,15,49,0),(216,'unavailable','d9d3f294a8cd443d','2018-09-20 18:12:37',1,7,15,49,0),(217,'unavailable','b3cf86fbb147e50f','2018-09-20 18:12:40',1,7,15,49,0),(218,'unavailable','c04b3a286592f5c1','2018-09-20 18:12:53',1,7,15,49,0),(219,'unavailable','aad95b4858e66d06','2018-09-20 18:13:03',1,7,15,49,0),(220,'unavailable','92b5d1e17ada0da5','2018-09-20 18:13:09',1,7,15,49,0),(221,'unavailable','3f0169ec87a90598','2018-09-20 18:13:12',1,7,15,49,0),(222,'unavailable','84eb5d6fc3e6f5f8','2018-09-20 18:13:13',1,7,15,49,0),(223,'unavailable','e932419d353a6203','2018-09-20 18:13:24',1,7,15,49,0),(224,'unavailable','dc0586d727baf77f','2018-09-20 18:13:45',1,7,15,49,0),(225,'unavailable','0877f8a1f4bc6eb6','2018-09-20 18:14:19',1,7,15,49,0),(226,'unavailable','94822836985772d2','2018-09-20 18:14:45',1,7,15,49,0),(227,'unavailable','5960acd100bb0ffa','2018-09-20 18:15:06',1,7,15,49,0),(228,'unavailable','5622b0bd16586e07','2018-09-20 18:15:32',1,7,15,49,0),(229,'unavailable','08a705fd200248e8','2018-09-20 18:15:36',1,7,15,234,0),(230,'unavailable','92bc501632c9fd08','2018-09-20 18:16:03',1,7,15,49,0),(231,'unavailable','60b80e6b9abdef53','2018-09-20 18:16:14',1,7,15,49,0),(232,'unavailable','261d5a1927a2a6be','2018-09-20 18:16:55',1,7,15,49,0),(233,'unavailable','aef59fd6cefd160f','2018-09-20 18:17:01',1,7,15,49,0),(234,'unavailable','6207141f5819694b','2018-09-20 18:17:58',1,7,15,49,0),(235,'unavailable','9de0a8125dcd888f','2018-09-20 18:18:14',1,7,15,49,0),(236,'unavailable','0d8066011a44ba04','2018-09-20 18:18:27',1,7,15,49,0),(237,'unavailable','a50ed8f7a99fed77','2018-09-20 18:26:11',1,7,15,49,0),(238,'unavailable','ff900c3c7369f51b','2018-09-20 18:26:24',74,17,21,108,0),(239,'unavailable','01d60ff5ee2b38e9','2018-09-20 18:26:25',75,17,33,108,0),(240,'unavailable','ff900c3c7369f51b','2018-09-20 18:26:43',69,17,33,108,0),(241,'unavailable','5abe36d07d48f4d9','2018-09-20 18:26:55',76,17,27,108,0),(242,'unavailable','5abe36d07d48f4d9','2018-09-20 18:28:20',76,17,34,108,0),(243,'unavailable','01d60ff5ee2b38e9','2018-09-20 18:30:01',1,17,21,108,0),(244,'unavailable','d6e28d3e54c425f5','2018-09-20 18:30:05',1,7,15,49,0),(245,'unavailable','ff900c3c7369f51b','2018-09-20 18:30:19',76,17,13,108,0),(246,'unavailable','766c644b7fb7a982','2018-09-20 18:30:19',77,17,35,108,0),(247,'unavailable','766c644b7fb7a982','2018-09-20 18:30:36',78,17,35,108,0),(248,'unavailable','d16fedddcd5f4e64','2018-09-20 18:34:32',59,18,31,242,0),(249,'unavailable','f79a174929c0b60a','2018-09-20 18:34:49',69,18,20,242,0),(250,'unavailable','fa6180fa37c8178b','2018-09-20 18:34:55',59,18,31,242,0),(251,'unavailable','f79a174929c0b60a','2018-09-20 18:35:47',70,18,31,242,0),(252,'unavailable','d16fedddcd5f4e64','2018-09-20 18:36:10',69,18,31,242,0),(253,'unavailable','fa6180fa37c8178b','2018-09-20 18:36:39',79,18,31,242,0),(254,'unavailable','f79a174929c0b60a','2018-09-20 18:36:45',70,18,36,242,0),(255,'unavailable','f79a174929c0b60a','2018-09-20 18:36:52',80,18,28,242,0),(256,'unavailable','fa6180fa37c8178b','2018-09-20 18:37:11',70,18,37,242,0),(257,'unavailable','d16fedddcd5f4e64','2018-09-20 18:37:51',1,18,28,242,0),(258,'unavailable','f79a174929c0b60a','2018-09-20 18:37:52',1,18,28,242,0),(259,'unavailable','fa6180fa37c8178b','2018-09-20 18:38:21',72,18,13,242,0),(260,'unavailable','fa6180fa37c8178b','2018-09-20 19:20:05',80,18,28,242,0),(261,'unavailable','f79a174929c0b60a','2018-09-20 19:20:06',70,18,36,242,0),(262,'unavailable','d16fedddcd5f4e64','2018-09-20 19:25:19',79,18,31,242,0),(263,'unavailable','fa6180fa37c8178b','2018-09-20 19:25:23',80,18,36,242,0),(264,'unavailable','d16fedddcd5f4e64','2018-09-20 19:25:54',79,18,31,242,0),(265,'unavailable','fa6180fa37c8178b','2018-09-20 19:26:23',70,18,31,242,0),(266,'unavailable','fa6180fa37c8178b','2018-09-20 19:26:51',69,18,28,242,0),(267,'unavailable','f79a174929c0b60a','2018-09-20 19:26:59',70,18,27,242,0),(268,'unavailable','f79a174929c0b60a','2018-09-20 19:27:09',70,18,27,242,0),(269,'unavailable','f79a174929c0b60a','2018-09-20 19:27:22',69,18,28,242,0),(270,'unavailable','84f2c7a7a10606ac','2018-09-20 19:27:46',72,17,21,108,0),(271,'unavailable','ff900c3c7369f51b','2018-09-20 19:30:03',81,17,21,108,0),(272,'unavailable','d16fedddcd5f4e64','2018-09-20 19:30:11',70,18,31,242,0),(273,'unavailable','310a8be7811b4da6','2018-09-20 19:30:12',1,7,15,49,0),(274,'unavailable','f79a174929c0b60a','2018-09-20 19:30:20',40,18,28,242,0),(275,'unavailable','f79a174929c0b60a','2018-09-20 19:30:26',69,18,38,242,0),(276,'unavailable','d16fedddcd5f4e64','2018-09-20 19:30:30',79,18,27,242,0),(277,'unavailable','fa6180fa37c8178b','2018-09-20 19:30:36',82,18,36,242,0),(278,'unavailable','f79a174929c0b60a','2018-09-20 19:30:44',70,18,39,242,0),(279,'unavailable','d16fedddcd5f4e64','2018-09-20 19:30:48',80,18,28,242,0),(280,'unavailable','d16fedddcd5f4e64','2018-09-20 19:31:09',1,18,37,242,0),(281,'unavailable','f79a174929c0b60a','2018-09-20 19:31:17',72,18,13,242,0),(282,'unavailable','fa6180fa37c8178b','2018-09-20 19:32:59',1,18,37,242,0),(283,'unavailable','f79a174929c0b60a','2018-09-20 19:32:59',80,18,28,242,0),(284,'unavailable','f79a174929c0b60a','2018-09-20 19:33:00',70,18,39,242,0),(285,'unavailable','f79a174929c0b60a','2018-09-20 19:33:00',40,18,28,242,0),(286,'unavailable','d16fedddcd5f4e64','2018-09-20 19:33:01',82,18,36,242,0),(287,'unavailable','f79a174929c0b60a','2018-09-20 19:33:01',70,18,31,242,0),(288,'unavailable','f79a174929c0b60a','2018-09-20 19:33:02',69,18,38,242,0),(289,'unavailable','d16fedddcd5f4e64','2018-09-20 19:33:02',79,18,27,242,0),(290,'unavailable','766c644b7fb7a982','2018-09-20 19:34:15',81,17,21,108,0),(291,'unavailable','766c644b7fb7a982','2018-09-20 19:34:36',72,17,40,108,0),(292,'unavailable','ff900c3c7369f51b','2018-09-20 19:36:04',72,17,21,108,0),(293,'unavailable','30ae887eb2de0844','2018-09-20 19:36:40',1,7,15,49,0),(294,'unavailable','84f2c7a7a10606ac','2018-09-20 19:38:01',1,19,15,108,0),(295,'unavailable','a6fa2003797875d1','2018-09-20 19:38:14',1,7,15,49,0),(296,'unavailable','5b3c946d2854ffec','2018-09-20 19:39:33',1,7,15,49,0),(297,'unavailable','9e039e378dd7f83c','2018-09-20 19:41:16',1,7,15,49,0),(298,'unavailable','afecacba682dc36c','2018-09-20 19:41:50',1,20,15,242,0),(299,'unavailable','127e227f95ab47d9','2018-09-20 19:41:56',74,20,15,242,0),(300,'unavailable','04eed0ebcdcf96d2','2018-09-20 19:41:56',72,20,15,242,0),(301,'unavailable','f79a174929c0b60a','2018-09-20 19:41:56',1,21,15,242,0),(302,'unavailable','fa6180fa37c8178b','2018-09-20 19:41:56',1,22,15,242,0),(303,'unavailable','b8bdf4c7e3aa2b2a','2018-09-20 19:41:56',81,20,15,242,0),(304,'unavailable','5c151fc8bf82f676','2018-09-20 19:43:00',1,7,15,49,0),(305,'unavailable','528f7cd16ac35c94','2018-09-20 19:43:31',1,7,15,49,0),(306,'unavailable','21bca12f21374d8a','2018-09-20 19:44:32',1,7,15,49,0),(307,'unavailable','ea726d9e4cfac845','2018-09-20 19:44:32',1,7,15,49,0),(308,'unavailable','97b369083b59c91e','2018-09-20 19:44:37',1,7,15,49,0),(309,'unavailable','1b5997453d19fc0a','2018-09-20 19:44:40',1,7,15,49,0),(310,'unavailable','076633ac25436cf9','2018-09-20 19:44:51',1,7,15,49,0),(311,'unavailable','5ef31ee35520742c','2018-09-20 19:44:51',1,7,15,49,0),(312,'unavailable','9845cd4871773d49','2018-09-20 19:44:54',1,7,15,49,0),(313,'unavailable','3e49db92daf7d043','2018-09-20 19:45:12',1,7,15,49,0),(314,'unavailable','5ace6c01d04501d9','2018-09-20 19:45:38',1,7,15,49,0),(315,'unavailable','168bad4a634dffb0','2018-09-20 19:45:47',1,7,15,49,0),(316,'unavailable','0b40a72d2273f023','2018-09-20 19:45:55',1,7,15,49,0),(317,'unavailable','be1e7159a121e7c9','2018-09-20 19:45:59',1,7,15,49,0),(318,'unavailable','cb4dcd117edbd727','2018-09-20 19:46:09',1,7,15,49,0),(319,'unavailable','69cf178ddb1d8350','2018-09-20 19:46:14',1,7,15,49,0),(320,'unavailable','5d18b6f7518d40c2','2018-09-20 19:46:16',1,7,15,49,0),(321,'unavailable','4103924739a6e335','2018-09-20 19:46:49',1,7,15,49,0),(322,'unavailable','0b5fbffddaf1a964','2018-09-20 19:47:07',1,7,15,49,0),(323,'unavailable','fa6180fa37c8178b','2018-09-20 19:47:13',1,23,15,242,0),(324,'unavailable','4284e1a0cca88508','2018-09-20 19:47:45',1,7,15,49,0),(325,'unavailable','510664042c275bcc','2018-09-20 19:47:48',1,7,15,49,0),(326,'unavailable','75b747fa7b59fd12','2018-09-20 19:48:18',1,7,15,49,0),(327,'unavailable','eada579645d800cb','2018-09-20 19:48:20',1,7,15,49,0),(328,'unavailable','f8093a9b042a162f','2018-09-20 19:48:25',1,7,15,49,0),(329,'unavailable','59a570696476baed','2018-09-20 19:49:16',1,7,15,49,0),(330,'unavailable','e9c02a13c2579964','2018-09-20 19:49:30',1,7,15,49,0),(331,'unavailable','36c1995b87802c22','2018-09-20 19:49:48',1,7,15,49,0),(332,'unavailable','0b54fba984957345','2018-09-20 19:49:51',1,7,15,49,0),(333,'unavailable','13d307b5538d482f','2018-09-20 19:50:08',1,7,15,49,0),(334,'unavailable','8c2a1ac07f199378','2018-09-20 19:50:09',1,7,15,49,0),(335,'unavailable','296a766edb684657','2018-09-20 19:50:31',1,7,15,49,0),(336,'unavailable','355c5389c70e0534','2018-09-20 19:50:56',1,7,15,49,0),(337,'unavailable','3f1440fae3541a07','2018-09-20 19:51:26',1,7,15,49,0),(338,'unavailable','042c61fe54dc33a3','2018-09-20 19:52:14',1,7,15,49,0),(339,'unavailable','a19b2ca2bb800754','2018-09-20 19:52:20',1,7,15,49,0),(340,'unavailable','9279e7a4b0c6bde7','2018-09-20 19:52:39',1,7,15,49,0),(341,'unavailable','c8b07768e7428649','2018-09-20 19:52:39',1,7,15,49,0),(342,'unavailable','d30238fcb13b1cab','2018-09-20 19:54:05',1,7,15,49,0),(343,'unavailable','f87322c7cd64cce1','2018-09-20 19:57:24',1,7,15,49,0),(344,'unavailable','a5a2123506c2fcfa','2018-09-20 20:01:09',1,7,15,49,0),(345,'unavailable','66664e5dffaa0103','2018-09-20 21:52:47',1,24,30,108,0),(346,'unavailable','f09989c61039ec6b','2018-09-20 21:53:36',1,24,30,108,0),(347,'unavailable','66664e5dffaa0103','2018-09-20 21:53:52',69,24,13,108,0),(348,'unavailable','66664e5dffaa0103','2018-09-20 21:53:55',1,24,30,108,0),(349,'unavailable','66664e5dffaa0103','2018-09-20 21:54:10',83,24,13,108,0),(350,'unavailable','60f8151b8dd3a45b','2018-09-20 21:54:19',83,24,13,108,0),(351,'unavailable','60f8151b8dd3a45b','2018-09-20 21:54:28',70,24,41,108,0),(352,'unavailable','66664e5dffaa0103','2018-09-20 21:54:35',83,24,13,108,0),(353,'unavailable','d6bdbc729dfea0fc','2018-09-20 21:58:54',59,25,30,15,0),(354,'unavailable','f79a174929c0b60a','2018-09-20 21:59:14',1,24,30,242,0),(355,'unavailable','1d6819cdd479990f','2018-09-21 04:23:40',1,26,1,265,0),(356,'unavailable','1d6819cdd479990f','2018-09-21 04:23:45',66,26,1,265,0),(357,'unavailable','1d6819cdd479990f','2018-09-21 04:24:05',66,26,42,265,0),(358,'unavailable','cceda28b88df4f8b','2018-09-21 04:57:19',1,19,15,108,0),(359,'unavailable','cceda28b88df4f8b','2018-09-21 04:58:51',59,19,13,108,0),(360,'unavailable','cceda28b88df4f8b','2018-09-21 04:58:58',70,19,20,108,0),(361,'unavailable','cceda28b88df4f8b','2018-09-21 04:59:05',69,19,28,108,0),(362,'unavailable','cceda28b88df4f8b','2018-09-21 04:59:09',70,19,20,108,0),(363,'unavailable','cceda28b88df4f8b','2018-09-21 04:59:11',59,19,13,108,0),(364,'unavailable','cceda28b88df4f8b','2018-09-21 04:59:13',1,19,15,108,0),(365,'unavailable','cceda28b88df4f8b','2018-09-21 04:59:50',73,19,13,108,0),(366,'unavailable','cceda28b88df4f8b','2018-09-21 05:00:28',1,19,15,108,0),(367,'unavailable','cceda28b88df4f8b','2018-09-21 05:00:40',81,19,13,108,0),(368,'unavailable','cceda28b88df4f8b','2018-09-21 05:01:42',1,19,15,108,0),(369,'unavailable','cceda28b88df4f8b','2018-09-21 05:01:50',66,19,13,108,0),(370,'unavailable','cceda28b88df4f8b','2018-09-21 05:01:55',1,19,15,108,0),(371,'unavailable','cceda28b88df4f8b','2018-09-21 05:02:45',70,19,31,108,0),(372,'unavailable','cceda28b88df4f8b','2018-09-21 05:03:13',59,19,31,108,0),(373,'unavailable','cceda28b88df4f8b','2018-09-21 05:03:16',59,19,31,108,0),(374,'unavailable','c670d96845484169','2018-09-21 06:13:12',66,27,15,165,0),(375,'unavailable','c670d96845484169','2018-09-21 06:26:18',66,27,15,165,0),(376,'unavailable','c670d96845484169','2018-09-21 07:54:56',66,27,15,165,0),(377,'unavailable','c670d96845484169','2018-09-21 08:08:05',66,27,15,165,0),(378,'unavailable','3bc8970ebe8c3d9d','2018-09-21 08:49:44',1,28,15,242,0),(379,'unavailable','c670d96845484169','2018-09-21 09:48:00',66,27,15,165,0),(380,'unavailable','5635328bfa6a49b7','2018-09-21 12:34:30',59,16,29,108,0),(381,'unavailable','7fbc360209ccedf9','2018-09-21 12:48:16',1,19,15,242,0),(382,'unavailable','ad63bc83e25d6ee3','2018-09-21 13:01:13',81,19,13,108,0),(383,'unavailable','5a9ce6f3c1da65b8','2018-09-21 13:01:13',81,19,13,242,0),(384,'unavailable','524bc69b6cac8010','2018-09-21 13:37:50',1,29,15,108,0),(385,'unavailable','7fbc360209ccedf9','2018-09-21 13:44:19',1,30,15,242,0),(386,'unavailable','3bc8970ebe8c3d9d','2018-09-21 13:46:32',72,30,13,242,0),(387,'unavailable','5a9ce6f3c1da65b8','2018-09-21 13:47:26',1,30,15,242,0),(388,'unavailable','febd9b72cdd65020','2018-09-21 18:36:54',1,31,1,265,0),(389,'unavailable','18cca0b3aa70a971','2018-09-21 19:03:18',1,32,1,265,0),(390,'unavailable','8d761e9f1e83e558','2018-09-22 12:40:46',1,33,1,265,0),(391,'unavailable','8d761e9f1e83e558','2018-09-22 12:40:48',66,33,1,265,0),(392,'unavailable','842de8ed18eb80ba','2018-09-22 12:41:11',66,33,42,242,0),(393,'unavailable','842de8ed18eb80ba','2018-09-22 12:41:34',66,33,42,242,0),(394,'unavailable','8d761e9f1e83e558','2018-09-22 13:01:15',66,27,15,265,0),(395,'unavailable','8d761e9f1e83e558','2018-09-22 13:23:10',66,27,15,265,0),(396,'unavailable','8d761e9f1e83e558','2018-09-22 13:40:24',66,27,15,265,0),(397,'unavailable','8d761e9f1e83e558','2018-09-22 14:03:21',66,27,15,265,0),(398,'unavailable','8d761e9f1e83e558','2018-09-22 14:16:09',66,34,15,265,0),(399,'unavailable','8d761e9f1e83e558','2018-09-22 14:27:43',66,34,15,265,0),(400,'unavailable','8d761e9f1e83e558','2018-09-22 14:39:51',66,34,15,265,0),(401,'unavailable','8d761e9f1e83e558','2018-09-22 14:51:48',66,34,15,265,0),(402,'unavailable','8d761e9f1e83e558','2018-09-22 15:03:23',66,34,15,265,0),(403,'unavailable','8d761e9f1e83e558','2018-09-22 15:14:54',66,34,15,265,0),(404,'unavailable','8d761e9f1e83e558','2018-09-22 15:32:05',66,34,15,265,0),(405,'unavailable','8d761e9f1e83e558','2018-09-22 15:42:39',66,34,15,265,0),(406,'unavailable','8d761e9f1e83e558','2018-09-22 15:53:12',66,34,15,265,0),(407,'unavailable','a4d84cc54b335318','2018-09-22 15:58:01',73,20,15,242,0),(408,'unavailable','8d761e9f1e83e558','2018-09-22 16:11:19',66,34,15,265,0),(409,'unavailable','8d761e9f1e83e558','2018-09-22 16:30:56',66,34,15,265,0),(410,'unavailable','3bc8970ebe8c3d9d','2018-09-22 22:09:27',1,28,15,242,0),(411,'unavailable','62eb2303e422cf48','2018-09-22 23:28:31',1,35,43,49,0),(412,'unavailable','8d761e9f1e83e558','2018-09-23 00:05:41',66,34,15,265,0),(413,'unavailable','cceda28b88df4f8b','2018-09-23 01:29:50',1,19,15,108,0),(414,'unavailable','4420e53a6a75d11a','2018-09-25 10:33:11',72,20,15,242,0),(415,'unavailable','19cd8ae2e5155e20','2018-09-29 12:44:05',72,36,31,108,0),(416,'unavailable','19cd8ae2e5155e20','2018-09-29 12:44:06',72,36,31,108,0),(417,'unavailable','6a255a592db22188','2018-10-03 08:28:04',1,37,15,263,0),(418,'unavailable','6a255a592db22188','2018-10-04 21:15:11',1,24,44,263,0),(419,'unavailable','6a255a592db22188','2018-10-08 03:12:24',73,20,31,263,0),(420,'unavailable','6a255a592db22188','2018-10-08 03:12:49',74,20,31,263,0),(421,'unavailable','6a255a592db22188','2018-10-10 17:56:45',81,38,45,263,0),(422,'unavailable','6a255a592db22188','2018-10-16 16:32:56',1,39,29,263,0),(423,'unavailable','6a255a592db22188','2018-10-16 16:33:27',1,39,29,263,0),(424,'unavailable','6a255a592db22188','2018-10-16 16:34:05',72,39,13,263,0),(425,'unavailable','6a255a592db22188','2018-10-16 16:34:06',72,39,13,263,0),(426,'unavailable','6a255a592db22188','2018-10-16 16:34:07',73,39,46,263,0),(427,'unavailable','6a255a592db22188','2018-10-16 16:34:54',73,39,46,263,0),(428,'unavailable','6a255a592db22188','2018-10-16 16:34:55',74,39,47,263,0),(429,'unavailable','6a255a592db22188','2018-10-16 16:35:24',72,39,47,263,0),(430,'unavailable','6a255a592db22188','2018-10-16 16:35:25',73,39,46,263,0),(431,'unavailable','6a255a592db22188','2018-10-16 20:17:58',1,20,15,263,0),(432,'unavailable','6a255a592db22188','2018-10-18 12:47:38',1,40,30,263,0),(433,'unavailable','6a255a592db22188','2018-10-18 12:53:31',1,40,15,263,0),(434,'unavailable','6a255a592db22188','2018-10-18 12:53:42',59,40,13,263,0),(435,'unavailable','6a255a592db22188','2018-10-18 14:29:35',1,41,30,263,0),(436,'unavailable','6a255a592db22188','2018-10-18 14:57:20',1,41,30,263,0),(437,'unavailable','6a255a592db22188','2018-10-18 17:48:53',1,20,15,263,0),(438,'unavailable','6a255a592db22188','2018-10-19 19:33:33',1,42,15,263,0),(439,'unavailable','6a255a592db22188','2018-10-21 04:08:25',1,18,31,263,0),(440,'unavailable','6a255a592db22188','2018-10-22 09:42:57',1,43,1,263,0),(441,'unavailable','6a255a592db22188','2018-10-26 14:29:33',83,44,29,263,0),(442,'unavailable','6a255a592db22188','2018-10-26 14:37:04',69,44,41,263,0),(443,'unavailable','6a255a592db22188','2018-10-26 14:37:15',79,44,27,263,0),(444,'unavailable','6a255a592db22188','2018-10-26 14:37:18',66,44,36,263,0),(445,'unavailable','6a255a592db22188','2018-10-26 14:37:20',81,44,24,263,0),(446,'unavailable','6a255a592db22188','2018-10-26 14:37:45',78,44,24,263,0),(447,'unavailable','6a255a592db22188','2018-10-26 14:37:49',70,44,48,263,0),(448,'unavailable','6a255a592db22188','2018-10-26 14:37:52',78,44,24,263,0),(449,'unavailable','6a255a592db22188','2018-10-26 14:37:54',66,44,36,263,0),(450,'unavailable','6a255a592db22188','2018-10-26 14:37:55',81,44,24,263,0),(451,'unavailable','6a255a592db22188','2018-10-26 14:37:56',79,44,27,263,0),(452,'unavailable','6a255a592db22188','2018-10-26 14:37:59',69,44,41,263,0),(453,'unavailable','6a255a592db22188','2018-10-26 14:38:02',83,44,29,263,0),(454,'unavailable','6a255a592db22188','2018-10-26 16:55:33',70,45,45,263,0),(455,'unavailable','6a255a592db22188','2018-10-26 16:55:51',1,45,45,263,0),(456,'unavailable','6a255a592db22188','2018-10-26 17:00:36',59,45,45,263,0),(457,'unavailable','6a255a592db22188','2018-10-26 17:00:41',59,45,45,263,0),(458,'unavailable','6a255a592db22188','2018-10-26 17:00:46',1,45,20,263,0),(459,'unavailable','6a255a592db22188','2018-10-26 17:01:42',72,45,13,263,0),(460,'unavailable','6a255a592db22188','2018-10-26 17:02:37',1,45,20,263,0),(461,'unavailable','6a255a592db22188','2018-10-26 17:02:45',72,45,13,263,0),(462,'unavailable','6a255a592db22188','2018-10-27 17:38:25',79,46,29,263,0),(463,'unavailable','6a255a592db22188','2018-10-27 17:38:26',79,46,29,263,0),(464,'unavailable','6a255a592db22188','2018-10-27 17:38:27',79,46,29,263,0),(465,'unavailable','6a255a592db22188','2018-10-27 17:39:37',79,46,29,263,0),(466,'unavailable','6a255a592db22188','2018-10-27 17:39:50',66,46,36,263,0),(467,'unavailable','6a255a592db22188','2018-10-27 17:40:10',1,14,29,263,0),(468,'unavailable','6a255a592db22188','2018-10-27 17:41:12',79,46,29,263,0),(469,'unavailable','6a255a592db22188','2018-10-27 17:41:19',69,46,36,263,0),(470,'unavailable','6a255a592db22188','2018-10-27 17:41:31',79,46,29,263,0),(471,'unavailable','6a255a592db22188','2018-10-28 23:01:17',78,47,31,263,0),(472,'unavailable','6a255a592db22188','2018-10-28 23:01:33',59,47,48,263,0),(473,'unavailable','6a255a592db22188','2018-10-28 23:01:38',69,47,20,263,0),(474,'unavailable','6a255a592db22188','2018-10-28 23:01:43',70,47,27,263,0),(475,'unavailable','6a255a592db22188','2018-10-28 23:01:47',59,47,28,263,0),(476,'unavailable','6a255a592db22188','2018-10-28 23:02:14',59,47,28,263,0),(477,'unavailable','6a255a592db22188','2018-10-28 23:02:17',70,47,27,263,0),(478,'unavailable','6a255a592db22188','2018-10-28 23:02:20',69,47,20,263,0),(479,'unavailable','6a255a592db22188','2018-10-28 23:02:22',59,47,48,263,0),(480,'unavailable','6a255a592db22188','2018-10-28 23:02:24',78,47,31,263,0),(481,'unavailable','6a255a592db22188','2018-11-02 08:22:51',66,48,45,263,0),(482,'unavailable','6a255a592db22188','2018-11-07 09:52:25',78,49,31,263,0),(483,'unavailable','6a255a592db22188','2018-11-09 17:27:29',1,49,31,263,0),(484,'unavailable','6a255a592db22188','2018-11-11 21:46:32',1,50,31,263,0),(485,'unavailable','6a255a592db22188','2018-11-12 19:46:20',72,51,29,263,0),(486,'unavailable','6a255a592db22188','2018-11-12 19:47:13',73,51,46,263,0),(487,'unavailable','6a255a592db22188','2018-11-17 16:24:19',1,52,31,263,0),(488,'unavailable','6a255a592db22188','2018-11-23 19:37:12',81,20,15,263,0),(489,'unavailable','6a255a592db22188','2018-11-27 17:13:03',68,53,31,263,0),(490,'unavailable','6a255a592db22188','2018-11-27 17:14:06',68,54,49,263,0),(491,'unavailable','6a255a592db22188','2018-11-29 03:36:13',1,55,1,263,0),(492,'unavailable','6a255a592db22188','2018-11-29 13:31:26',68,56,15,263,0),(493,'unavailable','6a255a592db22188','2018-11-29 13:31:33',68,56,15,263,0),(494,'unavailable','6a255a592db22188','2018-11-29 13:31:39',68,56,15,263,0),(495,'unavailable','6a255a592db22188','2018-12-04 14:23:16',1,57,31,263,0),(496,'unavailable','6a255a592db22188','2018-12-06 03:19:34',1,58,1,263,0),(497,'unavailable','6a255a592db22188','2018-12-06 03:19:36',66,58,13,263,0),(498,'unavailable','6a255a592db22188','2018-12-06 03:19:40',66,58,42,263,0),(499,'unavailable','6a255a592db22188','2018-12-06 08:37:36',1,59,50,263,0),(500,'unavailable','6a255a592db22188','2018-12-06 14:51:12',66,60,15,263,0),(501,'unavailable','6a255a592db22188','2018-12-06 14:55:17',66,60,15,263,0),(502,'unavailable','6a255a592db22188','2018-12-10 22:25:46',59,20,15,263,0),(503,'unavailable','6a255a592db22188','2018-12-11 04:15:39',1,61,15,263,0),(504,'unavailable','6a255a592db22188','2018-12-11 04:15:39',59,61,15,263,0),(505,'unavailable','6a255a592db22188','2018-12-11 04:15:40',68,61,15,263,0),(506,'unavailable','6a255a592db22188','2018-12-13 20:57:29',1,62,29,263,0),(507,'unavailable','6a255a592db22188','2018-12-13 20:57:35',1,62,29,263,0),(508,'unavailable','6a255a592db22188','2018-12-14 18:28:19',1,44,29,263,0),(509,'unavailable','6a255a592db22188','2018-12-14 18:28:38',66,44,13,263,0),(510,'unavailable','6a255a592db22188','2018-12-14 18:29:54',1,44,29,263,0),(511,'unavailable','6a255a592db22188','2018-12-15 11:22:44',1,63,1,263,0),(512,'unavailable','6a255a592db22188','2018-12-15 11:23:46',1,63,1,263,0),(513,'unavailable','6a255a592db22188','2018-12-19 18:26:29',1,20,29,263,0),(514,'unavailable','6a255a592db22188','2018-12-19 18:26:44',1,20,29,263,0),(515,'unavailable','6a255a592db22188','2018-12-19 18:26:48',74,20,15,263,0),(516,'unavailable','6a255a592db22188','2018-12-19 18:26:48',72,20,15,263,0),(517,'unavailable','6a255a592db22188','2018-12-19 18:26:48',81,20,15,263,0),(518,'unavailable','6a255a592db22188','2018-12-22 13:50:22',1,64,45,263,0),(519,'unavailable','6a255a592db22188','2019-01-03 16:56:08',1,20,15,263,0),(520,'unavailable','6a255a592db22188','2019-01-09 12:45:11',1,65,30,263,0),(521,'unavailable','6a255a592db22188','2019-01-12 18:53:59',1,20,15,263,0),(522,'unavailable','6a255a592db22188','2019-01-15 04:13:51',1,66,1,263,0),(523,'unavailable','6a255a592db22188','2019-01-16 10:43:46',68,20,15,263,0),(524,'unavailable','6a255a592db22188','2019-01-29 07:28:38',83,67,29,263,0),(525,'unavailable','6a255a592db22188','2019-01-31 21:03:50',1,68,15,263,0),(526,'unavailable','6a255a592db22188','2019-01-31 21:07:58',66,68,15,263,0),(527,'unavailable','6a255a592db22188','2019-01-31 21:08:00',84,68,15,263,0),(528,'unavailable','6a255a592db22188','2019-01-31 21:08:01',74,68,15,263,0),(529,'unavailable','6a255a592db22188','2019-01-31 21:08:03',74,68,15,263,0),(530,'unavailable','6a255a592db22188','2019-01-31 21:08:03',83,68,15,263,0),(531,'unavailable','6a255a592db22188','2019-01-31 21:08:04',85,68,15,263,0),(532,'unavailable','6a255a592db22188','2019-01-31 21:08:04',86,68,15,263,0),(533,'unavailable','6a255a592db22188','2019-01-31 21:08:05',87,68,15,263,0),(534,'unavailable','6a255a592db22188','2019-01-31 21:08:05',83,68,15,263,0),(535,'unavailable','6a255a592db22188','2019-01-31 21:08:06',88,68,15,263,0),(536,'unavailable','6a255a592db22188','2019-01-31 21:08:07',86,68,15,263,0),(537,'unavailable','6a255a592db22188','2019-01-31 21:08:07',89,68,15,263,0),(538,'unavailable','6a255a592db22188','2019-01-31 21:08:07',90,68,15,263,0),(539,'unavailable','6a255a592db22188','2019-01-31 21:08:08',91,68,15,263,0),(540,'unavailable','6a255a592db22188','2019-01-31 21:08:08',92,68,15,263,0),(541,'unavailable','6a255a592db22188','2019-01-31 21:08:09',93,68,15,263,0),(542,'unavailable','6a255a592db22188','2019-01-31 21:08:10',94,68,15,263,0),(543,'unavailable','6a255a592db22188','2019-01-31 21:08:10',95,68,15,263,0),(544,'unavailable','6a255a592db22188','2019-01-31 21:08:11',96,68,15,263,0),(545,'unavailable','6a255a592db22188','2019-01-31 21:08:11',97,68,15,263,0),(546,'unavailable','6a255a592db22188','2019-01-31 21:08:12',98,68,15,263,0),(547,'unavailable','6a255a592db22188','2019-01-31 21:08:13',99,68,15,263,0),(548,'unavailable','6a255a592db22188','2019-01-31 21:08:13',100,68,15,263,0),(549,'unavailable','6a255a592db22188','2019-01-31 21:08:14',101,68,15,263,0),(550,'unavailable','6a255a592db22188','2019-01-31 21:08:14',102,68,15,263,0),(551,'unavailable','6a255a592db22188','2019-01-31 21:08:15',103,68,15,263,0),(552,'unavailable','6a255a592db22188','2019-01-31 21:08:16',104,68,15,263,0),(553,'unavailable','6a255a592db22188','2019-01-31 21:08:17',105,68,15,263,0),(554,'unavailable','6a255a592db22188','2019-01-31 21:08:17',106,68,15,263,0),(555,'unavailable','6a255a592db22188','2019-01-31 21:08:18',107,68,15,263,0),(556,'unavailable','6a255a592db22188','2019-01-31 21:08:19',108,68,15,263,0),(557,'unavailable','6a255a592db22188','2019-01-31 21:08:20',109,68,15,263,0),(558,'unavailable','6a255a592db22188','2019-01-31 21:08:20',110,68,15,263,0),(559,'unavailable','6a255a592db22188','2019-01-31 21:08:21',111,68,15,263,0),(560,'unavailable','6a255a592db22188','2019-01-31 21:08:23',112,68,15,263,0),(561,'unavailable','6a255a592db22188','2019-01-31 21:08:23',113,68,15,263,0),(562,'unavailable','6a255a592db22188','2019-01-31 21:08:24',114,68,15,263,0),(563,'unavailable','6a255a592db22188','2019-01-31 21:08:26',115,68,15,263,0),(564,'unavailable','6a255a592db22188','2019-01-31 21:08:26',0,68,15,263,0),(565,'unavailable','6a255a592db22188','2019-01-31 21:08:28',117,68,15,263,0),(566,'unavailable','6a255a592db22188','2019-01-31 21:08:29',0,68,15,263,0),(567,'unavailable','6a255a592db22188','2019-01-31 21:08:29',119,68,15,263,0),(568,'unavailable','6a255a592db22188','2019-01-31 21:08:30',120,68,15,263,0),(569,'unavailable','6a255a592db22188','2019-01-31 21:08:32',0,68,15,263,0),(570,'unavailable','6a255a592db22188','2019-01-31 21:08:32',122,68,15,263,0),(571,'unavailable','6a255a592db22188','2019-01-31 21:08:33',123,68,15,263,0),(572,'unavailable','6a255a592db22188','2019-01-31 21:08:35',0,68,15,263,0),(573,'unavailable','6a255a592db22188','2019-01-31 21:08:35',125,68,15,263,0),(574,'unavailable','6a255a592db22188','2019-01-31 21:08:36',0,68,15,263,0),(575,'unavailable','6a255a592db22188','2019-01-31 21:08:38',0,68,15,263,0),(576,'unavailable','6a255a592db22188','2019-01-31 21:08:39',0,68,15,263,0),(577,'unavailable','6a255a592db22188','2019-01-31 21:08:40',0,68,15,263,0),(578,'unavailable','6a255a592db22188','2019-01-31 21:08:42',0,68,15,263,0),(579,'unavailable','6a255a592db22188','2019-01-31 21:08:43',0,68,15,263,0),(580,'unavailable','6a255a592db22188','2019-01-31 21:08:45',0,68,15,263,0),(581,'unavailable','6a255a592db22188','2019-01-31 21:08:46',0,68,15,263,0),(582,'unavailable','6a255a592db22188','2019-01-31 21:08:48',0,68,15,263,0),(583,'unavailable','6a255a592db22188','2019-01-31 21:08:49',0,68,15,263,0),(584,'unavailable','6a255a592db22188','2019-01-31 21:08:51',0,68,15,263,0),(585,'unavailable','6a255a592db22188','2019-01-31 21:08:52',0,68,15,263,0),(586,'unavailable','6a255a592db22188','2019-01-31 21:08:53',0,68,15,263,0),(587,'unavailable','6a255a592db22188','2019-01-31 21:08:55',0,68,15,263,0),(588,'unavailable','6a255a592db22188','2019-01-31 21:08:56',0,68,15,263,0),(589,'unavailable','6a255a592db22188','2019-01-31 21:08:58',0,68,15,263,0),(590,'unavailable','6a255a592db22188','2019-01-31 21:08:59',0,68,15,263,0),(591,'unavailable','6a255a592db22188','2019-01-31 21:09:01',0,68,15,263,0),(592,'unavailable','6a255a592db22188','2019-01-31 21:09:02',0,68,15,263,0),(593,'unavailable','6a255a592db22188','2019-01-31 21:09:04',0,68,15,263,0),(594,'unavailable','6a255a592db22188','2019-01-31 21:09:04',0,68,15,263,0),(595,'unavailable','6a255a592db22188','2019-01-31 21:09:07',147,68,15,263,0),(596,'unavailable','6a255a592db22188','2019-01-31 21:09:07',0,68,15,263,0),(597,'unavailable','6a255a592db22188','2019-01-31 21:09:09',149,68,15,263,0),(598,'unavailable','6a255a592db22188','2019-01-31 21:09:10',0,68,15,263,0),(599,'unavailable','6a255a592db22188','2019-01-31 21:09:12',151,68,15,263,0),(600,'unavailable','6a255a592db22188','2019-01-31 21:09:13',0,68,15,263,0),(601,'unavailable','6a255a592db22188','2019-01-31 21:09:15',0,68,15,263,0),(602,'unavailable','6a255a592db22188','2019-01-31 21:09:16',0,68,15,263,0),(603,'unavailable','6a255a592db22188','2019-01-31 21:09:18',0,68,15,263,0),(604,'unavailable','6a255a592db22188','2019-01-31 21:09:19',156,68,15,263,0),(605,'unavailable','6a255a592db22188','2019-01-31 21:09:21',0,68,15,263,0),(606,'unavailable','6a255a592db22188','2019-01-31 21:09:22',158,68,15,263,0),(607,'unavailable','6a255a592db22188','2019-01-31 21:09:24',0,68,15,263,0),(608,'unavailable','6a255a592db22188','2019-01-31 21:09:24',160,68,15,263,0),(609,'unavailable','6a255a592db22188','2019-01-31 21:09:27',0,68,15,263,0),(610,'unavailable','6a255a592db22188','2019-01-31 21:09:27',162,68,15,263,0),(611,'unavailable','6a255a592db22188','2019-01-31 21:09:29',0,68,15,263,0),(612,'unavailable','6a255a592db22188','2019-01-31 21:09:30',164,68,15,263,0),(613,'unavailable','6a255a592db22188','2019-01-31 21:09:32',0,68,15,263,0),(614,'unavailable','6a255a592db22188','2019-01-31 21:09:33',166,68,15,263,0),(615,'unavailable','6a255a592db22188','2019-01-31 21:09:35',0,68,15,263,0),(616,'unavailable','6a255a592db22188','2019-01-31 21:09:36',168,68,15,263,0),(617,'unavailable','6a255a592db22188','2019-01-31 21:09:38',0,68,15,263,0),(618,'unavailable','6a255a592db22188','2019-01-31 21:09:39',170,68,15,263,0),(619,'unavailable','6a255a592db22188','2019-01-31 21:09:41',0,68,15,263,0),(620,'unavailable','6a255a592db22188','2019-01-31 21:09:42',0,68,15,263,0),(621,'unavailable','6a255a592db22188','2019-01-31 21:09:44',0,68,15,263,0),(622,'unavailable','6a255a592db22188','2019-01-31 21:09:44',0,68,15,263,0),(623,'unavailable','6a255a592db22188','2019-01-31 21:09:47',0,68,15,263,0),(624,'unavailable','6a255a592db22188','2019-01-31 21:09:47',0,68,15,263,0),(625,'unavailable','6a255a592db22188','2019-01-31 21:09:49',0,68,15,263,0),(626,'unavailable','6a255a592db22188','2019-01-31 21:09:50',0,68,15,263,0),(627,'unavailable','6a255a592db22188','2019-01-31 21:09:52',0,68,15,263,0),(628,'unavailable','6a255a592db22188','2019-01-31 21:09:53',0,68,15,263,0),(629,'unavailable','6a255a592db22188','2019-01-31 21:09:55',0,68,15,263,0),(630,'unavailable','6a255a592db22188','2019-01-31 21:09:56',0,68,15,263,0),(631,'unavailable','6a255a592db22188','2019-01-31 21:09:58',0,68,15,263,0),(632,'unavailable','6a255a592db22188','2019-01-31 21:09:59',0,68,15,263,0),(633,'unavailable','6a255a592db22188','2019-01-31 21:10:01',0,68,15,263,0),(634,'unavailable','6a255a592db22188','2019-01-31 21:10:02',0,68,15,263,0),(635,'unavailable','6a255a592db22188','2019-01-31 21:10:04',0,68,15,263,0),(636,'unavailable','6a255a592db22188','2019-01-31 21:10:05',0,68,15,263,0),(637,'unavailable','6a255a592db22188','2019-01-31 21:10:06',0,68,15,263,0),(638,'unavailable','6a255a592db22188','2019-01-31 21:10:07',0,68,15,263,0),(639,'unavailable','6a255a592db22188','2019-01-31 21:10:09',191,68,15,263,0),(640,'unavailable','6a255a592db22188','2019-01-31 21:10:10',0,68,15,263,0),(641,'unavailable','6a255a592db22188','2019-01-31 21:10:12',193,68,15,263,0),(642,'unavailable','6a255a592db22188','2019-01-31 21:10:13',0,68,15,263,0),(643,'unavailable','6a255a592db22188','2019-01-31 21:10:15',195,68,15,263,0),(644,'unavailable','6a255a592db22188','2019-01-31 21:10:16',0,68,15,263,0),(645,'unavailable','6a255a592db22188','2019-01-31 21:10:18',0,68,15,263,0),(646,'unavailable','6a255a592db22188','2019-01-31 21:10:19',0,68,15,263,0),(647,'unavailable','6a255a592db22188','2019-01-31 21:10:21',0,68,15,263,0),(648,'unavailable','6a255a592db22188','2019-01-31 21:10:21',0,68,15,263,0),(649,'unavailable','6a255a592db22188','2019-01-31 21:10:24',0,68,15,263,0),(650,'unavailable','6a255a592db22188','2019-01-31 21:10:24',0,68,15,263,0),(651,'unavailable','6a255a592db22188','2019-01-31 21:10:26',0,68,15,263,0),(652,'unavailable','6a255a592db22188','2019-01-31 21:10:27',0,68,15,263,0),(653,'unavailable','6a255a592db22188','2019-01-31 21:10:29',0,68,15,263,0),(654,'unavailable','6a255a592db22188','2019-01-31 21:10:30',206,68,15,263,0),(655,'unavailable','6a255a592db22188','2019-01-31 21:10:32',0,68,15,263,0),(656,'unavailable','6a255a592db22188','2019-01-31 21:10:33',208,68,15,263,0),(657,'unavailable','6a255a592db22188','2019-01-31 21:10:35',0,68,15,263,0),(658,'unavailable','6a255a592db22188','2019-01-31 21:10:36',210,68,15,263,0),(659,'unavailable','6a255a592db22188','2019-01-31 21:10:38',0,68,15,263,0),(660,'unavailable','6a255a592db22188','2019-01-31 21:10:39',212,68,15,263,0),(661,'unavailable','6a255a592db22188','2019-01-31 21:10:41',0,68,15,263,0),(662,'unavailable','6a255a592db22188','2019-01-31 21:10:42',214,68,15,263,0),(663,'unavailable','6a255a592db22188','2019-01-31 21:10:44',0,68,15,263,0),(664,'unavailable','6a255a592db22188','2019-01-31 21:10:45',216,68,15,263,0),(665,'unavailable','6a255a592db22188','2019-01-31 21:10:47',0,68,15,263,0),(666,'unavailable','6a255a592db22188','2019-01-31 21:10:48',218,68,15,263,0),(667,'unavailable','6a255a592db22188','2019-01-31 21:10:50',0,68,15,263,0),(668,'unavailable','6a255a592db22188','2019-01-31 21:10:51',220,68,15,263,0),(669,'unavailable','6a255a592db22188','2019-01-31 21:10:52',0,68,15,263,0),(670,'unavailable','6a255a592db22188','2019-01-31 21:10:53',0,68,15,263,0),(671,'unavailable','6a255a592db22188','2019-01-31 21:10:55',0,68,15,263,0),(672,'unavailable','6a255a592db22188','2019-01-31 21:10:56',0,68,15,263,0),(673,'unavailable','6a255a592db22188','2019-01-31 21:10:58',0,68,15,263,0),(674,'unavailable','6a255a592db22188','2019-01-31 21:10:59',0,68,15,263,0),(675,'unavailable','6a255a592db22188','2019-01-31 21:11:01',0,68,15,263,0),(676,'unavailable','6a255a592db22188','2019-01-31 21:11:02',0,68,15,263,0),(677,'unavailable','6a255a592db22188','2019-01-31 21:11:04',0,68,15,263,0),(678,'unavailable','6a255a592db22188','2019-01-31 21:11:04',0,68,15,263,0),(679,'unavailable','6a255a592db22188','2019-01-31 21:11:06',0,68,15,263,0),(680,'unavailable','6a255a592db22188','2019-01-31 21:11:07',0,68,15,263,0),(681,'unavailable','6a255a592db22188','2019-01-31 21:11:09',0,68,15,263,0),(682,'unavailable','6a255a592db22188','2019-01-31 21:11:10',0,68,15,263,0),(683,'unavailable','6a255a592db22188','2019-01-31 21:11:12',0,68,15,263,0),(684,'unavailable','6a255a592db22188','2019-01-31 21:11:13',0,68,15,263,0),(685,'unavailable','6a255a592db22188','2019-01-31 21:11:15',237,68,15,263,0),(686,'unavailable','6a255a592db22188','2019-01-31 21:11:16',0,68,15,263,0),(687,'unavailable','6a255a592db22188','2019-01-31 21:11:17',239,68,15,263,0),(688,'unavailable','6a255a592db22188','2019-01-31 21:11:19',0,68,15,263,0),(689,'unavailable','6a255a592db22188','2019-01-31 21:11:20',241,68,15,263,0),(690,'unavailable','6a255a592db22188','2019-01-31 21:11:21',0,68,15,263,0),(691,'unavailable','6a255a592db22188','2019-01-31 21:11:23',243,68,15,263,0),(692,'unavailable','6a255a592db22188','2019-01-31 21:11:24',0,68,15,263,0),(693,'unavailable','6a255a592db22188','2019-01-31 21:11:26',245,68,15,263,0),(694,'unavailable','6a255a592db22188','2019-01-31 21:11:27',0,68,15,263,0),(695,'unavailable','6a255a592db22188','2019-01-31 21:11:30',0,68,15,263,0),(696,'unavailable','6a255a592db22188','2019-01-31 21:11:33',248,68,15,263,0),(697,'unavailable','6a255a592db22188','2019-01-31 21:11:35',249,68,15,263,0),(698,'unavailable','6a255a592db22188','2019-01-31 21:11:38',250,68,15,263,0),(699,'unavailable','6a255a592db22188','2019-01-31 21:11:41',251,68,15,263,0),(700,'unavailable','6a255a592db22188','2019-01-31 21:11:44',252,68,15,263,0),(701,'unavailable','6a255a592db22188','2019-01-31 22:23:44',1,69,45,263,0),(702,'unavailable','6a255a592db22188','2019-02-08 12:27:12',1,20,15,263,0),(703,'unavailable','6a255a592db22188','2019-02-16 20:12:34',81,70,29,263,0),(704,'unavailable','6a255a592db22188','2019-02-16 20:24:26',81,70,29,263,0),(705,'unavailable','6a255a592db22188','2019-02-20 13:54:30',1,71,31,263,0),(706,'unavailable','6a255a592db22188','2019-02-20 13:54:54',74,71,13,263,0),(707,'unavailable','6a255a592db22188','2019-02-20 13:55:05',1,71,31,263,0),(708,'unavailable','6a255a592db22188','2019-02-20 13:55:47',72,71,13,263,0),(709,'unavailable','6a255a592db22188','2019-02-20 13:57:34',72,71,13,263,0),(710,'unavailable','6a255a592db22188','2019-02-20 13:58:27',1,71,31,263,0),(711,'unavailable','6a255a592db22188','2019-02-20 13:58:34',1,71,31,263,0),(712,'unavailable','6a255a592db22188','2019-03-01 14:21:43',1,72,31,263,0),(713,'unavailable','6a255a592db22188','2019-03-01 14:22:29',79,72,13,263,0),(714,'unavailable','6a255a592db22188','2019-03-01 14:22:38',79,72,13,263,0),(715,'unavailable','6a255a592db22188','2019-03-01 14:22:42',1,72,31,263,0),(716,'unavailable','6a255a592db22188','2019-03-01 14:22:50',70,72,13,263,0),(717,'unavailable','6a255a592db22188','2019-03-12 21:00:36',1,73,31,263,0),(718,'unavailable','6a255a592db22188','2019-03-13 07:23:35',1,73,31,263,0),(719,'unavailable','6a255a592db22188','2019-03-17 16:50:27',59,72,31,263,0),(720,'unavailable','6a255a592db22188','2019-03-17 16:50:47',70,72,20,263,0),(721,'unavailable','6a255a592db22188','2019-03-17 16:50:56',70,72,20,263,0),(722,'unavailable','6a255a592db22188','2019-03-17 16:52:09',1,72,28,263,0),(723,'unavailable','6a255a592db22188','2019-03-17 16:52:44',83,72,13,263,0),(724,'unavailable','6a255a592db22188','2019-03-17 16:52:51',1,72,41,263,0),(725,'unavailable','6a255a592db22188','2019-03-18 20:19:40',1,74,15,263,0),(726,'unavailable','6a255a592db22188','2019-03-25 19:46:29',68,75,15,263,0),(727,'unavailable','6a255a592db22188','2019-03-25 19:47:43',69,75,51,263,0),(728,'unavailable','6a255a592db22188','2019-03-25 19:47:50',68,75,15,263,0),(729,'unavailable','6a255a592db22188','2019-03-25 19:47:57',59,75,51,263,0),(730,'unavailable','6a255a592db22188','2019-03-25 19:48:10',66,75,51,263,0),(731,'unavailable','6a255a592db22188','2019-03-25 19:48:11',69,75,51,263,0),(732,'unavailable','6a255a592db22188','2019-03-25 19:48:14',79,75,51,263,0),(733,'unavailable','6a255a592db22188','2019-03-26 22:17:02',1,76,29,263,0),(734,'unavailable','6a255a592db22188','2019-03-27 22:05:01',1,20,15,263,0),(735,'unavailable','6a255a592db22188','2019-04-01 09:27:43',68,77,45,263,0),(736,'unavailable','6a255a592db22188','2019-04-01 14:54:32',81,78,29,263,0),(737,'unavailable','6a255a592db22188','2019-04-01 22:43:12',72,20,15,263,0),(738,'unavailable','6a255a592db22188','2019-04-04 08:51:15',81,79,29,263,0),(739,'unavailable','6a255a592db22188','2019-04-04 12:18:35',81,79,29,263,0),(740,'unavailable','6a255a592db22188','2019-04-10 19:42:34',1,80,29,263,0),(741,'unavailable','6a255a592db22188','2019-04-10 19:42:37',1,81,29,263,0),(742,'unavailable','6a255a592db22188','2019-05-05 16:28:54',1,82,29,263,0),(743,'unavailable','6a255a592db22188','2019-05-20 20:34:31',1,83,29,263,0),(744,'unavailable','6a255a592db22188','2019-05-29 09:47:17',83,20,15,263,0),(745,'unavailable','6a255a592db22188','2019-06-01 13:31:02',1,84,29,263,0),(746,'unavailable','6a255a592db22188','2019-06-14 19:58:02',83,85,15,263,0),(747,'unavailable','6a255a592db22188','2019-06-24 22:15:36',1,20,15,263,0),(748,'unavailable','6a255a592db22188','2019-07-12 10:02:21',81,86,29,263,0),(749,'unavailable','6a255a592db22188','2019-07-17 07:18:00',1,87,29,263,0),(750,'unavailable','6a255a592db22188','2019-07-17 07:58:30',1,88,15,263,0),(751,'unavailable','6a255a592db22188','2019-07-17 07:58:47',1,89,15,263,0),(752,'unavailable','6a255a592db22188','2019-07-17 08:03:02',1,90,29,263,0),(753,'unavailable','6a255a592db22188','2019-07-17 08:04:24',1,87,29,263,0),(754,'unavailable','6a255a592db22188','2019-07-17 10:54:08',1,91,29,263,0),(755,'unavailable','6a255a592db22188','2019-07-17 14:47:12',1,91,15,263,0),(756,'unavailable','6a255a592db22188','2019-07-23 10:28:13',1,92,52,263,0),(757,'unavailable','6a255a592db22188','2019-07-23 12:13:07',1,93,52,263,0),(758,'unavailable','6a255a592db22188','2019-07-27 01:30:21',1,94,29,263,0),(759,'unavailable','6a255a592db22188','2019-07-27 01:31:06',68,94,29,263,0),(760,'unavailable','6a255a592db22188','2019-07-27 01:31:12',59,94,29,263,0),(761,'unavailable','6a255a592db22188','2019-07-27 01:31:16',78,94,29,263,0),(762,'unavailable','6a255a592db22188','2019-07-27 01:32:11',1,94,29,263,0),(763,'unavailable','6a255a592db22188','2019-07-27 01:32:26',70,94,13,263,0),(764,'unavailable','6a255a592db22188','2019-07-27 01:32:29',1,94,29,263,0),(765,'unavailable','6a255a592db22188','2019-07-27 01:32:35',79,94,13,263,0),(766,'unavailable','6a255a592db22188','2019-07-27 01:32:37',1,94,29,263,0),(767,'unavailable','6a255a592db22188','2019-07-27 01:32:45',1,94,29,263,0),(768,'unavailable','6a255a592db22188','2019-07-27 01:33:59',74,94,13,263,0),(769,'unavailable','6a255a592db22188','2019-07-27 01:34:04',1,94,29,263,0),(770,'unavailable','6a255a592db22188','2019-07-28 07:59:32',253,93,52,263,0),(771,'unavailable','6a255a592db22188','2019-07-28 09:40:28',79,92,52,263,0),(772,'unavailable','6a255a592db22188','2019-07-28 09:44:23',69,92,52,263,0),(773,'unavailable','6a255a592db22188','2019-07-28 11:55:58',74,92,52,263,0),(774,'unavailable','6a255a592db22188','2019-07-28 12:43:58',71,93,52,263,0),(775,'unavailable','6a255a592db22188','2019-07-28 12:50:44',78,92,52,263,0),(776,'unavailable','6a255a592db22188','2019-07-28 13:34:24',72,95,52,263,0),(777,'unavailable','6a255a592db22188','2019-07-28 19:41:34',68,92,52,263,0),(778,'unavailable','6a255a592db22188','2019-07-28 20:18:44',1,42,15,263,0),(779,'unavailable','6a255a592db22188','2019-07-28 20:20:04',1,96,15,263,0),(780,'unavailable','6a255a592db22188','2019-07-28 20:58:26',86,95,52,263,0),(781,'unavailable','6a255a592db22188','2019-07-29 03:51:08',69,93,52,263,0),(782,'unavailable','6a255a592db22188','2019-07-29 11:41:03',74,95,52,263,0),(783,'unavailable','6a255a592db22188','2019-07-29 12:31:00',70,97,52,263,0),(784,'unavailable','6a255a592db22188','2019-07-29 12:45:09',1,92,52,263,0),(785,'unavailable','6a255a592db22188','2019-07-29 12:55:22',59,92,52,263,0),(786,'unavailable','6a255a592db22188','2019-07-29 14:06:29',81,98,29,263,0),(787,'unavailable','6a255a592db22188','2019-07-29 14:16:22',72,93,52,263,0),(788,'unavailable','6a255a592db22188','2019-07-29 16:02:25',73,92,52,263,0),(789,'unavailable','6a255a592db22188','2019-07-30 16:30:08',1,99,45,263,0),(790,'unavailable','6a255a592db22188','2019-07-31 07:58:18',79,92,52,263,0),(791,'unavailable','6a255a592db22188','2019-07-31 08:11:46',78,93,52,263,0),(792,'unavailable','6a255a592db22188','2019-07-31 08:20:11',74,95,52,263,0),(793,'unavailable','6a255a592db22188','2019-07-31 08:39:35',253,97,52,263,0),(794,'unavailable','6a255a592db22188','2019-07-31 09:22:05',74,97,52,263,0),(795,'unavailable','6a255a592db22188','2019-07-31 09:33:50',1,97,52,263,0),(796,'unavailable','6a255a592db22188','2019-08-02 13:37:41',83,20,15,263,0),(797,'unavailable','6a255a592db22188','2019-08-02 23:24:12',1,100,29,263,0),(798,'unavailable','6a255a592db22188','2019-08-02 23:27:01',83,100,13,263,0),(799,'unavailable','6a255a592db22188','2019-08-02 23:27:04',71,100,41,263,0),(800,'unavailable','6a255a592db22188','2019-08-02 23:27:16',69,100,53,263,0),(801,'unavailable','6a255a592db22188','2019-08-02 23:27:19',79,100,27,263,0),(802,'unavailable','6a255a592db22188','2019-08-02 23:27:23',69,100,53,263,0),(803,'unavailable','6a255a592db22188','2019-08-02 23:27:24',71,100,41,263,0),(804,'unavailable','6a255a592db22188','2019-08-02 23:27:25',83,100,13,263,0),(805,'unavailable','6a255a592db22188','2019-08-02 23:27:26',1,100,29,263,0),(806,'unavailable','6a255a592db22188','2019-08-09 08:06:16',68,20,15,263,0),(807,'unavailable','6a255a592db22188','2019-08-10 12:30:39',74,101,29,263,0),(808,'unavailable','6a255a592db22188','2019-08-10 12:47:42',1,101,33,263,0),(809,'unavailable','6a255a592db22188','2019-08-10 12:48:11',74,101,29,263,0),(810,'unavailable','6a255a592db22188','2019-08-10 12:48:19',70,101,33,263,0),(811,'unavailable','6a255a592db22188','2019-08-10 12:48:27',59,101,28,263,0),(812,'unavailable','6a255a592db22188','2019-08-10 12:48:40',1,101,54,263,0),(813,'unavailable','6a255a592db22188','2019-08-10 12:48:49',59,101,28,263,0),(814,'unavailable','6a255a592db22188','2019-08-10 12:48:50',70,101,33,263,0),(815,'unavailable','6a255a592db22188','2019-08-10 12:48:50',70,101,33,263,0),(816,'unavailable','6a255a592db22188','2019-08-10 12:48:51',74,101,29,263,0),(817,'unavailable','6a255a592db22188','2019-08-10 19:13:37',74,101,15,263,0),(818,'unavailable','6a255a592db22188','2019-08-11 05:27:16',74,101,15,263,0),(819,'unavailable','6a255a592db22188','2019-08-11 12:55:50',74,101,15,263,0),(820,'unavailable','6a255a592db22188','2019-08-12 20:32:58',74,101,15,263,0),(821,'unavailable','6a255a592db22188','2019-08-22 23:10:47',1,94,15,263,0),(822,'unavailable','6a255a592db22188','2019-08-22 23:12:21',72,94,13,263,0),(823,'unavailable','6a255a592db22188','2019-08-22 23:13:32',1,94,15,263,0),(824,'unavailable','6a255a592db22188','2019-08-23 06:34:08',1,94,15,263,0),(825,'unavailable','6a255a592db22188','2019-08-23 06:34:33',1,94,15,263,0),(826,'unavailable','6a255a592db22188','2019-09-01 20:12:45',1,102,29,263,0),(827,'unavailable','6a255a592db22188','2019-09-01 20:12:45',1,102,29,263,0),(828,'unavailable','6a255a592db22188','2019-09-04 18:48:00',1,103,15,263,0),(829,'unavailable','6a255a592db22188','2019-09-10 13:36:46',1,104,29,263,0),(830,'unavailable','6a255a592db22188','2019-09-14 18:50:48',68,105,29,263,0),(831,'unavailable','6a255a592db22188','2019-09-17 08:44:26',1,20,15,263,0),(832,'unavailable','6a255a592db22188','2019-09-18 03:13:49',83,106,29,263,0),(833,'unavailable','6a255a592db22188','2019-09-18 03:13:50',83,106,29,263,0),(834,'unavailable','6a255a592db22188','2019-09-24 13:00:19',1,107,15,263,0),(835,'unavailable','6a255a592db22188','2019-09-24 13:00:25',1,107,15,263,0),(836,'unavailable','6a255a592db22188','2019-09-27 16:50:51',1,108,29,263,0),(837,'unavailable','6a255a592db22188','2019-09-30 14:05:26',68,109,45,263,0),(838,'unavailable','6a255a592db22188','2019-09-30 14:20:49',1,110,31,263,0),(839,'unavailable','6a255a592db22188','2019-10-01 09:35:55',1,111,15,263,0),(840,'unavailable','6a255a592db22188','2019-10-01 09:36:22',69,111,13,263,0),(841,'unavailable','6a255a592db22188','2019-10-01 09:36:30',59,111,27,263,0),(842,'unavailable','6a255a592db22188','2019-10-01 09:36:34',69,111,13,263,0),(843,'unavailable','6a255a592db22188','2019-10-01 09:36:36',1,111,15,263,0),(844,'unavailable','6a255a592db22188','2019-10-05 00:00:43',1,112,29,263,0),(845,'unavailable','6a255a592db22188','2019-10-05 00:01:16',59,112,13,263,0),(846,'unavailable','6a255a592db22188','2019-10-05 00:01:29',1,112,29,263,0),(847,'unavailable','6a255a592db22188','2019-10-05 00:01:38',79,112,13,263,0),(848,'unavailable','6a255a592db22188','2019-10-05 00:01:55',1,112,29,263,0),(849,'unavailable','6a255a592db22188','2019-10-07 18:44:06',1,113,29,263,0),(850,'unavailable','6a255a592db22188','2019-10-11 21:37:41',1,20,15,263,0),(851,'unavailable','6a255a592db22188','2019-10-12 08:19:36',1,114,29,263,0),(852,'unavailable','6a255a592db22188','2019-10-12 13:57:33',1,115,45,263,0),(853,'unavailable','6a255a592db22188','2019-10-13 21:00:29',1,116,45,263,0),(854,'unavailable','6a255a592db22188','2019-10-13 21:00:30',1,116,45,263,0),(855,'unavailable','6a255a592db22188','2019-10-15 17:07:47',1,20,15,263,0),(856,'unavailable','6a255a592db22188','2019-10-21 18:34:22',81,117,29,263,0),(857,'unavailable','6a255a592db22188','2019-10-29 22:25:21',73,118,45,263,0),(858,'unavailable','6a255a592db22188','2019-11-04 12:53:41',81,119,29,263,0),(859,'unavailable','6a255a592db22188','2019-11-04 17:55:22',68,120,15,263,0),(860,'unavailable','6a255a592db22188','2019-11-04 17:55:22',68,121,15,263,0),(861,'unavailable','6a255a592db22188','2019-11-04 17:55:22',68,121,15,263,0),(862,'unavailable','6a255a592db22188','2019-11-04 17:55:23',68,107,15,263,0),(863,'unavailable','6a255a592db22188','2019-11-04 17:55:23',69,107,15,263,0),(864,'unavailable','6a255a592db22188','2019-11-04 17:55:23',66,107,15,263,0),(865,'unavailable','6a255a592db22188','2019-11-04 17:55:23',1,107,15,263,0),(866,'unavailable','6a255a592db22188','2019-11-04 17:55:23',59,107,15,263,0),(867,'unavailable','6a255a592db22188','2019-11-04 17:55:23',70,107,15,263,0),(868,'unavailable','6a255a592db22188','2019-11-04 17:55:23',68,107,15,263,0),(869,'unavailable','6a255a592db22188','2019-11-04 17:55:23',68,107,15,263,0),(870,'unavailable','6a255a592db22188','2019-11-04 17:55:25',68,107,15,263,0),(871,'unavailable','6a255a592db22188','2019-11-04 17:55:25',79,107,15,263,0),(872,'unavailable','6a255a592db22188','2019-11-04 17:55:27',66,107,15,263,0),(873,'unavailable','6a255a592db22188','2019-11-04 17:55:27',69,107,15,263,0),(874,'unavailable','6a255a592db22188','2019-11-04 17:55:27',1,107,15,263,0),(875,'unavailable','6a255a592db22188','2019-11-04 17:55:27',70,107,15,263,0),(876,'unavailable','6a255a592db22188','2019-11-04 17:55:27',59,107,15,263,0),(877,'unavailable','6a255a592db22188','2019-11-04 17:55:27',79,107,15,263,0),(878,'unavailable','6a255a592db22188','2019-11-04 17:55:28',68,20,29,263,0),(879,'unavailable','6a255a592db22188','2019-11-04 17:55:31',69,20,15,263,0),(880,'unavailable','6a255a592db22188','2019-11-04 17:55:31',1,20,15,263,0),(881,'unavailable','6a255a592db22188','2019-11-04 17:55:31',1,20,15,263,0),(882,'unavailable','6a255a592db22188','2019-11-05 06:40:40',81,122,29,263,0),(883,'unavailable','6a255a592db22188','2019-11-05 06:40:40',81,122,29,263,0),(884,'unavailable','6a255a592db22188','2019-11-05 08:40:22',81,122,29,263,0),(885,'unavailable','6a255a592db22188','2019-11-05 08:40:23',81,122,29,263,0),(886,'unavailable','6a255a592db22188','2019-11-07 06:35:37',1,123,1,263,0),(887,'unavailable','6a255a592db22188','2019-11-07 11:17:15',73,124,29,263,0),(888,'unavailable','6a255a592db22188','2019-11-09 02:27:31',1,125,15,263,0),(889,'unavailable','6a255a592db22188','2019-11-14 21:41:38',1,126,31,263,0),(890,'unavailable','6a255a592db22188','2019-11-22 22:30:03',86,127,45,263,0),(891,'unavailable','6a255a592db22188','2019-11-24 20:03:31',1,128,31,263,0),(892,'unavailable','6a255a592db22188','2019-11-27 18:07:52',86,129,45,263,0),(893,'unavailable','6a255a592db22188','2019-12-05 22:45:59',1,107,15,263,0),(894,'unavailable','6a255a592db22188','2019-12-05 22:46:02',1,107,15,263,0),(895,'unavailable','6a255a592db22188','2019-12-06 07:53:31',73,130,30,263,0),(896,'unavailable','6a255a592db22188','2019-12-06 07:53:32',73,130,30,263,0),(897,'unavailable','6a255a592db22188','2019-12-09 01:25:10',1,131,1,263,0),(898,'unavailable','6a255a592db22188','2019-12-09 01:35:19',81,131,1,263,0),(899,'unavailable','6a255a592db22188','2019-12-09 01:35:19',83,131,1,263,0),(900,'unavailable','6a255a592db22188','2019-12-09 01:35:19',70,131,1,263,0),(901,'unavailable','6a255a592db22188','2019-12-09 01:35:19',73,131,1,263,0),(902,'unavailable','6a255a592db22188','2019-12-09 01:35:19',72,131,1,263,0),(903,'unavailable','6a255a592db22188','2019-12-09 01:35:19',66,131,1,263,0),(904,'unavailable','6a255a592db22188','2019-12-09 01:35:19',86,131,1,263,0),(905,'unavailable','6a255a592db22188','2019-12-09 01:35:19',69,131,1,263,0),(906,'unavailable','6a255a592db22188','2019-12-09 01:35:19',71,131,1,263,0),(907,'unavailable','6a255a592db22188','2019-12-09 01:35:19',254,131,1,263,0),(908,'unavailable','6a255a592db22188','2019-12-09 01:35:19',74,131,1,263,0),(909,'unavailable','6a255a592db22188','2019-12-09 01:35:19',59,131,1,263,0),(910,'unavailable','6a255a592db22188','2019-12-09 01:35:19',68,131,1,263,0),(911,'unavailable','6a255a592db22188','2019-12-09 01:35:20',79,131,1,263,0),(912,'unavailable','6a255a592db22188','2019-12-09 01:35:23',1,131,54,263,0),(913,'unavailable','6a255a592db22188','2019-12-09 01:35:23',78,131,55,263,0),(914,'unavailable','6a255a592db22188','2019-12-09 02:04:06',255,131,1,263,0),(915,'unavailable','6a255a592db22188','2019-12-09 02:04:06',256,131,1,263,0),(916,'unavailable','6a255a592db22188','2019-12-09 02:04:06',257,131,1,263,0),(917,'unavailable','6a255a592db22188','2019-12-09 02:04:06',258,131,1,263,0),(918,'unavailable','6a255a592db22188','2019-12-09 02:04:07',259,131,1,263,0),(919,'unavailable','6a255a592db22188','2019-12-09 02:04:07',260,131,1,263,0),(920,'unavailable','6a255a592db22188','2019-12-09 02:04:08',261,131,1,263,0),(921,'unavailable','6a255a592db22188','2019-12-09 02:04:08',262,131,1,263,0),(922,'unavailable','6a255a592db22188','2019-12-09 02:04:08',264,131,1,263,0),(923,'unavailable','6a255a592db22188','2019-12-09 02:04:08',263,131,1,263,0),(924,'unavailable','6a255a592db22188','2019-12-09 02:04:09',72,131,56,263,0),(925,'unavailable','6a255a592db22188','2019-12-09 02:04:09',74,131,57,263,0),(926,'unavailable','6a255a592db22188','2019-12-09 02:04:09',66,131,58,263,0),(927,'unavailable','6a255a592db22188','2019-12-09 02:04:09',73,131,59,263,0),(928,'unavailable','6a255a592db22188','2019-12-09 02:04:09',268,131,1,263,0),(929,'unavailable','6a255a592db22188','2019-12-09 02:04:09',267,131,1,263,0),(930,'unavailable','6a255a592db22188','2019-12-09 02:04:09',81,131,60,263,0),(931,'unavailable','6a255a592db22188','2019-12-09 02:04:09',266,131,1,263,0),(932,'unavailable','6a255a592db22188','2019-12-09 02:04:09',265,131,1,263,0),(933,'unavailable','6a255a592db22188','2019-12-09 02:04:09',69,131,62,263,0),(934,'unavailable','6a255a592db22188','2019-12-09 02:04:09',70,131,61,263,0),(935,'unavailable','6a255a592db22188','2019-12-09 02:04:09',68,131,63,263,0),(936,'unavailable','6a255a592db22188','2019-12-09 02:04:09',79,131,64,263,0),(937,'unavailable','6a255a592db22188','2019-12-09 02:04:09',59,131,65,263,0),(938,'unavailable','6a255a592db22188','2019-12-09 02:04:19',78,131,1,263,0),(939,'unavailable','6a255a592db22188','2019-12-09 02:04:19',269,131,1,263,0),(940,'unavailable','6a255a592db22188','2019-12-09 02:04:20',78,131,66,263,0),(941,'unavailable','6a255a592db22188','2019-12-09 02:54:14',270,131,1,263,0),(942,'unavailable','6a255a592db22188','2019-12-09 05:05:46',1,131,1,263,0),(943,'unavailable','6a255a592db22188','2019-12-09 08:25:38',72,131,1,263,0),(944,'unavailable','6a255a592db22188','2019-12-09 08:25:38',81,131,1,263,0),(945,'unavailable','6a255a592db22188','2019-12-09 08:25:38',86,131,1,263,0),(946,'unavailable','6a255a592db22188','2019-12-09 08:25:38',68,131,1,263,0),(947,'unavailable','6a255a592db22188','2019-12-09 08:25:38',83,131,1,263,0),(948,'unavailable','6a255a592db22188','2019-12-09 08:25:38',59,131,1,263,0),(949,'unavailable','6a255a592db22188','2019-12-09 08:25:39',66,131,1,263,0),(950,'unavailable','6a255a592db22188','2019-12-09 08:25:40',78,131,55,263,0),(951,'unavailable','6a255a592db22188','2019-12-10 15:17:51',81,132,67,263,0),(952,'unavailable','6a255a592db22188','2019-12-10 15:52:02',1,132,68,263,0),(953,'unavailable','6a255a592db22188','2019-12-10 16:32:55',86,132,69,263,0),(954,'unavailable','6a255a592db22188','2019-12-10 16:53:56',78,132,70,263,0),(955,'unavailable','6a255a592db22188','2019-12-10 17:23:01',83,132,71,263,0),(956,'unavailable','6a255a592db22188','2019-12-10 19:12:48',72,132,72,263,0),(957,'unavailable','6a255a592db22188','2019-12-10 19:59:01',74,132,73,263,0),(958,'unavailable','6a255a592db22188','2019-12-10 22:48:15',73,132,74,263,0),(959,'unavailable','6a255a592db22188','2019-12-11 02:50:52',71,132,75,263,0),(960,'unavailable','6a255a592db22188','2019-12-11 03:32:05',259,132,76,263,0),(961,'unavailable','6a255a592db22188','2019-12-13 17:49:14',1,133,45,263,0),(962,'unavailable','6a255a592db22188','2019-12-14 02:31:24',1,134,29,263,0),(963,'unavailable','6a255a592db22188','2019-12-14 03:58:11',1,134,29,263,0),(964,'unavailable','6a255a592db22188','2019-12-14 03:59:01',1,134,29,263,0),(965,'unavailable','6a255a592db22188','2019-12-16 11:53:17',68,135,31,263,0),(966,'unavailable','6a255a592db22188','2019-12-18 11:05:58',1,125,15,263,0),(967,'unavailable','6a255a592db22188','2019-12-23 21:16:44',1,20,15,263,0),(968,'unavailable','6a255a592db22188','2019-12-25 21:40:27',59,136,45,263,0),(969,'unavailable','6a255a592db22188','2019-12-25 21:40:58',59,136,45,263,0),(970,'unavailable','6a255a592db22188','2019-12-25 21:42:00',59,136,45,263,0),(971,'unavailable','6a255a592db22188','2019-12-29 18:30:13',1,134,29,263,0),(972,'unavailable','6a255a592db22188','2019-12-29 18:30:36',1,134,29,263,0),(973,'unavailable','6a255a592db22188','2020-01-05 22:37:13',1,137,15,263,0),(974,'unavailable','6a255a592db22188','2020-01-14 22:32:53',1,20,15,263,0),(975,'unavailable','6a255a592db22188','2020-01-16 10:43:29',1,20,15,263,0),(976,'unavailable','6a255a592db22188','2020-01-24 12:37:08',1,138,15,263,0),(977,'unavailable','6a255a592db22188','2020-01-29 18:22:15',72,20,15,263,0),(978,'unavailable','6a255a592db22188','2020-01-31 10:30:12',1,139,45,263,0),(979,'unavailable','6a255a592db22188','2020-01-31 10:30:12',1,139,45,263,0),(980,'unavailable','6a255a592db22188','2020-02-02 06:57:55',1,20,15,263,0),(981,'unavailable','6a255a592db22188','2020-02-04 13:43:06',66,132,77,263,0),(982,'unavailable','6a255a592db22188','2020-02-05 17:19:57',1,20,15,263,0),(983,'unavailable','6a255a592db22188','2020-02-05 17:20:04',1,140,29,263,0),(984,'unavailable','6a255a592db22188','2020-02-06 15:06:48',1,140,29,263,0),(985,'unavailable','6a255a592db22188','2020-02-06 19:18:47',81,141,29,263,0),(986,'unavailable','6a255a592db22188','2020-02-06 19:18:48',81,141,29,263,0),(987,'unavailable','6a255a592db22188','2020-02-14 09:29:42',73,142,29,263,0),(988,'unavailable','6a255a592db22188','2020-02-17 09:22:10',1,143,45,263,0),(989,'unavailable','6a255a592db22188','2020-02-17 10:18:28',66,132,78,263,0),(990,'unavailable','6a255a592db22188','2020-02-20 09:46:32',72,20,15,263,0),(991,'unavailable','6a255a592db22188','2020-02-21 11:48:09',66,132,79,263,0),(992,'unavailable','6a255a592db22188','2020-02-23 10:28:51',1,20,45,263,0),(993,'unavailable','6a255a592db22188','2020-02-23 10:28:51',1,121,15,263,0),(994,'unavailable','6a255a592db22188','2020-02-23 10:28:52',1,121,15,263,0),(995,'unavailable','6a255a592db22188','2020-02-23 10:29:00',81,20,15,263,0),(996,'unavailable','6a255a592db22188','2020-02-23 10:29:00',72,20,15,263,0),(997,'unavailable','6a255a592db22188','2020-02-23 10:29:00',74,20,15,263,0),(998,'unavailable','6a255a592db22188','2020-02-23 12:14:51',66,132,80,263,0),(999,'unavailable','6a255a592db22188','2020-02-29 07:09:59',66,132,81,263,0),(1000,'unavailable','6a255a592db22188','2020-03-01 14:34:31',1,144,29,263,0),(1001,'unavailable','6a255a592db22188','2020-03-06 08:04:10',1,145,45,263,0),(1002,'unavailable','6a255a592db22188','2020-03-06 08:29:07',1,146,29,263,0),(1003,'unavailable','6a255a592db22188','2020-03-06 15:51:14',1,146,29,263,0),(1004,'unavailable','6a255a592db22188','2020-03-08 16:23:33',1,147,45,263,0),(1005,'unavailable','6a255a592db22188','2020-03-10 01:13:36',1,148,29,263,0),(1006,'unavailable','6a255a592db22188','2020-03-10 01:13:36',1,148,29,263,0),(1007,'unavailable','6a255a592db22188','2020-03-12 13:44:58',81,149,29,263,0),(1008,'unavailable','6a255a592db22188','2020-03-12 13:45:24',72,149,40,263,0),(1009,'unavailable','6a255a592db22188','2020-03-14 14:47:34',1,150,45,263,0),(1010,'unavailable','6a255a592db22188','2020-03-14 18:07:29',69,95,15,263,0),(1011,'unavailable','6a255a592db22188','2020-03-16 22:11:36',81,95,15,263,0),(1012,'unavailable','6a255a592db22188','2020-03-16 22:13:06',72,97,15,263,0),(1013,'unavailable','6a255a592db22188','2020-03-16 22:13:18',71,97,15,263,0),(1014,'unavailable','6a255a592db22188','2020-03-16 22:13:43',70,93,15,263,0),(1015,'unavailable','6a255a592db22188','2020-03-17 09:22:46',1,151,82,263,0),(1016,'unavailable','6a255a592db22188','2020-03-17 09:23:32',68,151,83,263,0),(1017,'unavailable','6a255a592db22188','2020-03-17 09:23:32',59,151,84,263,0),(1018,'unavailable','6a255a592db22188','2020-03-17 09:23:33',70,151,85,263,0),(1019,'unavailable','6a255a592db22188','2020-03-17 09:23:33',66,151,86,263,0),(1020,'unavailable','6a255a592db22188','2020-03-17 09:23:33',71,151,87,263,0),(1021,'unavailable','6a255a592db22188','2020-03-17 09:23:33',86,151,88,263,0),(1022,'unavailable','6a255a592db22188','2020-03-17 09:23:34',74,151,89,263,0),(1023,'unavailable','6a255a592db22188','2020-03-17 09:23:34',81,151,90,263,0),(1024,'unavailable','6a255a592db22188','2020-03-17 09:23:34',72,151,91,263,0),(1025,'unavailable','6a255a592db22188','2020-03-17 09:23:34',69,151,92,263,0),(1026,'unavailable','6a255a592db22188','2020-03-17 09:23:34',83,151,93,263,0),(1027,'unavailable','6a255a592db22188','2020-03-17 09:23:34',79,151,94,263,0),(1028,'unavailable','6a255a592db22188','2020-03-17 09:23:35',73,151,95,263,0),(1029,'unavailable','6a255a592db22188','2020-03-17 09:23:35',83,151,96,263,0),(1030,'unavailable','6a255a592db22188','2020-03-17 09:23:36',71,151,97,263,0),(1031,'unavailable','6a255a592db22188','2020-03-17 09:23:37',78,151,98,263,0),(1032,'unavailable','6a255a592db22188','2020-03-17 09:23:38',1,151,99,263,0),(1033,'unavailable','6a255a592db22188','2020-03-17 09:23:56',259,151,100,263,0),(1034,'unavailable','6a255a592db22188','2020-03-17 09:24:01',59,151,101,263,0),(1035,'unavailable','6a255a592db22188','2020-03-17 09:24:01',68,151,102,263,0),(1036,'unavailable','6a255a592db22188','2020-03-17 09:24:01',66,151,103,263,0),(1037,'unavailable','6a255a592db22188','2020-03-17 09:24:01',81,151,24,263,0),(1038,'unavailable','6a255a592db22188','2020-03-17 09:24:01',70,151,104,263,0),(1039,'unavailable','6a255a592db22188','2020-03-18 05:55:55',72,97,15,263,0),(1040,'unavailable','6a255a592db22188','2020-03-18 05:56:38',74,92,15,263,0),(1041,'unavailable','6a255a592db22188','2020-03-18 05:58:08',259,93,15,263,0),(1042,'unavailable','6a255a592db22188','2020-03-18 05:59:26',74,92,15,263,0),(1043,'unavailable','6a255a592db22188','2020-03-18 05:59:43',59,92,15,263,0),(1044,'unavailable','6a255a592db22188','2020-03-18 12:02:58',81,152,29,263,0),(1045,'unavailable','6a255a592db22188','2020-03-18 17:23:57',81,152,29,263,0),(1046,'unavailable','6a255a592db22188','2020-03-18 22:22:43',69,95,15,263,0),(1047,'unavailable','6a255a592db22188','2020-03-19 02:10:48',83,92,15,263,0),(1048,'unavailable','6a255a592db22188','2020-03-19 13:29:17',70,97,15,263,0),(1049,'unavailable','6a255a592db22188','2020-03-20 03:16:34',1,95,15,263,0),(1050,'unavailable','6a255a592db22188','2020-03-21 03:08:47',86,92,15,263,0),(1051,'unavailable','6a255a592db22188','2020-03-21 19:28:55',1,153,105,263,0),(1052,'unavailable','6a255a592db22188','2020-03-21 19:28:57',79,153,105,263,0),(1053,'unavailable','6a255a592db22188','2020-03-22 01:11:27',66,92,15,263,0),(1054,'unavailable','6a255a592db22188','2020-03-25 17:22:38',74,95,15,263,0),(1055,'unavailable','6a255a592db22188','2020-03-26 18:05:56',73,93,15,263,0),(1056,'unavailable','6a255a592db22188','2020-03-27 02:06:03',86,93,15,263,0),(1057,'unavailable','6a255a592db22188','2020-03-27 08:34:42',66,92,15,263,0),(1058,'unavailable','6a255a592db22188','2020-03-27 14:24:27',1,93,15,263,0),(1059,'unavailable','6a255a592db22188','2020-03-31 21:16:04',74,154,29,263,0),(1060,'unavailable','6a255a592db22188','2020-03-31 22:36:01',74,154,29,263,0),(1061,'unavailable','6a255a592db22188','2020-04-07 16:24:12',1,155,29,263,0),(1062,'unavailable','6a255a592db22188','2020-04-12 03:52:15',1,20,15,263,0),(1063,'unavailable','6a255a592db22188','2020-04-15 20:46:30',68,20,15,263,0),(1064,'unavailable','6a255a592db22188','2020-04-15 20:55:33',68,156,29,263,0),(1065,'unavailable','6a255a592db22188','2020-04-16 00:53:42',1,20,15,263,0),(1066,'unavailable','6a255a592db22188','2020-04-18 17:34:31',1,20,15,263,0),(1067,'unavailable','6a255a592db22188','2020-04-21 20:26:52',1,20,15,263,0),(1068,'unavailable','6a255a592db22188','2020-04-22 00:57:08',1,157,29,263,0),(1069,'unavailable','6a255a592db22188','2020-04-25 07:15:14',1,20,15,263,0),(1070,'unavailable','6a255a592db22188','2020-04-30 09:46:44',1,158,45,263,0),(1071,'unavailable','6a255a592db22188','2020-04-30 10:35:28',1,158,45,263,0),(1072,'unavailable','6a255a592db22188','2020-05-01 17:23:23',1,159,45,263,0),(1073,'unavailable','6a255a592db22188','2020-05-03 23:33:08',1,20,15,263,0),(1074,'unavailable','6a255a592db22188','2020-05-09 19:13:40',271,160,15,263,0),(1075,'unavailable','6a255a592db22188','2020-05-13 14:54:27',1,161,106,263,0),(1076,'unavailable','6a255a592db22188','2020-05-26 12:56:17',1,162,29,263,0),(1077,'unavailable','6a255a592db22188','2020-06-01 08:26:36',1,163,29,263,0),(1078,'unavailable','6a255a592db22188','2020-06-06 20:30:43',1,164,45,263,0),(1079,'unavailable','6a255a592db22188','2020-06-11 14:21:31',1,165,45,263,0),(1080,'unavailable','6a255a592db22188','2020-06-11 14:53:03',1,165,45,263,0),(1081,'unavailable','6a255a592db22188','2020-06-20 07:03:54',1,166,45,263,0),(1082,'unavailable','6a255a592db22188','2020-06-20 23:16:23',1,167,45,263,0),(1083,'unavailable','6a255a592db22188','2020-06-20 23:17:32',1,168,15,263,0),(1084,'unavailable','6a255a592db22188','2020-06-20 23:18:39',1,169,15,263,0),(1085,'unavailable','6a255a592db22188','2020-06-20 23:24:46',1,170,15,263,0),(1086,'unavailable','6a255a592db22188','2020-06-20 23:25:25',1,171,15,263,0),(1087,'unavailable','6a255a592db22188','2020-06-20 23:56:14',1,172,15,263,0),(1088,'unavailable','6a255a592db22188','2020-06-20 23:57:16',1,54,54,263,0),(1089,'unavailable','6a255a592db22188','2020-06-21 00:15:06',1,173,15,263,0),(1090,'unavailable','6a255a592db22188','2020-06-21 06:54:11',1,174,15,263,0),(1091,'unavailable','6a255a592db22188','2020-06-21 10:27:50',1,170,15,263,0),(1092,'unavailable','6a255a592db22188','2020-06-22 23:49:58',1,175,45,263,0),(1093,'unavailable','6a255a592db22188','2020-06-24 21:05:47',1,169,15,263,0),(1094,'unavailable','6a255a592db22188','2020-07-01 16:45:05',1,176,29,263,0),(1095,'unavailable','6a255a592db22188','2020-07-02 11:14:30',81,177,15,263,0),(1096,'unavailable','6a255a592db22188','2020-07-09 13:47:13',1,178,45,263,0),(1097,'unavailable','6a255a592db22188','2020-07-15 22:43:26',1,179,29,263,0),(1098,'unavailable','6a255a592db22188','2020-07-25 03:31:07',1,179,29,263,0),(1099,'unavailable','6a255a592db22188','2020-07-25 03:31:28',74,179,13,263,0),(1100,'unavailable','6a255a592db22188','2020-07-25 03:31:31',69,179,33,263,0),(1101,'unavailable','6a255a592db22188','2020-07-25 03:31:35',74,179,13,263,0),(1102,'unavailable','6a255a592db22188','2020-07-25 03:31:36',1,179,29,263,0),(1103,'unavailable','6a255a592db22188','2020-07-25 14:43:06',1,175,45,263,0),(1104,'unavailable','6a255a592db22188','2020-07-26 16:22:17',68,180,29,263,0),(1105,'unavailable','6a255a592db22188','2020-08-01 08:25:43',1,181,29,263,0),(1106,'unavailable','6a255a592db22188','2020-08-05 16:55:58',1,182,45,263,0),(1107,'unavailable','6a255a592db22188','2020-08-11 12:32:45',1,183,29,263,0),(1108,'unavailable','6a255a592db22188','2020-08-11 12:32:45',1,183,29,263,0),(1109,'unavailable','6a255a592db22188','2020-08-12 09:44:29',1,184,29,263,0),(1110,'unavailable','6a255a592db22188','2020-08-12 09:45:32',1,184,15,263,0),(1111,'unavailable','6a255a592db22188','2020-08-16 17:03:36',1,185,29,263,0),(1112,'unavailable','6a255a592db22188','2020-08-19 23:53:44',1,186,45,263,0),(1113,'unavailable','6a255a592db22188','2020-08-27 04:47:34',1,187,15,263,0),(1114,'unavailable','6a255a592db22188','2020-08-27 14:30:11',1,188,29,263,0),(1115,'unavailable','6a255a592db22188','2020-08-30 16:12:23',1,189,29,263,0),(1116,'unavailable','6a255a592db22188','2020-08-31 00:26:28',1,189,29,263,0),(1117,'unavailable','6a255a592db22188','2020-09-01 19:33:48',1,190,29,263,0),(1118,'unavailable','6a255a592db22188','2020-09-09 20:43:14',1,191,30,263,0),(1119,'unavailable','6a255a592db22188','2020-09-09 20:44:02',1,191,30,263,0),(1120,'unavailable','6a255a592db22188','2020-09-15 06:59:24',1,192,29,263,0),(1121,'unavailable','6a255a592db22188','2020-09-20 08:54:35',1,193,15,263,0),(1122,'unavailable','6a255a592db22188','2020-09-21 23:42:54',81,194,31,263,0),(1123,'unavailable','6a255a592db22188','2020-09-23 18:09:38',1,195,29,263,0),(1124,'unavailable','6a255a592db22188','2020-09-24 09:39:59',1,196,29,263,0),(1125,'unavailable','6a255a592db22188','2020-09-30 07:30:14',1,197,15,263,0),(1126,'unavailable','6a255a592db22188','2020-09-30 07:32:18',1,198,15,263,0),(1127,'unavailable','6a255a592db22188','2020-10-02 22:37:27',1,199,29,263,0),(1128,'unavailable','6a255a592db22188','2020-10-03 05:11:42',1,200,29,263,0),(1129,'unavailable','6a255a592db22188','2020-10-03 18:28:05',1,201,107,263,0),(1130,'unavailable','6a255a592db22188','2020-10-03 21:22:13',1,202,45,263,0),(1131,'unavailable','6a255a592db22188','2020-10-08 13:03:09',1,203,29,263,0),(1132,'unavailable','6a255a592db22188','2020-10-09 09:04:55',1,204,15,263,0),(1133,'unavailable','6a255a592db22188','2020-10-09 11:36:46',1,204,15,263,0),(1134,'unavailable','6a255a592db22188','2020-10-09 15:34:30',1,204,15,263,0),(1135,'unavailable','6a255a592db22188','2020-10-09 21:54:57',1,205,15,263,0),(1136,'unavailable','6a255a592db22188','2020-10-11 19:17:24',1,206,29,263,0),(1137,'unavailable','6a255a592db22188','2020-10-11 19:42:59',1,206,29,263,0),(1138,'unavailable','6a255a592db22188','2020-10-12 09:24:22',1,207,15,263,0),(1139,'unavailable','6a255a592db22188','2020-10-12 10:45:38',1,208,29,263,0),(1140,'unavailable','6a255a592db22188','2020-10-12 10:58:30',1,208,29,263,0),(1141,'unavailable','6a255a592db22188','2020-10-12 14:05:19',1,209,45,263,0),(1142,'unavailable','6a255a592db22188','2020-10-12 15:08:18',272,210,15,263,0),(1143,'unavailable','6a255a592db22188','2020-10-12 15:08:18',273,211,15,263,0),(1144,'unavailable','6a255a592db22188','2020-10-13 04:06:58',1,212,107,263,0),(1145,'unavailable','6a255a592db22188','2020-10-13 04:07:24',70,212,13,263,0),(1146,'unavailable','6a255a592db22188','2020-10-13 09:31:15',1,213,31,263,0),(1147,'unavailable','6a255a592db22188','2020-10-15 10:35:58',68,214,29,263,0),(1148,'unavailable','6a255a592db22188','2020-10-15 10:36:43',78,214,51,263,0),(1149,'unavailable','6a255a592db22188','2020-10-15 10:36:52',68,214,48,263,0),(1150,'unavailable','6a255a592db22188','2020-10-15 10:37:04',78,214,51,263,0),(1151,'unavailable','6a255a592db22188','2020-10-15 10:37:08',68,214,29,263,0),(1152,'unavailable','6a255a592db22188','2020-10-21 11:47:00',81,205,29,263,0),(1153,'unavailable','6a255a592db22188','2020-10-24 00:42:15',1,215,45,263,0),(1154,'unavailable','6a255a592db22188','2020-10-24 00:44:33',74,215,13,263,0),(1155,'unavailable','6a255a592db22188','2020-10-24 00:49:21',1,215,45,263,0),(1156,'unavailable','6a255a592db22188','2020-10-24 10:48:00',1,216,15,263,0),(1157,'unavailable','6a255a592db22188','2020-10-25 05:31:21',73,217,15,263,0),(1158,'unavailable','6a255a592db22188','2020-10-25 05:31:23',73,218,15,263,0),(1159,'unavailable','6a255a592db22188','2020-10-25 05:31:26',73,219,15,263,0),(1160,'unavailable','6a255a592db22188','2020-10-25 05:31:28',73,220,15,263,0),(1161,'unavailable','6a255a592db22188','2020-10-25 05:31:30',73,221,15,263,0),(1162,'unavailable','6a255a592db22188','2020-10-25 05:31:33',73,222,15,263,0),(1163,'unavailable','6a255a592db22188','2020-10-25 05:31:35',274,223,15,263,0),(1164,'unavailable','6a255a592db22188','2020-10-25 05:31:37',275,224,15,263,0),(1165,'unavailable','6a255a592db22188','2020-10-27 07:54:23',1,225,29,263,0),(1166,'unavailable','6a255a592db22188','2020-10-31 00:57:43',73,226,30,263,0),(1167,'unavailable','6a255a592db22188','2020-11-03 13:09:53',81,227,29,263,0),(1168,'unavailable','6a255a592db22188','2020-11-03 21:26:07',81,227,29,263,0),(1169,'unavailable','6a255a592db22188','2020-11-06 09:51:13',81,228,45,263,0),(1170,'unavailable','6a255a592db22188','2020-11-06 10:03:20',81,229,31,263,0),(1171,'unavailable','6a255a592db22188','2020-11-06 10:03:27',72,229,15,263,0),(1172,'unavailable','6a255a592db22188','2020-11-06 10:22:26',81,230,29,263,0),(1173,'unavailable','6a255a592db22188','2020-11-06 14:14:53',81,231,29,263,0),(1174,'unavailable','6a255a592db22188','2020-11-06 14:14:57',81,231,29,263,0),(1175,'unavailable','6a255a592db22188','2020-11-06 14:45:03',81,232,29,263,0),(1176,'unavailable','6a255a592db22188','2020-11-06 20:05:18',81,231,29,263,0),(1177,'unavailable','6a255a592db22188','2020-11-08 10:28:07',1,233,45,263,0),(1178,'unavailable','6a255a592db22188','2020-11-08 10:28:11',1,233,45,263,0),(1179,'unavailable','6a255a592db22188','2020-11-09 11:59:11',1,234,45,263,0),(1180,'unavailable','6a255a592db22188','2020-11-10 06:08:55',1,235,29,263,0),(1181,'unavailable','6a255a592db22188','2020-11-10 10:02:56',1,235,29,263,0),(1182,'unavailable','6a255a592db22188','2020-11-12 15:01:30',1,236,29,263,0),(1183,'unavailable','6a255a592db22188','2020-11-13 23:41:00',1,237,29,263,0),(1184,'unavailable','6a255a592db22188','2020-11-21 10:16:34',1,238,29,263,0),(1185,'unavailable','6a255a592db22188','2020-11-22 13:22:19',1,239,45,263,0),(1186,'unavailable','6a255a592db22188','2020-11-26 15:58:06',81,240,29,263,0),(1187,'unavailable','6a255a592db22188','2020-11-26 15:58:28',72,240,40,263,0),(1188,'unavailable','6a255a592db22188','2020-11-27 10:30:00',1,241,45,263,0),(1189,'unavailable','6a255a592db22188','2020-11-27 13:40:36',81,240,29,263,0),(1190,'unavailable','6a255a592db22188','2020-11-27 13:46:20',72,240,40,263,0),(1191,'unavailable','6a255a592db22188','2020-11-28 17:54:08',1,242,31,263,0),(1192,'unavailable','6a255a592db22188','2020-11-29 22:05:59',1,243,29,263,0),(1193,'unavailable','6a255a592db22188','2020-11-29 23:31:03',1,243,29,263,0),(1194,'unavailable','6a255a592db22188','2020-12-02 09:37:19',1,244,45,263,0),(1195,'unavailable','6a255a592db22188','2020-12-03 06:37:03',1,244,45,263,0),(1196,'unavailable','6a255a592db22188','2020-12-03 18:28:16',1,238,29,263,0),(1197,'unavailable','6a255a592db22188','2020-12-03 19:57:00',81,245,45,263,0),(1198,'unavailable','6a255a592db22188','2020-12-03 22:29:31',1,246,29,263,0),(1199,'unavailable','6a255a592db22188','2020-12-03 22:31:36',68,246,29,263,0),(1200,'unavailable','6a255a592db22188','2020-12-03 23:33:19',1,238,29,263,0),(1201,'unavailable','6a255a592db22188','2020-12-04 00:19:10',1,238,29,263,0),(1202,'unavailable','6a255a592db22188','2020-12-05 04:56:09',1,238,29,263,0),(1203,'unavailable','6a255a592db22188','2020-12-05 13:48:51',1,247,15,263,0),(1204,'unavailable','6a255a592db22188','2020-12-06 09:12:03',1,248,31,263,0),(1205,'unavailable','6a255a592db22188','2020-12-10 09:28:47',1,249,15,263,0),(1206,'unavailable','6a255a592db22188','2020-12-11 06:15:37',1,250,29,263,0),(1207,'unavailable','6a255a592db22188','2020-12-11 06:16:44',1,250,29,263,0),(1208,'unavailable','6a255a592db22188','2020-12-11 17:24:38',73,251,29,263,0),(1209,'unavailable','6a255a592db22188','2020-12-11 17:24:43',74,251,47,263,0),(1210,'unavailable','6a255a592db22188','2020-12-11 17:25:41',1,251,47,263,0),(1211,'unavailable','6a255a592db22188','2020-12-11 17:25:55',78,251,13,263,0),(1212,'unavailable','6a255a592db22188','2020-12-11 17:25:59',70,251,48,263,0),(1213,'unavailable','6a255a592db22188','2020-12-12 10:20:28',1,252,45,263,0),(1214,'unavailable','6a255a592db22188','2020-12-15 16:23:57',1,253,29,263,0),(1215,'unavailable','6a255a592db22188','2020-12-16 10:21:56',1,254,29,263,0),(1216,'unavailable','6a255a592db22188','2020-12-16 10:21:56',1,254,29,263,0),(1217,'unavailable','6a255a592db22188','2020-12-16 13:54:30',1,252,45,263,0),(1218,'unavailable','6a255a592db22188','2020-12-16 13:56:24',1,252,45,263,0),(1219,'unavailable','6a255a592db22188','2020-12-16 16:56:33',81,255,45,263,0),(1220,'unavailable','6a255a592db22188','2020-12-17 07:02:39',81,256,29,263,0),(1221,'unavailable','6a255a592db22188','2020-12-19 14:59:26',1,257,29,263,0),(1222,'unavailable','6a255a592db22188','2020-12-19 15:19:26',1,258,29,263,0),(1223,'unavailable','6a255a592db22188','2020-12-20 11:57:10',1,259,29,263,0),(1224,'unavailable','6a255a592db22188','2020-12-20 22:51:09',1,260,29,263,0),(1225,'unavailable','6a255a592db22188','2020-12-21 19:31:56',1,261,45,263,0),(1226,'unavailable','6a255a592db22188','2020-12-21 22:39:39',1,252,45,263,0),(1227,'unavailable','6a255a592db22188','2020-12-21 22:40:17',1,252,45,263,0),(1228,'unavailable','6a255a592db22188','2020-12-26 13:36:09',1,262,29,263,0),(1229,'unavailable','6a255a592db22188','2020-12-28 12:48:55',1,254,29,263,0),(1230,'unavailable','6a255a592db22188','2020-12-28 12:48:55',1,254,29,263,0),(1231,'unavailable','6a255a592db22188','2020-12-28 12:48:56',1,254,29,263,0),(1232,'unavailable','6a255a592db22188','2020-12-28 12:50:18',276,254,13,263,0),(1233,'unavailable','6a255a592db22188','2020-12-28 12:50:25',277,254,108,263,0),(1234,'unavailable','6a255a592db22188','2020-12-28 12:51:35',70,254,109,263,0),(1235,'unavailable','6a255a592db22188','2020-12-28 21:06:35',1,260,29,263,0),(1236,'unavailable','6a255a592db22188','2020-12-28 21:28:38',1,260,29,263,0),(1237,'unavailable','6a255a592db22188','2020-12-28 21:45:49',1,260,29,263,0),(1238,'unavailable','6a255a592db22188','2020-12-29 11:29:16',1,263,29,263,0),(1239,'unavailable','6a255a592db22188','2020-12-29 19:07:25',1,264,29,263,0),(1240,'unavailable','6a255a592db22188','2020-12-29 19:17:30',1,265,54,263,0),(1241,'unavailable','6a255a592db22188','2020-12-29 20:17:30',1,266,45,263,0),(1242,'unavailable','6a255a592db22188','2020-12-31 17:27:28',1,267,15,263,0),(1243,'unavailable','6a255a592db22188','2020-12-31 17:32:10',1,267,15,263,0),(1244,'unavailable','6a255a592db22188','2021-01-01 01:11:32',1,268,29,263,0),(1245,'unavailable','6a255a592db22188','2021-01-01 22:23:17',1,213,31,263,0),(1246,'unavailable','6a255a592db22188','2021-01-02 21:24:29',72,269,45,263,0),(1247,'unavailable','6a255a592db22188','2021-01-02 21:24:30',73,269,46,263,0),(1248,'unavailable','6a255a592db22188','2021-01-03 12:08:08',1,252,45,263,0),(1249,'unavailable','6a255a592db22188','2021-01-04 16:42:00',1,270,29,263,0),(1250,'unavailable','6a255a592db22188','2021-01-04 17:05:55',1,271,45,263,0),(1251,'unavailable','6a255a592db22188','2021-01-04 21:19:35',1,272,45,263,0),(1252,'unavailable','6a255a592db22188','2021-01-05 07:01:49',1,273,15,263,0),(1253,'unavailable','6a255a592db22188','2021-01-05 07:10:19',70,273,15,263,0),(1254,'unavailable','6a255a592db22188','2021-01-05 07:10:56',59,273,15,263,0),(1255,'unavailable','6a255a592db22188','2021-01-05 07:11:22',68,273,15,263,0),(1256,'unavailable','6a255a592db22188','2021-01-05 07:12:05',69,273,15,263,0),(1257,'unavailable','6a255a592db22188','2021-01-05 07:12:45',79,273,15,263,0),(1258,'unavailable','6a255a592db22188','2021-01-05 10:39:03',1,273,15,263,0),(1259,'unavailable','6a255a592db22188','2021-01-05 15:34:06',1,273,15,263,0),(1260,'unavailable','6a255a592db22188','2021-01-05 22:10:13',1,274,31,263,0),(1261,'unavailable','6a255a592db22188','2021-01-06 01:13:28',1,273,15,263,0),(1262,'unavailable','6a255a592db22188','2021-01-06 04:06:04',1,273,15,263,0),(1263,'unavailable','6a255a592db22188','2021-01-06 10:52:15',1,275,29,263,0),(1264,'unavailable','6a255a592db22188','2021-01-06 14:30:50',1,276,45,263,0),(1265,'unavailable','6a255a592db22188','2021-01-06 18:04:59',1,273,15,263,0),(1266,'unavailable','6a255a592db22188','2021-01-06 20:00:34',1,277,45,263,0),(1267,'unavailable','6a255a592db22188','2021-01-06 20:16:25',1,277,45,263,0),(1268,'unavailable','6a255a592db22188','2021-01-06 20:34:16',1,273,15,263,0),(1269,'unavailable','6a255a592db22188','2021-01-06 20:47:27',1,277,45,263,0),(1270,'unavailable','6a255a592db22188','2021-01-06 23:03:56',1,273,15,263,0),(1271,'unavailable','6a255a592db22188','2021-01-07 01:34:12',1,273,15,263,0),(1272,'unavailable','6a255a592db22188','2021-01-07 04:30:13',1,273,15,263,0),(1273,'unavailable','6a255a592db22188','2021-01-07 07:03:58',1,273,15,263,0),(1274,'unavailable','6a255a592db22188','2021-01-07 09:13:01',1,273,15,263,0),(1275,'unavailable','6a255a592db22188','2021-01-07 11:52:55',1,273,15,263,0),(1276,'unavailable','6a255a592db22188','2021-01-07 15:18:02',1,273,15,263,0),(1277,'unavailable','6a255a592db22188','2021-01-07 16:10:49',1,278,45,263,0),(1278,'unavailable','6a255a592db22188','2021-01-07 17:14:57',1,279,45,263,0),(1279,'unavailable','6a255a592db22188','2021-01-08 12:30:17',1,273,15,263,0),(1280,'unavailable','6a255a592db22188','2021-01-08 15:49:37',1,280,45,263,0),(1281,'unavailable','6a255a592db22188','2021-01-09 08:54:49',1,273,15,263,0),(1282,'unavailable','6a255a592db22188','2021-01-09 11:39:43',1,281,29,263,0),(1283,'unavailable','6a255a592db22188','2021-01-10 06:25:32',1,273,15,263,0),(1284,'unavailable','6a255a592db22188','2021-01-10 21:39:03',1,282,29,263,0),(1285,'unavailable','6a255a592db22188','2021-01-10 23:41:35',1,283,15,263,0),(1286,'unavailable','6a255a592db22188','2021-01-11 02:41:39',1,273,15,263,0),(1287,'unavailable','6a255a592db22188','2021-01-11 11:02:06',1,254,29,263,0),(1288,'unavailable','6a255a592db22188','2021-01-11 11:09:13',1,284,29,263,0),(1289,'unavailable','6a255a592db22188','2021-01-11 11:09:13',1,284,29,263,0),(1290,'unavailable','6a255a592db22188','2021-01-11 23:56:37',1,273,15,263,0),(1291,'unavailable','6a255a592db22188','2021-01-12 09:43:22',81,285,15,263,0),(1292,'unavailable','6a255a592db22188','2021-01-12 12:53:36',1,286,29,263,0),(1293,'unavailable','6a255a592db22188','2021-01-12 13:13:25',1,286,29,263,0),(1294,'unavailable','6a255a592db22188','2021-01-12 13:17:42',1,286,29,263,0),(1295,'unavailable','6a255a592db22188','2021-01-12 20:18:54',1,273,15,263,0),(1296,'unavailable','6a255a592db22188','2021-01-13 17:52:44',1,273,15,263,0),(1297,'unavailable','6a255a592db22188','2021-01-13 20:39:47',1,277,45,263,0),(1298,'unavailable','6a255a592db22188','2021-01-14 09:39:43',1,287,29,263,0),(1299,'unavailable','6a255a592db22188','2021-01-14 14:22:16',1,273,15,263,0),(1300,'unavailable','6a255a592db22188','2021-01-15 11:52:42',1,273,15,263,0),(1301,'unavailable','6a255a592db22188','2021-01-15 13:24:51',1,288,31,263,0),(1302,'unavailable','6a255a592db22188','2021-01-16 00:04:21',1,289,29,263,0),(1303,'unavailable','6a255a592db22188','2021-01-16 08:20:46',1,273,15,263,0),(1304,'unavailable','6a255a592db22188','2021-01-16 14:04:46',1,290,45,263,0),(1305,'unavailable','6a255a592db22188','2021-01-17 05:36:17',1,273,15,263,0),(1306,'unavailable','6a255a592db22188','2021-01-18 01:51:04',1,273,15,263,0),(1307,'unavailable','6a255a592db22188','2021-01-18 22:47:37',1,260,29,263,0),(1308,'unavailable','6a255a592db22188','2021-01-18 23:25:25',1,273,15,263,0),(1309,'unavailable','6a255a592db22188','2021-01-19 14:33:00',1,291,29,263,0),(1310,'unavailable','6a255a592db22188','2021-01-19 19:38:32',1,273,15,263,0),(1311,'unavailable','6a255a592db22188','2021-01-19 22:17:22',1,287,29,263,0),(1312,'unavailable','6a255a592db22188','2021-01-20 17:06:45',1,273,15,263,0),(1313,'unavailable','6a255a592db22188','2021-01-21 13:35:52',1,273,15,263,0),(1314,'unavailable','6a255a592db22188','2021-01-21 17:48:07',1,292,29,263,0),(1315,'unavailable','6a255a592db22188','2021-01-22 11:01:20',1,273,15,263,0),(1316,'unavailable','6a255a592db22188','2021-01-24 04:21:04',1,273,15,263,0),(1317,'unavailable','6a255a592db22188','2021-01-25 00:34:50',1,273,15,263,0),(1318,'unavailable','6a255a592db22188','2021-01-25 22:07:07',1,273,15,263,0),(1319,'unavailable','6a255a592db22188','2021-01-26 10:56:32',1,293,29,263,0),(1320,'unavailable','6a255a592db22188','2021-01-26 18:22:48',1,273,15,263,0),(1321,'unavailable','6a255a592db22188','2021-01-26 20:24:16',1,294,29,263,0),(1322,'unavailable','6a255a592db22188','2021-01-27 05:57:25',1,295,29,263,0),(1323,'unavailable','6a255a592db22188','2021-01-27 15:35:24',1,273,15,263,0),(1324,'unavailable','6a255a592db22188','2021-01-27 18:31:21',1,296,29,263,0),(1325,'unavailable','6a255a592db22188','2021-01-28 11:51:10',1,273,15,263,0),(1326,'unavailable','6a255a592db22188','2021-01-29 10:28:40',1,273,15,263,0),(1327,'unavailable','6a255a592db22188','2021-01-29 23:17:11',81,297,29,263,0),(1328,'unavailable','6a255a592db22188','2021-01-29 23:17:13',72,297,40,263,0),(1329,'unavailable','6a255a592db22188','2021-01-30 06:58:09',1,273,15,263,0),(1330,'unavailable','6a255a592db22188','2021-01-30 21:26:05',1,298,29,263,0),(1331,'unavailable','6a255a592db22188','2021-01-30 21:26:56',1,299,15,263,0),(1332,'unavailable','6a255a592db22188','2021-01-31 04:20:41',1,273,15,263,0),(1333,'unavailable','6a255a592db22188','2021-02-01 00:33:08',1,273,15,263,0),(1334,'unavailable','6a255a592db22188','2021-02-01 21:48:37',1,273,15,263,0),(1335,'unavailable','6a255a592db22188','2021-02-02 16:36:34',1,298,29,263,0),(1336,'unavailable','6a255a592db22188','2021-02-02 18:12:07',1,273,15,263,0),(1337,'unavailable','6a255a592db22188','2021-02-02 21:12:53',1,300,45,263,0),(1338,'unavailable','6a255a592db22188','2021-02-02 21:14:30',1,300,15,263,0),(1339,'unavailable','6a255a592db22188','2021-02-03 05:50:37',1,301,29,263,0),(1340,'unavailable','6a255a592db22188','2021-02-03 18:41:11',1,273,15,263,0),(1341,'unavailable','6a255a592db22188','2021-02-04 09:13:28',1,301,15,263,0),(1342,'unavailable','6a255a592db22188','2021-02-04 14:04:10',1,302,29,263,0),(1343,'unavailable','6a255a592db22188','2021-02-04 15:04:27',1,273,15,263,0),(1344,'unavailable','6a255a592db22188','2021-02-05 07:25:50',1,303,29,263,0),(1345,'unavailable','6a255a592db22188','2021-02-05 07:51:53',1,303,29,263,0),(1346,'unavailable','6a255a592db22188','2021-02-05 09:46:50',1,304,31,263,0),(1347,'unavailable','6a255a592db22188','2021-02-05 15:13:08',1,301,15,263,0),(1348,'unavailable','6a255a592db22188','2021-02-05 15:14:30',1,273,15,263,0),(1349,'unavailable','6a255a592db22188','2021-02-05 16:53:35',1,304,31,263,0),(1350,'unavailable','6a255a592db22188','2021-02-06 09:23:40',1,305,29,263,0),(1351,'unavailable','6a255a592db22188','2021-02-06 09:23:53',1,305,29,263,0),(1352,'unavailable','6a255a592db22188','2021-02-06 09:24:34',1,305,110,263,0),(1353,'unavailable','6a255a592db22188','2021-02-06 11:26:23',1,273,15,263,0),(1354,'unavailable','6a255a592db22188','2021-02-06 17:49:30',66,306,29,263,0),(1355,'unavailable','6a255a592db22188','2021-02-06 20:35:40',1,307,29,263,0),(1356,'unavailable','6a255a592db22188','2021-02-07 08:42:10',1,273,15,263,0),(1357,'unavailable','6a255a592db22188','2021-02-08 05:15:27',1,273,15,263,0),(1358,'unavailable','6a255a592db22188','2021-02-08 09:14:14',73,308,45,263,0),(1359,'unavailable','6a255a592db22188','2021-02-08 09:15:24',73,308,45,263,0),(1360,'unavailable','6a255a592db22188','2021-02-08 09:15:59',74,308,47,263,0),(1361,'unavailable','6a255a592db22188','2021-02-08 09:16:12',73,308,45,263,0),(1362,'unavailable','6a255a592db22188','2021-02-08 13:06:36',1,309,29,263,0),(1363,'unavailable','6a255a592db22188','2021-02-08 15:23:11',1,310,29,263,0),(1364,'unavailable','6a255a592db22188','2021-02-08 17:37:31',1,311,45,263,0),(1365,'unavailable','6a255a592db22188','2021-02-09 02:33:04',1,273,15,263,0),(1366,'unavailable','6a255a592db22188','2021-02-09 14:02:07',1,312,29,263,0),(1367,'unavailable','6a255a592db22188','2021-02-09 20:02:49',1,313,45,263,0),(1368,'unavailable','6a255a592db22188','2021-02-09 20:31:23',1,314,45,263,0),(1369,'unavailable','6a255a592db22188','2021-02-09 21:31:34',1,309,29,263,0),(1370,'unavailable','6a255a592db22188','2021-02-09 22:43:22',1,273,15,263,0),(1371,'unavailable','6a255a592db22188','2021-02-10 19:55:45',1,273,15,263,0),(1372,'unavailable','6a255a592db22188','2021-02-10 20:35:11',1,315,15,263,0),(1373,'unavailable','6a255a592db22188','2021-02-11 10:10:19',1,315,15,263,0),(1374,'unavailable','6a255a592db22188','2021-02-11 14:23:37',1,316,31,263,0),(1375,'unavailable','6a255a592db22188','2021-02-11 16:09:55',1,273,15,263,0),(1376,'unavailable','6a255a592db22188','2021-02-12 13:22:48',1,273,15,263,0),(1377,'unavailable','6a255a592db22188','2021-02-13 08:24:13',1,315,15,263,0),(1378,'unavailable','6a255a592db22188','2021-02-13 11:18:43',1,273,15,263,0),(1379,'unavailable','6a255a592db22188','2021-02-14 16:41:12',1,273,15,263,0),(1380,'unavailable','6a255a592db22188','2021-02-15 13:02:13',1,273,15,263,0),(1381,'unavailable','6a255a592db22188','2021-02-16 07:30:40',81,317,29,263,0),(1382,'unavailable','6a255a592db22188','2021-02-16 11:44:44',1,273,15,263,0),(1383,'unavailable','6a255a592db22188','2021-02-16 15:23:05',81,318,29,263,0),(1384,'unavailable','6a255a592db22188','2021-02-16 15:23:09',81,318,29,263,0),(1385,'unavailable','6a255a592db22188','2021-02-16 15:58:57',81,318,29,263,0),(1386,'unavailable','6a255a592db22188','2021-02-16 23:45:39',81,319,29,263,0),(1387,'unavailable','6a255a592db22188','2021-02-17 08:15:00',1,273,15,263,0),(1388,'unavailable','6a255a592db22188','2021-02-17 08:37:32',81,320,29,263,0),(1389,'unavailable','6a255a592db22188','2021-02-17 20:18:10',1,321,45,263,0),(1390,'unavailable','6a255a592db22188','2021-02-18 00:33:51',1,322,29,263,0),(1391,'unavailable','6a255a592db22188','2021-02-18 05:30:57',1,273,15,263,0),(1392,'unavailable','6a255a592db22188','2021-02-18 10:28:32',1,323,45,263,0),(1393,'unavailable','6a255a592db22188','2021-02-19 03:41:24',1,273,15,263,0),(1394,'unavailable','6a255a592db22188','2021-02-19 12:36:12',1,324,29,263,0),(1395,'unavailable','6a255a592db22188','2021-02-19 15:15:49',1,316,31,263,0),(1396,'unavailable','6a255a592db22188','2021-02-19 20:03:23',1,325,29,263,0),(1397,'unavailable','6a255a592db22188','2021-02-20 01:19:48',1,273,15,263,0),(1398,'unavailable','6a255a592db22188','2021-02-20 10:46:23',1,326,29,263,0),(1399,'unavailable','6a255a592db22188','2021-02-20 14:47:19',1,325,29,263,0),(1400,'unavailable','6a255a592db22188','2021-02-20 23:34:58',1,327,15,263,0),(1401,'unavailable','6a255a592db22188','2021-02-21 04:19:22',1,273,15,263,0),(1402,'unavailable','6a255a592db22188','2021-02-21 20:09:48',1,328,45,263,0),(1403,'unavailable','6a255a592db22188','2021-02-21 21:43:39',1,298,29,263,0),(1404,'unavailable','6a255a592db22188','2021-02-22 04:26:00',1,273,15,263,0),(1405,'unavailable','6a255a592db22188','2021-02-23 01:00:08',1,273,15,263,0),(1406,'unavailable','6a255a592db22188','2021-02-23 14:27:38',1,329,45,263,0),(1407,'unavailable','6a255a592db22188','2021-02-23 20:18:14',1,330,29,263,0),(1408,'unavailable','6a255a592db22188','2021-02-24 03:14:27',1,273,15,263,0),(1409,'unavailable','6a255a592db22188','2021-02-25 01:18:03',1,273,15,263,0),(1410,'unavailable','6a255a592db22188','2021-02-25 22:57:03',1,273,15,263,0),(1411,'unavailable','6a255a592db22188','2021-02-26 19:30:31',1,273,15,263,0),(1412,'unavailable','6a255a592db22188','2021-02-27 10:17:24',1,331,45,263,0),(1413,'unavailable','6a255a592db22188','2021-02-27 10:21:39',1,331,45,263,0),(1414,'unavailable','6a255a592db22188','2021-02-27 10:49:12',1,277,29,263,0),(1415,'unavailable','6a255a592db22188','2021-02-27 18:17:33',1,273,15,263,0),(1416,'unavailable','6a255a592db22188','2021-02-28 14:29:55',1,273,15,263,0),(1417,'unavailable','6a255a592db22188','2021-02-28 21:27:20',1,332,29,263,0),(1418,'unavailable','6a255a592db22188','2021-02-28 21:27:20',1,332,29,263,0),(1419,'unavailable','6a255a592db22188','2021-03-01 11:54:41',1,273,15,263,0),(1420,'unavailable','6a255a592db22188','2021-03-01 14:26:03',1,333,29,263,0),(1421,'unavailable','6a255a592db22188','2021-03-01 22:03:40',1,334,29,263,0),(1422,'unavailable','6a255a592db22188','2021-03-01 22:35:17',1,335,29,263,0),(1423,'unavailable','6a255a592db22188','2021-03-02 09:53:13',1,273,15,263,0),(1424,'unavailable','6a255a592db22188','2021-03-03 07:18:25',1,273,15,263,0),(1425,'unavailable','6a255a592db22188','2021-03-03 07:30:10',1,336,45,263,0),(1426,'unavailable','6a255a592db22188','2021-03-03 18:41:09',1,325,29,263,0),(1427,'unavailable','6a255a592db22188','2021-03-03 18:41:09',1,325,29,263,0),(1428,'unavailable','6a255a592db22188','2021-03-03 20:26:38',1,337,29,263,0),(1429,'unavailable','6a255a592db22188','2021-03-03 20:26:56',1,337,29,263,0),(1430,'unavailable','6a255a592db22188','2021-03-03 20:44:27',1,337,29,263,0),(1431,'unavailable','6a255a592db22188','2021-03-03 20:52:38',1,337,29,263,0),(1432,'unavailable','6a255a592db22188','2021-03-03 20:52:47',1,337,29,263,0),(1433,'unavailable','6a255a592db22188','2021-03-03 21:58:08',1,338,29,263,0),(1434,'unavailable','6a255a592db22188','2021-03-03 23:10:52',1,338,29,263,0),(1435,'unavailable','6a255a592db22188','2021-03-04 03:29:39',1,273,15,263,0),(1436,'unavailable','6a255a592db22188','2021-03-04 06:10:02',1,339,29,263,0),(1437,'unavailable','6a255a592db22188','2021-03-04 14:51:04',1,340,29,263,0),(1438,'unavailable','6a255a592db22188','2021-03-05 02:40:51',1,273,15,263,0),(1439,'unavailable','6a255a592db22188','2021-03-05 21:30:16',1,341,29,263,0),(1440,'unavailable','6a255a592db22188','2021-03-05 23:21:09',1,273,15,263,0),(1441,'unavailable','6a255a592db22188','2021-03-06 20:40:01',1,273,15,263,0),(1442,'unavailable','6a255a592db22188','2021-03-06 22:30:19',1,342,29,263,0),(1443,'unavailable','6a255a592db22188','2021-03-07 17:04:47',1,273,15,263,0),(1444,'unavailable','6a255a592db22188','2021-03-08 13:06:37',1,343,29,263,0),(1445,'unavailable','6a255a592db22188','2021-03-08 17:49:18',1,273,15,263,0),(1446,'unavailable','6a255a592db22188','2021-03-09 03:33:40',1,344,29,263,0),(1447,'unavailable','6a255a592db22188','2021-03-09 12:39:34',1,345,29,263,0),(1448,'unavailable','6a255a592db22188','2021-03-09 14:20:41',1,273,15,263,0),(1449,'unavailable','6a255a592db22188','2021-03-10 09:26:39',1,346,29,263,0),(1450,'unavailable','6a255a592db22188','2021-03-10 09:28:01',1,346,29,263,0),(1451,'unavailable','6a255a592db22188','2021-03-10 11:32:42',1,273,15,263,0),(1452,'unavailable','6a255a592db22188','2021-03-10 17:41:36',1,346,15,263,0),(1453,'unavailable','6a255a592db22188','2021-03-11 09:16:46',1,273,15,263,0),(1454,'unavailable','6a255a592db22188','2021-03-11 12:29:10',72,347,29,263,0),(1455,'unavailable','6a255a592db22188','2021-03-11 12:30:01',73,347,46,263,0),(1456,'unavailable','6a255a592db22188','2021-03-11 15:51:06',1,348,29,263,0),(1457,'unavailable','6a255a592db22188','2021-03-11 18:48:48',1,334,29,263,0),(1458,'unavailable','6a255a592db22188','2021-03-11 19:11:29',1,334,15,263,0),(1459,'unavailable','6a255a592db22188','2021-03-11 20:22:31',1,334,29,263,0),(1460,'unavailable','6a255a592db22188','2021-03-11 21:22:59',1,349,45,263,0),(1461,'unavailable','6a255a592db22188','2021-03-11 21:40:19',1,349,45,263,0),(1462,'unavailable','6a255a592db22188','2021-03-12 06:31:28',1,273,15,263,0),(1463,'unavailable','6a255a592db22188','2021-03-12 18:55:37',1,350,29,263,0),(1464,'unavailable','6a255a592db22188','2021-03-12 21:31:09',1,351,45,263,0),(1465,'unavailable','6a255a592db22188','2021-03-13 03:05:49',1,273,15,263,0),(1466,'unavailable','6a255a592db22188','2021-03-13 06:36:56',1,352,45,263,0),(1467,'unavailable','6a255a592db22188','2021-03-13 13:18:36',1,345,29,263,0),(1468,'unavailable','6a255a592db22188','2021-03-13 13:19:01',59,345,13,263,0),(1469,'unavailable','6a255a592db22188','2021-03-13 13:19:07',70,345,20,263,0),(1470,'unavailable','6a255a592db22188','2021-03-13 13:19:11',1,345,28,263,0),(1471,'unavailable','6a255a592db22188','2021-03-14 00:36:32',1,273,15,263,0),(1472,'unavailable','6a255a592db22188','2021-03-14 13:51:51',1,353,31,263,0),(1473,'unavailable','6a255a592db22188','2021-03-14 21:13:02',1,273,15,263,0),(1474,'unavailable','6a255a592db22188','2021-03-15 05:49:54',1,354,31,263,0),(1475,'unavailable','6a255a592db22188','2021-03-15 07:39:27',1,355,15,263,0),(1476,'unavailable','6a255a592db22188','2021-03-15 18:51:33',1,273,15,263,0),(1477,'unavailable','6a255a592db22188','2021-03-15 23:27:56',1,345,29,263,0),(1478,'unavailable','6a255a592db22188','2021-03-16 11:54:30',1,356,29,263,0),(1479,'unavailable','6a255a592db22188','2021-03-16 11:59:53',1,356,29,263,0),(1480,'unavailable','6a255a592db22188','2021-03-16 15:11:24',1,273,15,263,0),(1481,'unavailable','6a255a592db22188','2021-03-17 12:44:49',1,273,15,263,0),(1482,'unavailable','6a255a592db22188','2021-03-17 16:31:28',1,357,29,263,0),(1483,'unavailable','6a255a592db22188','2021-03-17 19:31:51',1,357,15,263,0),(1484,'unavailable','6a255a592db22188','2021-03-17 19:31:51',1,357,15,263,0),(1485,'unavailable','6a255a592db22188','2021-03-18 13:43:36',1,273,15,263,0),(1486,'unavailable','6a255a592db22188','2021-03-19 06:48:32',1,358,29,263,0),(1487,'unavailable','6a255a592db22188','2021-03-19 07:50:47',1,358,29,263,0),(1488,'unavailable','6a255a592db22188','2021-03-19 10:55:40',1,273,15,263,0),(1489,'unavailable','6a255a592db22188','2021-03-19 11:10:17',1,358,29,263,0),(1490,'unavailable','6a255a592db22188','2021-03-19 19:44:58',1,180,29,263,0),(1491,'unavailable','6a255a592db22188','2021-03-19 22:34:52',1,180,29,263,0),(1492,'unavailable','6a255a592db22188','2021-03-20 08:54:27',1,273,15,263,0),(1493,'unavailable','6a255a592db22188','2021-03-21 06:25:02',1,273,15,263,0),(1494,'unavailable','6a255a592db22188','2021-03-21 23:31:54',1,359,29,263,0),(1495,'unavailable','6a255a592db22188','2021-03-22 03:05:13',1,273,15,263,0),(1496,'unavailable','6a255a592db22188','2021-03-23 00:19:47',1,273,15,263,0),(1497,'unavailable','6a255a592db22188','2021-03-23 17:26:53',1,360,15,263,0),(1498,'unavailable','6a255a592db22188','2021-03-23 20:35:44',1,273,15,263,0),(1499,'unavailable','6a255a592db22188','2021-03-23 21:22:57',1,361,29,263,0),(1500,'unavailable','6a255a592db22188','2021-03-24 18:00:20',1,273,15,263,0),(1501,'unavailable','6a255a592db22188','2021-03-25 09:39:42',1,362,29,263,0),(1502,'unavailable','6a255a592db22188','2021-03-25 14:18:58',1,273,15,263,0),(1503,'unavailable','6a255a592db22188','2021-03-26 02:11:16',1,359,29,263,0),(1504,'unavailable','6a255a592db22188','2021-03-26 11:35:14',1,273,15,263,0),(1505,'unavailable','6a255a592db22188','2021-03-27 08:11:44',1,273,15,263,0),(1506,'unavailable','6a255a592db22188','2021-03-28 05:42:22',1,273,15,263,0),(1507,'unavailable','6a255a592db22188','2021-03-29 01:58:37',1,273,15,263,0),(1508,'unavailable','6a255a592db22188','2021-03-29 12:00:00',72,363,45,263,0),(1509,'unavailable','6a255a592db22188','2021-03-29 14:04:55',1,359,29,263,0),(1510,'unavailable','6a255a592db22188','2021-03-29 15:44:52',1,359,29,263,0),(1511,'unavailable','6a255a592db22188','2021-03-29 17:19:21',1,364,29,263,0),(1512,'unavailable','6a255a592db22188','2021-03-29 21:10:19',1,359,29,263,0),(1513,'unavailable','6a255a592db22188','2021-03-29 23:36:16',1,273,15,263,0),(1514,'unavailable','6a255a592db22188','2021-03-30 20:03:58',1,273,15,263,0),(1515,'unavailable','6a255a592db22188','2021-03-30 21:22:04',81,365,29,263,0),(1516,'unavailable','6a255a592db22188','2021-03-30 21:22:33',72,365,40,263,0),(1517,'unavailable','6a255a592db22188','2021-03-30 23:17:55',1,366,45,263,0),(1518,'unavailable','6a255a592db22188','2021-03-30 23:19:04',1,366,45,263,0),(1519,'unavailable','6a255a592db22188','2021-03-31 17:20:20',1,273,15,263,0),(1520,'unavailable','6a255a592db22188','2021-03-31 19:07:15',1,367,29,263,0),(1521,'unavailable','6a255a592db22188','2021-03-31 20:11:54',1,367,29,263,0),(1522,'unavailable','6a255a592db22188','2021-04-01 06:30:08',1,359,29,263,0),(1523,'unavailable','6a255a592db22188','2021-04-01 13:36:42',1,273,15,263,0),(1524,'unavailable','6a255a592db22188','2021-04-01 15:01:13',1,368,45,263,0),(1525,'unavailable','6a255a592db22188','2021-04-01 15:01:35',1,369,15,263,0),(1526,'unavailable','6a255a592db22188','2021-04-02 09:23:37',1,370,29,263,0),(1527,'unavailable','6a255a592db22188','2021-04-02 10:48:47',1,273,15,263,0),(1528,'unavailable','6a255a592db22188','2021-04-03 07:11:52',1,273,15,263,0),(1529,'unavailable','6a255a592db22188','2021-04-03 07:43:08',1,371,29,263,0),(1530,'unavailable','6a255a592db22188','2021-04-03 19:42:53',70,372,45,263,0),(1531,'unavailable','6a255a592db22188','2021-04-04 04:47:06',1,273,15,263,0),(1532,'unavailable','6a255a592db22188','2021-04-04 23:04:51',81,373,29,263,0),(1533,'unavailable','6a255a592db22188','2021-04-05 01:02:32',1,273,15,263,0),(1534,'unavailable','6a255a592db22188','2021-04-05 12:08:13',1,374,45,263,0),(1535,'unavailable','6a255a592db22188','2021-04-05 20:12:40',1,375,45,263,0),(1536,'unavailable','6a255a592db22188','2021-04-05 20:53:14',1,375,45,263,0),(1537,'unavailable','6a255a592db22188','2021-04-05 22:15:35',1,273,15,263,0),(1538,'unavailable','6a255a592db22188','2021-04-06 18:49:47',1,273,15,263,0),(1539,'unavailable','6a255a592db22188','2021-04-07 16:01:44',1,273,15,263,0),(1540,'unavailable','6a255a592db22188','2021-04-08 14:00:09',1,273,15,263,0),(1541,'unavailable','6a255a592db22188','2021-04-08 20:27:13',1,376,29,263,0);

--
-- Table structure for table `kbm_19_Counterize_Countries`
--

CREATE TABLE `kbm_19_Counterize_Countries` (
  `countryID` int(11) NOT NULL AUTO_INCREMENT,
  `code` varchar(16) NOT NULL,
  `count` int(11) NOT NULL DEFAULT '1',
  PRIMARY KEY (`countryID`),
  UNIQUE KEY `code` (`code`),
  KEY `count` (`count`)
) ENGINE=InnoDB AUTO_INCREMENT=266 DEFAULT CHARSET=latin1;

--
-- Dumping data for table `kbm_19_Counterize_Countries`
--

INSERT INTO `kbm_19_Counterize_Countries` VALUES (1,'AC',0),(2,'AD',0),(3,'AE',0),(4,'AF',0),(5,'AG',0),(6,'AI',0),(7,'AL',0),(8,'AM',0),(9,'AN',0),(10,'AO',0),(11,'AQ',0),(12,'AR',0),(13,'AS',0),(14,'AT',0),(15,'AU',1),(16,'AW',0),(17,'AX',0),(18,'AZ',0),(19,'BA',0),(20,'BB',0),(21,'BD',0),(22,'BE',0),(23,'BF',0),(24,'BG',0),(25,'BH',0),(26,'BI',0),(27,'BJ',0),(28,'BL',0),(29,'BM',0),(30,'BN',0),(31,'BO',0),(32,'BQ',0),(33,'BR',0),(34,'BS',0),(35,'BT',0),(36,'BV',0),(37,'BW',0),(38,'BY',0),(39,'BZ',0),(40,'CA',0),(41,'CD',0),(42,'CF',0),(43,'CG',0),(44,'CH',0),(45,'CI',0),(46,'CK',0),(47,'CL',0),(48,'CM',0),(49,'CN',142),(50,'CO',0),(51,'CP',0),(52,'CR',0),(53,'CS',0),(54,'CU',0),(55,'CV',0),(56,'CW',0),(57,'CX',0),(58,'CY',0),(59,'CZ',0),(60,'DE',0),(61,'DG',0),(62,'DJ',0),(63,'DK',0),(64,'DM',0),(65,'DO',0),(66,'DZ',0),(67,'EA',0),(68,'EC',0),(69,'EE',0),(70,'EH',0),(71,'EG',0),(72,'ER',0),(73,'ES',0),(74,'ET',0),(75,'EU',0),(76,'FI',0),(77,'FJ',0),(78,'FK',0),(79,'FM',0),(80,'FO',0),(81,'FR',0),(82,'GA',0),(83,'GB',0),(84,'GD',0),(85,'GE',0),(86,'GF',0),(87,'GG',0),(88,'GH',0),(89,'GI',0),(90,'GL',0),(91,'GM',0),(92,'GN',0),(93,'GP',0),(94,'GQ',0),(95,'GR',0),(96,'GS',0),(97,'GT',0),(98,'GU',0),(99,'GW',0),(100,'GY',0),(101,'HK',0),(102,'HM',0),(103,'HN',0),(104,'HR',0),(105,'HT',0),(106,'HU',0),(107,'IC',0),(108,'ID',66),(109,'IE',0),(110,'IL',0),(111,'IM',0),(112,'IN',0),(113,'IO',0),(114,'IQ',0),(115,'IR',0),(116,'IS',0),(117,'IT',0),(118,'JE',0),(119,'JM',0),(120,'JO',0),(121,'JP',0),(122,'KE',0),(123,'KG',0),(124,'KH',0),(125,'KI',0),(126,'KM',0),(127,'KN',0),(128,'KP',0),(129,'KR',0),(130,'KW',0),(131,'KY',0),(132,'KZ',0),(133,'LA',0),(134,'LB',0),(135,'LC',0),(136,'LI',0),(137,'LK',0),(138,'LR',0),(139,'LS',0),(140,'LT',0),(141,'LU',0),(142,'LV',0),(143,'LY',0),(144,'MA',0),(145,'MC',0),(146,'MD',0),(147,'ME',0),(148,'MF',0),(149,'MG',0),(150,'MH',0),(151,'MK',0),(152,'ML',0),(153,'MM',0),(154,'MN',0),(155,'MO',0),(156,'MP',0),(157,'MQ',0),(158,'MR',0),(159,'MS',0),(160,'MT',0),(161,'MU',0),(162,'MV',0),(163,'MW',0),(164,'MX',0),(165,'MY',5),(166,'MZ',0),(167,'NA',0),(168,'NC',0),(169,'NE',0),(170,'NF',0),(171,'NG',0),(172,'NI',0),(173,'NL',0),(174,'NO',0),(175,'NP',0),(176,'NR',0),(177,'NU',0),(178,'NZ',0),(179,'OM',0),(180,'PA',0),(181,'PE',0),(182,'PF',0),(183,'PG',0),(184,'PH',0),(185,'PK',0),(186,'PL',0),(187,'PM',0),(188,'PN',0),(189,'PR',0),(190,'PS',0),(191,'PT',0),(192,'PW',0),(193,'PY',0),(194,'QA',0),(195,'RE',0),(196,'RO',0),(197,'RS',0),(198,'RU',0),(199,'RW',0),(200,'SA',0),(201,'SB',0),(202,'SC',0),(203,'SD',0),(204,'SE',0),(205,'SG',0),(206,'SH',0),(207,'SI',0),(208,'SJ',0),(209,'SK',0),(210,'SL',0),(211,'SM',0),(212,'SN',0),(213,'SO',0),(214,'SR',0),(215,'SS',0),(216,'ST',0),(217,'SV',0),(218,'SX',0),(219,'SY',0),(220,'SZ',0),(221,'TA',0),(222,'TC',0),(223,'TD',0),(224,'TF',0),(225,'TG',0),(226,'TH',0),(227,'TJ',0),(228,'TK',0),(229,'TL',0),(230,'TM',0),(231,'TN',0),(232,'TO',0),(233,'TP',0),(234,'TR',1),(235,'TT',0),(236,'TV',0),(237,'TW',0),(238,'TZ',0),(239,'UA',0),(240,'UG',0),(241,'UM',0),(242,'US',73),(243,'UY',0),(244,'UZ',0),(245,'VA',0),(246,'VC',0),(247,'VE',1),(248,'VG',0),(249,'VI',0),(250,'VN',0),(251,'VU',0),(252,'WF',0),(253,'WG',0),(254,'WL',0),(255,'WS',0),(256,'WV',0),(257,'YE',0),(258,'YT',0),(259,'ZA',0),(260,'ZM',0),(261,'ZR',0),(262,'ZW',0),(263,'ZZ',1229),(264,'00',0),(265,'unknown',23);

--
-- Table structure for table `kbm_19_Counterize_Keywords`
--

CREATE TABLE `kbm_19_Counterize_Keywords` (
  `keywordID` int(11) NOT NULL AUTO_INCREMENT,
  `keyword` varchar(255) NOT NULL,
  `count` int(11) NOT NULL DEFAULT '1',
  PRIMARY KEY (`keywordID`),
  UNIQUE KEY `keyword` (`keyword`),
  KEY `count` (`count`)
) ENGINE=InnoDB AUTO_INCREMENT=5 DEFAULT CHARSET=latin1;

--
-- Dumping data for table `kbm_19_Counterize_Keywords`
--

INSERT INTO `kbm_19_Counterize_Keywords` VALUES (1,'',1538),(2,'uyf',1),(3,'giantebi',1),(4,'www',1);

--
-- Table structure for table `kbm_19_Counterize_Outlinks`
--

CREATE TABLE `kbm_19_Counterize_Outlinks` (
  `outlinkID` int(11) unsigned NOT NULL AUTO_INCREMENT,
  `count` int(11) unsigned NOT NULL DEFAULT '0',
  `url` varchar(255) NOT NULL,
  PRIMARY KEY (`outlinkID`),
  UNIQUE KEY `url` (`url`),
  KEY `count` (`count`)
) ENGINE=InnoDB DEFAULT CHARSET=latin1;

--
-- Dumping data for table `kbm_19_Counterize_Outlinks`
--


--
-- Table structure for table `kbm_19_Counterize_Pages`
--

CREATE TABLE `kbm_19_Counterize_Pages` (
  `pageID` int(11) NOT NULL AUTO_INCREMENT,
  `url` varchar(255) NOT NULL,
  `count` int(11) NOT NULL DEFAULT '1',
  `postID` bigint(20) DEFAULT NULL,
  PRIMARY KEY (`pageID`),
  UNIQUE KEY `url` (`url`),
  KEY `count` (`count`),
  KEY `postID` (`postID`)
) ENGINE=InnoDB AUTO_INCREMENT=278 DEFAULT CHARSET=latin1;

--
-- Dumping data for table `kbm_19_Counterize_Pages`
--

INSERT INTO `kbm_19_Counterize_Pages` VALUES (1,'/lpmteropong/',759,0),(2,'/lpmteropong/?customize_changeset_uuid=0fd98268-7c34-4565-b187-2cc06a2ee349&customize_theme=twentyseventeen&customize_messenger_channel=preview-0',1,0),(3,'/lpmteropong/?customize_changeset_uuid=e093afca-ef38-4431-b4b2-f5c8cf4b7c51&customize_theme=twentyseventeen&customize_messenger_channel=preview-0',1,0),(4,'/lpmteropong/?customize_changeset_uuid=ec831450-754f-4894-a203-c11193841636&customize_theme=twentyseventeen&customize_messenger_channel=preview-0',1,0),(5,'/lpmteropong/?customize_changeset_uuid=52b1cddc-4e29-4fa0-8ad0-f29b487d7f09&customize_theme=twentyseventeen&customize_messenger_channel=preview-0',1,0),(6,'/lpmteropong/?customize_changeset_uuid=8a9a6327-606c-44b1-83a1-73a989d3d893&customize_theme=twentyseventeen&customize_messenger_channel=preview-0',1,0),(7,'/lpmteropong/?customize_changeset_uuid=951f8df0-4b9b-4295-8da3-9e5b3c53f364&customize_theme=twentyseventeen&customize_messenger_channel=preview-0',1,0),(8,'/lpmteropong/?customize_changeset_uuid=58687482-d4af-4fea-a670-9fe351b30b7d&customize_theme=twentyseventeen&customize_messenger_channel=preview-0',1,0),(9,'/lpmteropong/?customize_changeset_uuid=7e5aaf65-2394-4d01-8080-a0447cdc1091&customize_theme=twentyseventeen&customize_messenger_channel=preview-0',1,0),(10,'/lpmteropong/?customize_changeset_uuid=ccf23377-86c6-41b0-b495-4a1ec6df2b4c&customize_theme=twentyseventeen&customize_messenger_channel=preview-0',1,0),(11,'/lpmteropong/?customize_changeset_uuid=c757a736-335a-4b27-bc95-cf7c455f5912&customize_theme=twentyseventeen&customize_messenger_channel=preview-0',1,0),(12,'/lpmteropong/?customize_changeset_uuid=c4401f25-d649-42b9-8fcb-d730f3f6f9fe&customize_theme=twentyseventeen&customize_messenger_channel=preview-0',1,0),(13,'/lpmteropong/?customize_changeset_uuid=479cb75b-20f4-49bc-8d0f-2865f64439a6&customize_theme=twentyseventeen&customize_messenger_channel=preview-0',1,0),(14,'/lpmteropong/?customize_changeset_uuid=33adf380-dbca-4157-b806-a21645eb8794&customize_theme=twentyseventeen&customize_messenger_channel=preview-0',1,0),(15,'/lpmteropong/?customize_changeset_uuid=49fcc4b6-2886-4065-9693-ba2ab72d5a57&customize_theme=twentyseventeen&customize_messenger_channel=preview-1&customize_autosaved=on',1,0),(16,'/lpmteropong/?customize_changeset_uuid=df0ff856-35ce-4197-98f4-9eb0c2526b0d&customize_theme=twentyseventeen&customize_messenger_channel=preview-2&customize_autosaved=on',1,2),(17,'/lpmteropong/?customize_changeset_uuid=df0ff856-35ce-4197-98f4-9eb0c2526b0d&customize_theme=twentyseventeen&customize_messenger_channel=preview-3&customize_autosaved=on',1,0),(18,'/lpmteropong/?customize_changeset_uuid=27a706a1-a711-4a09-bb0d-d9fe3f7c397d&customize_theme=twentyseventeen&customize_messenger_channel=preview-0',1,0),(19,'/lpmteropong/?customize_changeset_uuid=38ce59be-6640-4355-8f9f-b74b62bc0822&customize_theme=twentyseventeen&customize_messenger_channel=preview-0',1,0),(20,'/lpmteropong/?customize_changeset_uuid=41eed2c6-c6af-4a15-a94e-d20271ef4af6&customize_theme=twentyseventeen&customize_messenger_channel=preview-0',1,0),(21,'/lpmteropong/?customize_changeset_uuid=ea81feda-08c6-4921-a34f-d5166467639b&customize_theme=twentyseventeen&customize_messenger_channel=preview-0',3,0),(22,'/lpmteropong/?customize_changeset_uuid=2e8b63cb-9a61-4c0b-b79c-fb91f954468c&customize_theme=twentyseventeen&customize_messenger_channel=preview-0',4,0),(23,'/lpmteropong/?customize_changeset_uuid=732a611e-9da3-454a-b0f8-0aceaf92e693&customize_theme=twentyseventeen&customize_messenger_channel=preview-0',1,0),(24,'/lpmteropong/?customize_changeset_uuid=732a611e-9da3-454a-b0f8-0aceaf92e693&customize_theme=twentyseventeen&customize_messenger_channel=preview-1&customize_autosaved=on',1,0),(25,'/lpmteropong/?customize_changeset_uuid=732a611e-9da3-454a-b0f8-0aceaf92e693&customize_theme=twentyseventeen&customize_messenger_channel=preview-2&customize_autosaved=on',1,0),(26,'/lpmteropong/?customize_changeset_uuid=81a36554-303c-4d40-9148-213f42b8a63f&customize_theme=twentyseventeen&customize_messenger_channel=preview-0',2,0),(27,'/lpmteropong/?customize_changeset_uuid=81a36554-303c-4d40-9148-213f42b8a63f&customize_theme=twentyseventeen&customize_messenger_channel=preview-1&customize_autosaved=on',2,0),(28,'/lpmteropong/?customize_changeset_uuid=81a36554-303c-4d40-9148-213f42b8a63f&customize_theme=twentyseventeen&customize_messenger_channel=preview-2&customize_autosaved=on',2,0),(29,'/lpmteropong/?customize_changeset_uuid=024284f6-3714-4651-b763-0536079e8ce6&customize_theme=twentyseventeen&customize_messenger_channel=preview-3&customize_autosaved=on',1,0),(30,'/lpmteropong/?customize_changeset_uuid=ea5727fd-8a72-4b45-8af4-8fc2ebdf65d2&customize_theme=twentyseventeen&customize_messenger_channel=preview-4&customize_autosaved=on',1,0),(31,'/lpmteropong/?customize_changeset_uuid=83818204-1676-42b7-aee4-0d82c5a579f4&customize_theme=twentyseventeen&customize_messenger_channel=preview-0',1,0),(32,'/lpmteropong/kontak/?customize_changeset_uuid=83818204-1676-42b7-aee4-0d82c5a579f4&customize_theme=twentyseventeen&customize_messenger_channel=preview-1',1,44),(33,'/lpmteropong/?customize_changeset_uuid=04927ba2-ba9e-4b02-9cf9-c6817cbd42b2&customize_theme=twentyseventeen&customize_messenger_channel=preview-0',3,0),(34,'/lpmteropong/?customize_changeset_uuid=81a36554-303c-4d40-9148-213f42b8a63f&customize_theme=twentyseventeen&customize_messenger_channel=preview-3&customize_autosaved=on',1,0),(35,'/lpmteropong/?customize_changeset_uuid=81a36554-303c-4d40-9148-213f42b8a63f&customize_theme=twentyseventeen&customize_messenger_channel=preview-4&customize_autosaved=on',1,0),(36,'/lpmteropong/profil/?customize_changeset_uuid=06a19e97-8908-4941-9a6e-d51af20145b2&customize_theme=twentyseventeen&customize_messenger_channel=preview-5&customize_autosaved=on',1,35),(37,'/lpmteropong/profil/?customize_changeset_uuid=06a19e97-8908-4941-9a6e-d51af20145b2&customize_theme=twentyseventeen&customize_messenger_channel=preview-6&customize_autosaved=on',1,35),(38,'/lpmteropong/profil/?customize_changeset_uuid=06a19e97-8908-4941-9a6e-d51af20145b2&customize_theme=twentyseventeen&customize_messenger_channel=preview-7&customize_autosaved=on',1,35),(39,'/lpmteropong/?customize_changeset_uuid=995e7672-45a6-43ae-a866-48d0ceb85c0a&customize_theme=twentyseventeen&customize_messenger_channel=preview-0',1,0),(40,'/lpmteropong/profil/',4,35),(41,'/lpmteropong/?customize_changeset_uuid=20d47f81-574e-497b-98d0-2411bdecba62&customize_theme=twentyseventeen&customize_messenger_channel=preview-0',1,0),(42,'/lpmteropong/?customize_changeset_uuid=a1b61f4b-bde9-424c-822c-36aa89a84260&customize_theme=twentyseventeen&customize_messenger_channel=preview-0',1,0),(43,'/lpmteropong/?customize_changeset_uuid=8591dc34-393c-4538-b239-9eddf8608514&customize_theme=twentyseventeen&customize_messenger_channel=preview-0',1,0),(44,'/lpmteropong/?customize_changeset_uuid=b4d30860-118b-40ba-b76a-7f44bbadeeca&customize_theme=twentyseventeen&customize_messenger_channel=preview-0',1,0),(45,'/lpmteropong/visi-misi/?customize_changeset_uuid=222c04b3-aa8d-4961-b2e8-c566808d7166&customize_theme=twentyseventeen&customize_messenger_channel=preview-1&customize_autosaved=on',1,49),(46,'/lpmteropong/visi-misi-2/',1,83),(47,'/lpmteropong/?customize_changeset_uuid=51ac8953-7ffe-4ebc-bacb-26be23210ad5&customize_theme=twentyseventeen&customize_messenger_channel=preview-0',1,0),(48,'/lpmteropong/?customize_changeset_uuid=51ac8953-7ffe-4ebc-bacb-26be23210ad5&customize_theme=twentyseventeen&customize_messenger_channel=preview-1&customize_autosaved=on',1,0),(49,'/lpmteropong/?customize_changeset_uuid=51ac8953-7ffe-4ebc-bacb-26be23210ad5&customize_theme=twentyseventeen&customize_messenger_channel=preview-2&customize_autosaved=on',1,0),(50,'/lpmteropong/?customize_changeset_uuid=51ac8953-7ffe-4ebc-bacb-26be23210ad5&customize_theme=twentyseventeen&customize_messenger_channel=preview-3&customize_autosaved=on',1,0),(51,'/lpmteropong/profil-2/?customize_changeset_uuid=1244c53b-c659-46a3-9eb9-18d51a1d0880&customize_theme=twentyseventeen&customize_messenger_channel=preview-4&customize_autosaved=on',1,86),(52,'/lpmteropong/profil-2/?customize_changeset_uuid=1244c53b-c659-46a3-9eb9-18d51a1d0880&customize_theme=twentyseventeen&customize_messenger_channel=preview-5&customize_autosaved=on',1,86),(53,'/lpmteropong/sejarah/?customize_changeset_uuid=1244c53b-c659-46a3-9eb9-18d51a1d0880&customize_theme=twentyseventeen&customize_messenger_channel=preview-6&customize_autosaved=on',1,48),(54,'/lpmteropong/profil-2/?customize_changeset_uuid=1244c53b-c659-46a3-9eb9-18d51a1d0880&customize_theme=twentyseventeen&customize_messenger_channel=preview-7&customize_autosaved=on',1,86),(55,'/lpmteropong/?customize_changeset_uuid=eceafd5c-de6c-40aa-80da-59cc6a084285&customize_theme=twentyseventeen&customize_messenger_channel=preview-0',1,0),(56,'/lpmteropong/sejarah/?customize_changeset_uuid=eceafd5c-de6c-40aa-80da-59cc6a084285&customize_theme=twentyseventeen&customize_messenger_channel=preview-1&customize_autosaved=on',1,48),(57,'/lpmteropong/visi-misi-2/?customize_changeset_uuid=eceafd5c-de6c-40aa-80da-59cc6a084285&customize_theme=twentyseventeen&customize_messenger_channel=preview-2&customize_autosaved=on',1,83),(58,'/lpmteropong/?customize_changeset_uuid=86629679-8ae9-490a-add2-681a97ffe256&customize_theme=twentyseventeen&customize_messenger_channel=preview-0',1,0),(59,'/lpmteropong/profil-2/',48,86),(60,'/lpmteropong/2018/05/21/sejarah/',1,73),(61,'/lpmteropong/?customize_changeset_uuid=96130d52-2803-4cef-914f-8ba578696330&customize_theme=twentyseventeen&customize_messenger_channel=preview-0',1,0),(62,'/lpmteropong/?customize_changeset_uuid=86db152c-93ef-41a3-b6c2-55d0ca41eddd&customize_theme=twentyseventeen&customize_messenger_channel=preview-0',3,0),(63,'/lpmteropong/?customize_changeset_uuid=65878f32-b7f1-4066-8d87-7abae13b0125&customize_theme=twentyseventeen&customize_messenger_channel=preview-0',1,0),(64,'/lpmteropong/?customize_changeset_uuid=720eb0b6-77b5-483b-a02b-e11ec1322b61&customize_theme=twentyseventeen&customize_messenger_channel=preview-0',1,0),(65,'/lpmteropong/?customize_changeset_uuid=9a7e2ae8-0764-4a72-b0ce-137f54db57c4&customize_theme=twentyseventeen&customize_messenger_channel=preview-1&customize_autosaved=on',1,0),(66,'/lpmteropong/2018/05/21/visi-misi/',57,117),(67,'/lpmteropong/?customize_changeset_uuid=bcf1c080-edfc-42f2-bcd7-459604b2a9ef&customize_theme=twentyseventeen&customize_messenger_channel=preview-0',2,0),(68,'/lpmteropong/struktur-organisasi/',39,50),(69,'/lpmteropong/galeri/',38,36),(70,'/lpmteropong/blog/',49,33),(71,'/lpmteropong/2018/05/',9,0),(72,'/lpmteropong/2018/09/19/minimnya-minat-berorganisasi-di-kampus-apmd/',43,134),(73,'/lpmteropong/2018/09/20/organisasi-kita-oleh-agustinus-sakro/',32,139),(74,'/lpmteropong/2018/09/20/perkenalan-lembaga-pers-mahasiswa-teropong-sekolah-tinggi-pebangunan-masyarakat-desa-apmd-yogykarta-cerdas-mengungkap-realitas/',35,141),(75,'/lpmteropong/2018/09/20/perkenalan-lembaga-pers-mahasiswa-teropong-sekolah-tinggi-pebangunan-masyarakat-desa-apmd-yogykarta-cerdas-mengungkap-realitas/undefined',1,0),(76,'/lpmteropong/visi-misi/',3,49),(77,'/lpmteropong/visi-misi/undefined',1,0),(78,'/lpmteropong/sejarah/',18,48),(79,'/lpmteropong/kontak/',28,44),(80,'/lpmteropong/pelayanan-buruk-hak-mahasiswa-tidak-terpenuhi-oleh-carollina-bella-viesta/',5,127),(81,'/lpmteropong/2018/09/19/pelayanan-buruk-hak-mahasiswa-tidak-terpenuhi/',64,131),(82,'/lpmteropong/laman-contoh/',2,2),(83,'/lpmteropong/2018/09/',22,0),(84,'/lpmteropong/2018/05/21/visi-misi/99999%27 union select unhex(hex(version())) -- %27x%27=%27x',1,0),(85,'/lpmteropong/2018/05/21/visi-misi/99999%22 union select unhex(hex(version())) -- %22x%22=%22x',1,0),(86,'/lpmteropong/category/tak-berkategori/',11,0),(87,'/lpmteropong/2018/09/20/perkenalan-lembaga-pers-mahasiswa-teropong-sekolah-tinggi-pebangunan-masyarakat-desa-apmd-yogykarta-cerdas-mengungkap-realitas/ and 1%3D1',1,0),(88,'/lpmteropong/2018/05/21/visi-misi/%27 or (1,2)=(select*from(select name_const(CHAR(82,119,118,86,90,85,102,75,90),1),name_const(CHAR(82,119,118,86,90,85,102,75,90),1))a) -- %27x%27=%27x',1,0),(89,'/lpmteropong/wp-login.php2121121121212.1',1,0),(90,'/lpmteropong/comments/feed/2121121121212.1',1,0),(91,'/lpmteropong/2018/09/%27 and %27x%27%3D%27x',1,0),(92,'/lpmteropong/2018/09/20/perkenalan-lembaga-pers-mahasiswa-teropong-sekolah-tinggi-pebangunan-masyarakat-desa-apmd-yogykarta-cerdas-mengungkap-realitas/%27 and %27x%27%3D%27y',1,0),(93,'/lpmteropong/category/tak-berkategori/ and 1%3E1',1,0),(94,'/lpmteropong/wp-login.php99999%27 union select unhex(hex(version())) -- %27x%27=%27x',1,0),(95,'/lpmteropong/comments/feed/99999%22 union select unhex(hex(version())) -- %22x%22=%22x',1,0),(96,'/lpmteropong/2018/09/%27 and %27x%27%3D%27y',1,0),(97,'/lpmteropong/2018/09/20/perkenalan-lembaga-pers-mahasiswa-teropong-sekolah-tinggi-pebangunan-masyarakat-desa-apmd-yogykarta-cerdas-mengungkap-realitas/\\\" and \\\"x\\\"%3D\\\"x',1,0),(98,'/lpmteropong/category/tak-berkategori/%27 and %27x%27%3D%27x',1,0),(99,'/lpmteropong/wp-login.php or (1,2)=(select*from(select name_const(CHAR(112,103,73,76,67,98,111,107,81,86,119,85),1),name_const(CHAR(112,103,73,76,67,98,111,107,81,86,119,85),1))a) -- and 1%3D1',1,0),(100,'/lpmteropong/comments/feed/%22 or (1,2)=(select*from(select name_const(CHAR(122,72,80,73,81,113,113,72,113,122),1),name_const(CHAR(122,72,80,73,81,113,113,72,113,122),1))a) -- %22x%22=%22x',1,0),(101,'/lpmteropong/2018/09/\\\" and \\\"x\\\"%3D\\\"x',1,0),(102,'/lpmteropong/2018/09/20/perkenalan-lembaga-pers-mahasiswa-teropong-sekolah-tinggi-pebangunan-masyarakat-desa-apmd-yogykarta-cerdas-mengungkap-realitas/%22 and %22x%22%3D%22y',1,0),(103,'/lpmteropong/category/tak-berkategori/%27 and %27x%27%3D%27y',1,0),(104,'/lpmteropong/wp-login.php%27 or (1,2)=(select*from(select name_const(CHAR(112,103,73,76,67,98,111,107,81,86,119,85),1),name_const(CHAR(112,103,73,76,67,98,111,107,81,86,119,85),1))a) -- %27x%27=%27x',1,0),(105,'/lpmteropong/2018/09/%22 and %22x%22%3D%22y',1,0),(106,'/lpmteropong/2018/09/20/perkenalan-lembaga-pers-mahasiswa-teropong-sekolah-tinggi-pebangunan-masyarakat-desa-apmd-yogykarta-cerdas-mengungkap-realitas/ AND 1=1',1,0),(107,'/lpmteropong/category/tak-berkategori/\\\" and \\\"x\\\"%3D\\\"x',1,0),(108,'/lpmteropong/wp-login.php%22 or (1,2)=(select*from(select name_const(CHAR(112,103,73,76,67,98,111,107,81,86,119,85),1),name_const(CHAR(112,103,73,76,67,98,111,107,81,86,119,85),1))a) -- %22x%22=%22x',1,0),(109,'/lpmteropong/2018/09/999999.1 union select unhex(hex(version())) -- and 1%3D1',1,0),(110,'/lpmteropong/2018/09/20/perkenalan-lembaga-pers-mahasiswa-teropong-sekolah-tinggi-pebangunan-masyarakat-desa-apmd-yogykarta-cerdas-mengungkap-realitas/1111111111111 UNION SELECT CHAR(45,120,49,45,81,45),CHAR(45,120,50,45,81,45) --  /*',1,0),(111,'/lpmteropong/category/tak-berkategori/%22 AND %22x%22=%22x',1,0),(112,'/lpmteropong/2018/09/99999%27 union select unhex(hex(version())) -- %27x%27=%27x',1,0),(113,'/lpmteropong/2018/09/20/perkenalan-lembaga-pers-mahasiswa-teropong-sekolah-tinggi-pebangunan-masyarakat-desa-apmd-yogykarta-cerdas-mengungkap-realitas/1111111111111 UNION SELECT CHAR(45,120,49,45,81,45),CHAR(45,120,50,45,81,45),CHAR(45,120,51,45,81,45),CH',1,0),(114,'/lpmteropong/category/tak-berkategori/1111111111111 UNION SELECT CHAR(45,120,49,45,81,45),CHAR(45,120,50,45,81,45),CHAR(45,120,51,45,81,45) --  /*',1,0),(115,'/lpmteropong/2018/09/99999%22 union select unhex(hex(version())) -- %22x%22=%22x',1,0),(117,'/lpmteropong/category/tak-berkategori/1111111111111 UNION SELECT CHAR(45,120,49,45,81,45),CHAR(45,120,50,45,81,45),CHAR(45,120,51,45,81,45),CHAR(45,120,52,45,81,45) --  /*',1,0),(119,'/lpmteropong/2018/09/ or (1,2)=(select*from(select name_const(CHAR(110,122,120,77,69,107,112,103,112),1),name_const(CHAR(110,122,120,77,69,107,112,103,112),1))a) -- and 1%3D1',1,0),(120,'/lpmteropong/category/tak-berkategori/1111111111111 UNION SELECT CHAR(45,120,49,45,81,45),CHAR(45,120,50,45,81,45),CHAR(45,120,51,45,81,45),CHAR(45,120,52,45,81,45),CHAR(45,120,53,45,81,45) --  /*',1,0),(122,'/lpmteropong/2018/09/%27 or (1,2)=(select*from(select name_const(CHAR(110,122,120,77,69,107,112,103,112),1),name_const(CHAR(110,122,120,77,69,107,112,103,112),1))a) -- %27x%27=%27x',1,0),(123,'/lpmteropong/category/tak-berkategori/1111111111111 UNION SELECT CHAR(45,120,49,45,81,45),CHAR(45,120,50,45,81,45),CHAR(45,120,51,45,81,45),CHAR(45,120,52,45,81,45),CHAR(45,120,53,45,81,45),CHAR(45,120,54,45,81,45),CHAR(45,120,55,45,81,45),CHAR(45,120,56,',1,0),(125,'/lpmteropong/2018/09/%22 or (1,2)=(select*from(select name_const(CHAR(110,122,120,77,69,107,112,103,112),1),name_const(CHAR(110,122,120,77,69,107,112,103,112),1))a) -- %22x%22=%22x',1,0),(147,'/lpmteropong/2018/09/20/perkenalan-lembaga-pers-mahasiswa-teropong-sekolah-tinggi-pebangunan-masyarakat-desa-apmd-yogykarta-cerdas-mengungkap-realitas/1111111111111%27 UNION SELECT CHAR(45,120,49,45,81,45) -- /* order by %27as /*',1,0),(149,'/lpmteropong/2018/09/20/perkenalan-lembaga-pers-mahasiswa-teropong-sekolah-tinggi-pebangunan-masyarakat-desa-apmd-yogykarta-cerdas-mengungkap-realitas/1111111111111%27 UNION SELECT CHAR(45,120,49,45,81,45),CHAR(45,120,50,45,81,45) -- /* order by %27as /*',1,0),(151,'/lpmteropong/2018/09/20/perkenalan-lembaga-pers-mahasiswa-teropong-sekolah-tinggi-pebangunan-masyarakat-desa-apmd-yogykarta-cerdas-mengungkap-realitas/1111111111111%27 UNION SELECT CHAR(45,120,49,45,81,45),CHAR(45,120,50,45,81,45),CHAR(45,120,51,45,81,45)',1,0),(156,'/lpmteropong/category/tak-berkategori/1111111111111%27 UNION SELECT CHAR(45,120,49,45,81,45) -- /* order by %27as /*',1,0),(158,'/lpmteropong/category/tak-berkategori/1111111111111%27 UNION SELECT CHAR(45,120,49,45,81,45),CHAR(45,120,50,45,81,45) -- /* order by %27as /*',1,0),(160,'/lpmteropong/category/tak-berkategori/1111111111111%27 UNION SELECT CHAR(45,120,49,45,81,45),CHAR(45,120,50,45,81,45),CHAR(45,120,51,45,81,45) -- /* order by %27as /*',1,0),(162,'/lpmteropong/category/tak-berkategori/1111111111111%27 UNION SELECT CHAR(45,120,49,45,81,45),CHAR(45,120,50,45,81,45),CHAR(45,120,51,45,81,45),CHAR(45,120,52,45,81,45) -- /* order by %27as /*',1,0),(164,'/lpmteropong/category/tak-berkategori/1111111111111%27 UNION SELECT CHAR(45,120,49,45,81,45),CHAR(45,120,50,45,81,45),CHAR(45,120,51,45,81,45),CHAR(45,120,52,45,81,45),CHAR(45,120,53,45,81,45) -- /* order by %27as /*',1,0),(166,'/lpmteropong/category/tak-berkategori/1111111111111%27 UNION SELECT CHAR(45,120,49,45,81,45),CHAR(45,120,50,45,81,45),CHAR(45,120,51,45,81,45),CHAR(45,120,52,45,81,45),CHAR(45,120,53,45,81,45),CHAR(45,120,54,45,81,45) -- /* order by %27as /*',1,0),(168,'/lpmteropong/category/tak-berkategori/1111111111111%27 UNION SELECT CHAR(45,120,49,45,81,45),CHAR(45,120,50,45,81,45),CHAR(45,120,51,45,81,45),CHAR(45,120,52,45,81,45),CHAR(45,120,53,45,81,45),CHAR(45,120,54,45,81,45),CHAR(45,120,55,45,81,45) -- /* order ',1,0),(170,'/lpmteropong/category/tak-berkategori/1111111111111%27 UNION SELECT CHAR(45,120,49,45,81,45),CHAR(45,120,50,45,81,45),CHAR(45,120,51,45,81,45),CHAR(45,120,52,45,81,45),CHAR(45,120,53,45,81,45),CHAR(45,120,54,45,81,45),CHAR(45,120,55,45,81,45),CHAR(45,120,',1,0),(191,'/lpmteropong/2018/09/20/perkenalan-lembaga-pers-mahasiswa-teropong-sekolah-tinggi-pebangunan-masyarakat-desa-apmd-yogykarta-cerdas-mengungkap-realitas/1111111111111%22 UNION SELECT CHAR(45,120,49,45,81,45) -- /* order by %22as /*',1,0),(193,'/lpmteropong/2018/09/20/perkenalan-lembaga-pers-mahasiswa-teropong-sekolah-tinggi-pebangunan-masyarakat-desa-apmd-yogykarta-cerdas-mengungkap-realitas/1111111111111%22 UNION SELECT CHAR(45,120,49,45,81,45),CHAR(45,120,50,45,81,45) -- /* order by %22as /*',1,0),(195,'/lpmteropong/2018/09/20/perkenalan-lembaga-pers-mahasiswa-teropong-sekolah-tinggi-pebangunan-masyarakat-desa-apmd-yogykarta-cerdas-mengungkap-realitas/1111111111111%22 UNION SELECT CHAR(45,120,49,45,81,45),CHAR(45,120,50,45,81,45),CHAR(45,120,51,45,81,45)',1,0),(206,'/lpmteropong/category/tak-berkategori/1111111111111%22 UNION SELECT CHAR(45,120,49,45,81,45) -- /* order by %22as /*',1,0),(208,'/lpmteropong/category/tak-berkategori/1111111111111%22 UNION SELECT CHAR(45,120,49,45,81,45),CHAR(45,120,50,45,81,45) -- /* order by %22as /*',1,0),(210,'/lpmteropong/category/tak-berkategori/1111111111111%22 UNION SELECT CHAR(45,120,49,45,81,45),CHAR(45,120,50,45,81,45),CHAR(45,120,51,45,81,45) -- /* order by %22as /*',1,0),(212,'/lpmteropong/category/tak-berkategori/1111111111111%22 UNION SELECT CHAR(45,120,49,45,81,45),CHAR(45,120,50,45,81,45),CHAR(45,120,51,45,81,45),CHAR(45,120,52,45,81,45) -- /* order by %22as /*',1,0),(214,'/lpmteropong/category/tak-berkategori/1111111111111%22 UNION SELECT CHAR(45,120,49,45,81,45),CHAR(45,120,50,45,81,45),CHAR(45,120,51,45,81,45),CHAR(45,120,52,45,81,45),CHAR(45,120,53,45,81,45) -- /* order by %22as /*',1,0),(216,'/lpmteropong/category/tak-berkategori/1111111111111%22 UNION SELECT CHAR(45,120,49,45,81,45),CHAR(45,120,50,45,81,45),CHAR(45,120,51,45,81,45),CHAR(45,120,52,45,81,45),CHAR(45,120,53,45,81,45),CHAR(45,120,54,45,81,45) -- /* order by %22as /*',1,0),(218,'/lpmteropong/category/tak-berkategori/1111111111111%22 UNION SELECT CHAR(45,120,49,45,81,45),CHAR(45,120,50,45,81,45),CHAR(45,120,51,45,81,45),CHAR(45,120,52,45,81,45),CHAR(45,120,53,45,81,45),CHAR(45,120,54,45,81,45),CHAR(45,120,55,45,81,45) -- /* order ',1,0),(220,'/lpmteropong/category/tak-berkategori/1111111111111%22 UNION SELECT CHAR(45,120,49,45,81,45),CHAR(45,120,50,45,81,45),CHAR(45,120,51,45,81,45),CHAR(45,120,52,45,81,45),CHAR(45,120,53,45,81,45),CHAR(45,120,54,45,81,45),CHAR(45,120,55,45,81,45),CHAR(45,120,',1,0),(237,'/lpmteropong/2018/09/20/perkenalan-lembaga-pers-mahasiswa-teropong-sekolah-tinggi-pebangunan-masyarakat-desa-apmd-yogykarta-cerdas-mengungkap-realitas/ or (1,2)=(select*from(select name_const(CHAR(103,117,116,76,121,97,116,85,80,73,122,106),1),name_const(',1,0),(239,'/lpmteropong/2018/09/20/perkenalan-lembaga-pers-mahasiswa-teropong-sekolah-tinggi-pebangunan-masyarakat-desa-apmd-yogykarta-cerdas-mengungkap-realitas/%27 or (1,2)=(select*from(select name_const(CHAR(103,117,116,76,121,97,116,85,80,73,122,106),1),name_con',1,0),(241,'/lpmteropong/2018/09/20/perkenalan-lembaga-pers-mahasiswa-teropong-sekolah-tinggi-pebangunan-masyarakat-desa-apmd-yogykarta-cerdas-mengungkap-realitas/%22 or (1,2)=(select*from(select name_const(CHAR(103,117,116,76,121,97,116,85,80,73,122,106),1),name_con',1,0),(243,'/lpmteropong/2018/09/20/perkenalan-lembaga-pers-mahasiswa-teropong-sekolah-tinggi-pebangunan-masyarakat-desa-apmd-yogykarta-cerdas-mengungkap-realitas/999999.1 union select unhex(hex(version())) -- and 1%3D1',1,0),(245,'/lpmteropong/2018/09/20/perkenalan-lembaga-pers-mahasiswa-teropong-sekolah-tinggi-pebangunan-masyarakat-desa-apmd-yogykarta-cerdas-mengungkap-realitas/99999%22 union select unhex(hex(version())) -- %22x%22=%22x',1,0),(248,'/lpmteropong/category/tak-berkategori/ or (1,2)=(select*from(select name_const(CHAR(120,72,72,115,101,100,106,122,86,107,118),1),name_const(CHAR(120,72,72,115,101,100,106,122,86,107,118),1))a) -- and 1%3D1',1,0),(249,'/lpmteropong/category/tak-berkategori/%27 or (1,2)=(select*from(select name_const(CHAR(120,72,72,115,101,100,106,122,86,107,118),1),name_const(CHAR(120,72,72,115,101,100,106,122,86,107,118),1))a) -- %27x%27=%27x',1,0),(250,'/lpmteropong/category/tak-berkategori/%22 or (1,2)=(select*from(select name_const(CHAR(120,72,72,115,101,100,106,122,86,107,118),1),name_const(CHAR(120,72,72,115,101,100,106,122,86,107,118),1))a) -- %22x%22=%22x',1,0),(251,'/lpmteropong/category/tak-berkategori/99999%27 union select unhex(hex(version())) -- %27x%27=%27x',1,0),(252,'/lpmteropong/category/tak-berkategori/99999%22 union select unhex(hex(version())) -- %22x%22=%22x',1,0),(253,'/lpmteropong/%23content',2,0),(254,'/lpmteropong/a,c.defer=c.type=',1,0),(255,'/lpmteropong/blog/a,c.defer=c.type=',1,0),(256,'/lpmteropong/galeri/a,c.defer=c.type=',1,0),(257,'/lpmteropong/2018/05/a,c.defer=c.type=',1,0),(258,'/lpmteropong/2018/09/19/pelayanan-buruk-hak-mahasiswa-tidak-terpenuhi/a,c.defer=c.type=',1,0),(259,'/lpmteropong/author/lpmteropong/',4,0),(260,'/lpmteropong/struktur-organisasi/a,c.defer=c.type=',1,0),(261,'/lpmteropong/kontak/a,c.defer=c.type=',1,0),(262,'/lpmteropong/profil-2/a,c.defer=c.type=',1,0),(263,'/lpmteropong/2018/09/19/minimnya-minat-berorganisasi-di-kampus-apmd/a,c.defer=c.type=',1,0),(264,'/lpmteropong/2018/09/20/organisasi-kita-oleh-agustinus-sakro/a,c.defer=c.type=',1,0),(265,'/lpmteropong/2018/05/21/visi-misi/a,c.defer=c.type=',1,0),(266,'/lpmteropong/2018/09/a,c.defer=c.type=',1,0),(267,'/lpmteropong/category/tak-berkategori/a,c.defer=c.type=',1,0),(268,'/lpmteropong/2018/09/20/perkenalan-lembaga-pers-mahasiswa-teropong-sekolah-tinggi-pebangunan-masyarakat-desa-apmd-yogykarta-cerdas-mengungkap-realitas/a,c.defer=c.type=',1,0),(269,'/lpmteropong/sejarah/a,c.defer=c.type=',1,0),(270,'/lpmteropong/author/lpmteropong/a,c.defer=c.type=',1,0),(271,'/lpmteropong/?p=FUZZ',1,0),(272,'/lpmteropong/authorn\\\"eoxlxw\\\'u/lpmteropong/',1,0),(273,'/lpmteropong/authorn%22eoxlxw%27u/lpmteropong/',1,0),(274,'/lpmteropong/2018/09/20/organisasi-kita-oleh-agustinus-sakroqxq\\\"z\\\'yrja/',1,0),(275,'/lpmteropong/2018/09/20/organisasi-kita-oleh-agustinus-sakroqxq%22z%27yrja/',1,0),(276,'/lpmteropong/?s=onibus',1,0),(277,'/lpmteropong/?s=omnibus',1,0);

--
-- Table structure for table `kbm_19_Counterize_Referers`
--

CREATE TABLE `kbm_19_Counterize_Referers` (
  `refererID` int(11) NOT NULL AUTO_INCREMENT,
  `name` varchar(255) NOT NULL,
  `count` int(11) NOT NULL DEFAULT '1',
  `keywordID` int(11) NOT NULL,
  PRIMARY KEY (`refererID`),
  UNIQUE KEY `name` (`name`),
  KEY `count` (`count`),
  KEY `keywordID` (`keywordID`)
) ENGINE=InnoDB AUTO_INCREMENT=111 DEFAULT CHARSET=latin1;

--
-- Dumping data for table `kbm_19_Counterize_Referers`
--

INSERT INTO `kbm_19_Counterize_Referers` VALUES (1,'http://kbm.apmd.ac.id/',61,1),(2,'http://kbm.apmd.ac.id/?page_id=134',1,1),(3,'http://kbm.apmd.ac.id/lpmteropong/wp-admin/tools.php',1,1),(4,'http://kbm.apmd.ac.id/lpmteropong/wp-admin/customize.php',12,1),(5,'http://kbm.apmd.ac.id/lpmteropong/wp-admin/widgets.php',1,1),(6,'http://kbm.apmd.ac.id/lpmteropong/wp-admin/customize.php?return=%2Flpmteropong%2Fwp-admin%2Fthemes.php',17,1),(7,'http://kbm.apmd.ac.id/lpmteropong/wp-admin/customize.php?theme=twentyseventeen&return=http%3A%2F%2Fkbm.apmd.ac.id%2Flpmteropong%2Fwp-admin%2Fthemes.php',3,1),(8,'http://kbm.apmd.ac.id/?tag=drs-yb-widyo-hari-murdianto',1,1),(9,'http://kbm.apmd.ac.id/lpmteropong/wp-admin/customize.php?return=%2Flpmteropong%2Fwp-admin%2Fedit.php',3,1),(10,'http://kbm.apmd.ac.id/lpmteropong/wp-admin/customize.php?return=%2Flpmteropong%2Fwp-admin%2Fnav-menus.php%3Faction%3Dedit%26menu%3D0',13,1),(11,'http://kbm.apmd.ac.id/lpmteropong/wp-admin/customize.php?return=%2Flpmteropong%2Fwp-admin%2Fnav-menus.php',3,1),(12,'http://kbm.apmd.ac.id/lpmteropong/wp-admin/nav-menus.php',1,1),(13,'http://kbm.apmd.ac.id/lpmteropong/',57,1),(14,'http://kbm.apmd.ac.id/lpmteropong/wp-admin/customize.php?return=%2Flpmteropong%2Fwp-admin%2Fpost.php%3Fpost%3D73%26action%3Dedit',8,1),(15,'unknown',660,1),(16,'http://kbm.apmd.ac.id/lpmteropong/wp-admin/customize.php?return=%2Flpmteropong%2Fwp-admin%2Fpost.php%3Fpost%3D35%26action%3Dedit',2,1),(17,'http://kbm.apmd.ac.id/lpmteropong/wp-admin/post.php?post=83&action=edit',1,1),(18,'http://kbm.apmd.ac.id/lpmteropong/wp-admin/customize.php?return=%2Flpmteropong%2Fwp-admin%2Fpost.php%3Fpost%3D83%26action%3Dedit',11,1),(19,'http://kbm.apmd.ac.id/lpmteropong/wp-admin/post.php?post=73&action=edit',2,1),(20,'http://kbm.apmd.ac.id/lpmteropong/profil-2/',18,1),(21,'http://kbm.apmd.ac.id/lpmteropong/wp-admin/edit.php',9,1),(22,'http://kbm.apmd.ac.id/lpmteropong/wp-admin/post.php?post=117&action=edit',1,1),(23,'http://kbm.apmd.ac.id/lpmteropong/wp-admin/customize.php?return=%2Flpmteropong%2Fwp-admin%2Fpost.php%3Fpost%3D117%26action%3Dedit',2,1),(24,'http://kbm.apmd.ac.id/lpmteropong/2018/05/21/visi-misi/',6,1),(25,'http://www.baidu.com/s?wd=UYF',1,2),(26,'http://kbm.apmd.ac.id/?p=217',2,1),(27,'http://kbm.apmd.ac.id/lpmteropong/galeri/',14,1),(28,'http://kbm.apmd.ac.id/lpmteropong/blog/',25,1),(29,'https://www.google.com/',276,1),(30,'android-app://com.google.android.googlequicksearchbox',15,1),(31,'https://www.google.co.id/',54,1),(32,'http://www.baidu.com/s?wd=giantebi',1,3),(33,'http://kbm.apmd.ac.id/lpmteropong/2018/09/20/perkenalan-lembaga-pers-mahasiswa-teropong-sekolah-tinggi-pebangunan-masyarakat-desa-apmd-yogykarta-cerdas-mengungkap-realitas/',7,1),(34,'http://kbm.apmd.ac.id/lpmteropong/wp-admin/post.php?post=49&action=edit',1,1),(35,'http://kbm.apmd.ac.id/lpmteropong/visi-misi/',2,1),(36,'http://kbm.apmd.ac.id/lpmteropong/kontak/',9,1),(37,'http://kbm.apmd.ac.id/lpmteropong/pelayanan-buruk-hak-mahasiswa-tidak-terpenuhi-oleh-carollina-bella-viesta/',3,1),(38,'http://kbm.apmd.ac.id/lpmteropong/profil/',2,1),(39,'http://kbm.apmd.ac.id/lpmteropong/laman-contoh/',2,1),(40,'http://kbm.apmd.ac.id/lpmteropong/2018/09/19/pelayanan-buruk-hak-mahasiswa-tidak-terpenuhi/',6,1),(41,'http://kbm.apmd.ac.id/lpmteropong/2018/09/',6,1),(42,'http://kbm.apmd.ac.id/lpmteropong/wp-comments-post.php',4,1),(43,'http://www.baidu.com/s?wd=www',1,4),(44,'android-app://com.google.android.googlequicksearchbox/https/www.google.com',1,1),(45,'http://www.google.com/',101,1),(46,'http://kbm.apmd.ac.id/lpmteropong/2018/09/19/minimnya-minat-berorganisasi-di-kampus-apmd/',6,1),(47,'http://kbm.apmd.ac.id/lpmteropong/2018/09/20/organisasi-kita-oleh-agustinus-sakro/',5,1),(48,'http://kbm.apmd.ac.id/lpmteropong/sejarah/',5,1),(49,'http://kbm.apmd.ac.id/lpmteropong/struktur-organisasi',1,1),(50,'http://kbm.apmd.ac.id/?page_id=346',1,1),(51,'http://kbm.apmd.ac.id/lpmteropong/struktur-organisasi/',7,1),(52,'https://www.google.com',24,1),(53,'http://kbm.apmd.ac.id/lpmteropong/2018/05/',2,1),(54,'http://kbm.apmd.ac.id/lpmteropong',4,1),(55,'http://kbm.apmd.ac.id/lpmteropong/2018/05/21/sejarah/',2,1),(56,'http://kbm.apmd.ac.id/lpmteropong/?p=134',1,1),(57,'http://kbm.apmd.ac.id/lpmteropong/?p=141',1,1),(58,'http://kbm.apmd.ac.id/lpmteropong/?p=117',1,1),(59,'http://kbm.apmd.ac.id/lpmteropong/?p=139',1,1),(60,'http://kbm.apmd.ac.id/lpmteropong/?p=131',1,1),(61,'http://kbm.apmd.ac.id/lpmteropong/?p=33',1,1),(62,'http://kbm.apmd.ac.id/lpmteropong/?p=36',1,1),(63,'http://kbm.apmd.ac.id/lpmteropong/?p=50',1,1),(64,'http://kbm.apmd.ac.id/lpmteropong/?p=44',1,1),(65,'http://kbm.apmd.ac.id/lpmteropong/?p=86',1,1),(66,'http://kbm.apmd.ac.id/lpmteropong/?p=48',1,1),(67,'http://ordainment.xyz/',1,1),(68,'http://peastone.xyz/',1,1),(69,'http://fibromyxosarcoma.xyz/',1,1),(70,'http://thinglike.xyz/',1,1),(71,'http://cocksure.xyz/',1,1),(72,'http://heavenliness.xyz/',1,1),(73,'http://thaliard.xyz/',1,1),(74,'http://adaptively.xyz/',1,1),(75,'http://subfoundation.xyz/',1,1),(76,'http://premerit.xyz/',1,1),(77,'http://undidactic.best/',1,1),(78,'http://trammeled.best/',1,1),(79,'http://somepart.best/',1,1),(80,'http://futilitarian.best/',1,1),(81,'http://necrophorus.best/',1,1),(82,'https://www.soalku.my.id/search?updated-max=2017-02-02T22:32:00%2B07:00&max-results=20&start=59&by-date=false',1,1),(83,'http://s2ip.apmd.ac.id/libraries/table/dataTables.bootstrap.min.js?1584411761',1,1),(84,'http://s2ip.apmd.ac.id/js/jquery.min.js?1584411760',1,1),(85,'http://webmail.apmd.ac.id/?locale=pt_br',1,1),(86,'http://s2ip.apmd.ac.id/pengumuman/pengumuman_detail/3',1,1),(87,'http://ip.apmd.ac.id/seminar-internasional-dan-kerjasama-stpmd-apmd-yogyakarta-dengan-department-sociology-universitas-san-antonio-texas/',1,1),(88,'http://kbm.apmd.ac.id/psmdesa/wp-content/plugins/organic-customizer-widgets/public/js/organic-widgets-public.js?ver=1.2.4\\\'',1,1),(89,'http://s2ip.apmd.ac.id/pengumuman/pengumuman_detail/5',1,1),(90,'http://str.apmd.ac.id/apsi/profil-apsi/',1,1),(91,'http://jurnal.apmd.ac.id/index.php/jpmd/article/view/51',1,1),(92,'http://s2ip.apmd.ac.id/news/news_detail/1',1,1),(93,'http://jurnal.apmd.ac.id/public/journals/1/pageHeaderLogoImage_en_US.png',1,1),(94,'http://s2ip.apmd.ac.id/pengumuman/pengumuman_detail/11',1,1),(95,'http://s2ip.apmd.ac.id/repository/tesis',1,1),(96,'http://jurnal.apmd.ac.id/index.php/jpmd/issue/view/22',1,1),(97,'http://s2ip.apmd.ac.id/pengumuman/pengumuman_detail/2',1,1),(98,'http://s2ip.apmd.ac.id/pengumuman/pengumuman_detail/13',1,1),(99,'http://s2ip.apmd.ac.id/pengumuman/pengumuman_detail/12',1,1),(100,'http://kbm.apmd.ac.id/ukmtaekwondo/wp-content/themes/twentyseventeen/style.css?ver=4.9.13\\\'',1,1),(101,'http://repo.apmd.ac.id/1072/',1,1),(102,'http://ikom.apmd.ac.id/wp-admin/css/forms.min.css?ver=5.3.2\\\'',1,1),(103,'http://str.apmd.ac.id/wp-content/uploads/2018/08/Untitled-234x300.png',1,1),(104,'http://kbm.apmd.ac.id/ukmi/wp-admin/load-styles.php?c=0&amp;dir=ltr&amp;load%5B%5D=dashicons,buttons,forms,l10n,login&amp;ver=4.9.13\\\'',1,1),(105,'http://kbm.apmd.ac.id',2,1),(106,'http://kbm.apmd.ac.id/?page_id=34',1,1),(107,'android-app://com.google.android.googlequicksearchbox/',2,1),(108,'http://kbm.apmd.ac.id/lpmteropong/?s=onibus',1,1),(109,'http://kbm.apmd.ac.id/lpmteropong/?s=omnibus',1,1),(110,'https://upoint.id/',1,1);

--
-- Table structure for table `kbm_19_Counterize_UserAgents`
--

CREATE TABLE `kbm_19_Counterize_UserAgents` (
  `agentID` int(11) NOT NULL AUTO_INCREMENT,
  `name` varchar(255) NOT NULL,
  `count` int(11) NOT NULL DEFAULT '1',
  `browserName` varchar(255) NOT NULL,
  `browserCode` varchar(255) NOT NULL,
  `browserVersion` varchar(255) NOT NULL,
  `browserURL` varchar(255) NOT NULL,
  `osName` varchar(255) NOT NULL,
  `osCode` varchar(255) NOT NULL,
  `osVersion` varchar(255) NOT NULL,
  `osURL` varchar(255) NOT NULL,
  PRIMARY KEY (`agentID`),
  UNIQUE KEY `name` (`name`),
  KEY `count` (`count`)
) ENGINE=InnoDB AUTO_INCREMENT=377 DEFAULT CHARSET=latin1;

--
-- Dumping data for table `kbm_19_Counterize_UserAgents`
--

INSERT INTO `kbm_19_Counterize_UserAgents` VALUES (1,'Mozilla/5.0 (Windows NT 6.1; rv:59.0) Gecko/20100101 Firefox/59.0',1,'Mozilla Firefox','firefox','59.0','http://www.mozilla.com/firefox/','Windows','windows','7','http://windows.microsoft.com/en-US/windows7/products/home'),(2,'Mozilla/5.0 (Linux; Android 5.1.1; F1f Build/LMY47V) AppleWebKit/537.36 (KHTML, like Gecko) Chrome/50.0.2661.94 Mobile Safari/537.36 OPR/37.0.2192.105989',1,'Chrome','chrome','50.0.2661.94','http://www.google.com/chrome/','Android','android','5.1.1','http://www.android.com/'),(3,'Mozilla/5.0 (Macintosh; Intel Mac OS X 10_13_3) AppleWebKit/537.36 (KHTML, like Gecko) Chrome/65.0.3325.181 Safari/537.36',1,'Chrome','chrome','65.0.3325.181','http://www.google.com/chrome/','Mac OS','macos','X','http://www.apple.com/macosx/'),(4,'Mozilla/5.0 (Linux; Android 5.1.1; ASUS_X014D Build/LMY47V; wv) AppleWebKit/537.36 (KHTML, like Gecko) Version/4.0 Chrome/65.0.3325.109 Mobile Safari/537.36 Instagram 27.0.0.11.97 Android (22/5.1.1; 240dpi; 480x854; asus; ASUS_X014D; ASUS_X014D_2; qcom; i',1,'Chrome','chrome','65.0.3325.109','http://www.google.com/chrome/','Android','android','5.1.1','http://www.android.com/'),(5,'Mozilla/5.0 (Windows NT 10.0; WOW64; rv:56.0) Gecko/20100101 Firefox/56.0',92,'Mozilla Firefox','firefox','56.0','http://www.mozilla.com/firefox/','Windows','windows','NT','http://www.microsoft.com/windows/'),(6,'Mozilla/5.0 (Windows NT 10.0; rv:43.0) Gecko/20100101 Firefox/43.0',2,'Mozilla Firefox','firefox','43.0','http://www.mozilla.com/firefox/','Windows','windows','NT','http://www.microsoft.com/windows/'),(7,'Mozilla/4.0 (compatible; MSIE 6.0; Windows NT 5.1)',143,'Internet Explorer','ie','6.0','http://windows.microsoft.com/en-US/internet-explorer/products/ie/home','Windows','windows','XP','http://windows.microsoft.com/en-US/windows/products/windows-xp'),(8,'Mozilla/5.0 (Windows NT 6.1; WOW64; rv:43.0) Gecko/20100101 Firefox/43.0',2,'Mozilla Firefox','firefox','43.0','http://www.mozilla.com/firefox/','Windows','windows','7 64 bit','http://windows.microsoft.com/en-US/windows7/products/home'),(9,'Mozilla/5.0 (Linux; Android 6.0.1; vivo 1606 Build/MMB29M) AppleWebKit/537.36 (KHTML, like Gecko) Chrome/65.0.3325.109 Mobile Safari/537.36',7,'Chrome','chrome','65.0.3325.109','http://www.google.com/chrome/','Android','android','6.0.1','http://www.android.com/'),(10,'Mozilla/5.0 (Windows NT 6.1; rv:61.0) Gecko/20100101 Firefox/61.0',9,'Mozilla Firefox','firefox','61.0','http://www.mozilla.com/firefox/','Windows','windows','7','http://windows.microsoft.com/en-US/windows7/products/home'),(11,'Mozilla/5.0 (Windows NT 10.0; WOW64; rv:61.0) Gecko/20100101 Firefox/61.0',2,'Mozilla Firefox','firefox','61.0','http://www.mozilla.com/firefox/','Windows','windows','NT','http://www.microsoft.com/windows/'),(12,'Mozilla/5.0 (Linux; Android 6.0.1; Redmi 3S Build/MMB29M) AppleWebKit/537.36 (KHTML, like Gecko) Chrome/68.0.3440.91 Mobile Safari/537.36',7,'Chrome','chrome','68.0.3440.91','http://www.google.com/chrome/','Android','android','6.0.1','http://www.android.com/'),(13,'Mozilla/5.0 (Linux; Android 6.0; CRO-L22 Build/HUAWEICRO-L22) AppleWebKit/537.36 (KHTML, like Gecko) Chrome/52.0.2743.98 Mobile Safari/537.36',1,'Chrome','chrome','52.0.2743.98','http://www.google.com/chrome/','Android','android','6.0','http://www.android.com/'),(14,'Mozilla/5.0 (Linux; Android 4.4.2; T1 7.0 Build/HuaweiMediaPad) AppleWebKit/537.36 (KHTML, like Gecko) Version/4.0 Chrome/30.0.0.0 Safari/537.36',11,'Chrome','chrome','30.0.0.0','http://www.google.com/chrome/','Android','android','4.4.2','http://www.android.com/'),(15,'Mozilla/5.0 Moreover/5.1 (+http://www.moreover.com)',1,'Unknown','unknown','','','Unknown','unknown','',''),(16,'Mozilla/5.0 (Linux; Android 5.1.1; SAMSUNG SM-G531H Build/LMY48B) AppleWebKit/537.36 (KHTML, like Gecko) SamsungBrowser/3.3 Chrome/38.0.2125.102 Mobile Safari/537.36',2,'Chrome','chrome','38.0.2125.102','http://www.google.com/chrome/','Android','android','5.1.1','http://www.android.com/'),(17,'Mozilla/5.0 (Windows NT 10.0; WOW64; rv:63.0) Gecko/20100101 Firefox/63.0',16,'Mozilla Firefox','firefox','63.0','http://www.mozilla.com/firefox/','Windows','windows','NT','http://www.microsoft.com/windows/'),(18,'Mozilla/5.0 (Linux; Android 5.1.1; A37f Build/LMY47V) AppleWebKit/537.36 (KHTML, like Gecko) Chrome/69.0.3497.100 Mobile Safari/537.36',40,'Chrome','chrome','69.0.3497.100','http://www.google.com/chrome/','Android','android','5.1.1','http://www.android.com/'),(19,'Mozilla/5.0 (Linux; Android 7.1.2; Redmi 4A Build/N2G47H) AppleWebKit/537.36 (KHTML, like Gecko) Chrome/69.0.3497.100 Mobile Safari/537.36',21,'Chrome','chrome','69.0.3497.100','http://www.google.com/chrome/','Android','android','7.1.2','http://www.android.com/'),(20,'Mozilla/5.0 (Linux; Android 4.2.1; en-us; Nexus 5 Build/JOP40D) AppleWebKit/535.19 (KHTML, like Gecko; googleweblight) Chrome/38.0.1025.166 Mobile Safari/535.19',52,'Chrome','chrome','38.0.1025.166','http://www.google.com/chrome/','Android','android','4.2.1','http://www.android.com/'),(21,'Mozilla/5.0 (Linux; U; Android 4.0.3; en-us; LG-L160L Build/IML74K) AppleWebkit/537.36 (KHTML, like Gecko) Version/4.0 Chrome/41.0.2272.118 Mobile Safari/537.36',1,'Chrome','chrome','41.0.2272.118','http://www.google.com/chrome/','Android','android','4.0.3','http://www.android.com/'),(22,'Mozilla/5.0 (Linux; Android 7.1.1; CPH1801 Build/NMF26F) AppleWebKit/537.36 (KHTML, like Gecko) Chrome/68.0.3440.91 Mobile Safari/537.36',1,'Chrome','chrome','68.0.3440.91','http://www.google.com/chrome/','Android','android','7.1.1','http://www.android.com/'),(23,'Mozilla/5.0 (Linux; Android 7.1.1; CPH1725 Build/N6F26Q) AppleWebKit/537.36 (KHTML, like Gecko) Chrome/61.0.3163.98 Mobile Safari/537.36',1,'Chrome','chrome','61.0.3163.98','http://www.google.com/chrome/','Android','android','7.1.1','http://www.android.com/'),(24,'Mozilla/5.0 (Linux; Android 6.0.1; vivo 1606 Build/MMB29M) AppleWebKit/537.36 (KHTML, like Gecko) Chrome/66.0.3359.158 Mobile Safari/537.36',10,'Chrome','chrome','66.0.3359.158','http://www.google.com/chrome/','Android','android','6.0.1','http://www.android.com/'),(25,'Mozilla/5.0 (Linux; Android 6.0.1; SM-J700F Build/MMB29K) AppleWebKit/537.36 (KHTML, like Gecko) Chrome/68.0.3440.91 Mobile Safari/537.36',1,'Chrome','chrome','68.0.3440.91','http://www.google.com/chrome/','Android','android','6.0.1','http://www.android.com/'),(26,'Mozilla/5.0 (Windows NT 6.1; WOW64) AppleWebKit/537.36 (KHTML, like Gecko) Chrome/66.0.3359.117 Safari/537.36',3,'Chrome','chrome','66.0.3359.117','http://www.google.com/chrome/','Windows','windows','7 64 bit','http://windows.microsoft.com/en-US/windows7/products/home'),(27,'Mozilla/5.0 (Windows NT 6.1) AppleWebKit/537.36 (KHTML, like Gecko) Chrome/66.0.3355.4 Safari/537.36',9,'Chrome','chrome','66.0.3355.4','http://www.google.com/chrome/','Windows','windows','7','http://windows.microsoft.com/en-US/windows7/products/home'),(28,'Mozilla/5.0 (Linux; Android 5.1.1; Lenovo A6020a40 Build/LMY47V) AppleWebKit/537.36 (KHTML, like Gecko) Chrome/68.0.3440.91 Mobile Safari/537.36',2,'Chrome','chrome','68.0.3440.91','http://www.google.com/chrome/','Android','android','5.1.1','http://www.android.com/'),(29,'Mozilla/5.0 (Linux; Android 5.1.1; Lenovo A6020a46 Build/LMY47V) AppleWebKit/537.36 (KHTML, like Gecko) Chrome/62.0.3202.84 Mobile Safari/537.36',1,'Chrome','chrome','62.0.3202.84','http://www.google.com/chrome/','Android','android','5.1.1','http://www.android.com/'),(30,'Mozilla/5.0 (Linux; Android 4.4.2; T1 7.0 Build/HuaweiMediaPad) AppleWebKit/537.36 (KHTML, like Gecko) Chrome/68.0.3440.91 Safari/537.36',3,'Chrome','chrome','68.0.3440.91','http://www.google.com/chrome/','Android','android','4.4.2','http://www.android.com/'),(31,'Mozilla/5.0 (Windows NT 6.1; Win64; x64; rv:47.0) Gecko/20100101 Firefox/47.0 Cyberfox/47.0.2',1,'Mozilla Firefox','firefox','47.0','http://www.mozilla.com/firefox/','Windows','windows','7 64 bit','http://windows.microsoft.com/en-US/windows7/products/home'),(32,'Mozilla/5.0 (Windows NT 6.1; WOW64) AppleWebKit/537.36 (KHTML, like Gecko) Chrome/61.0.3163.79 Safari/537.36 Maxthon/5.2.1.5000',1,'Maxthon','maxthon','5.2.1.5000','http://www.maxthon.com/','Windows','windows','7 64 bit','http://windows.microsoft.com/en-US/windows7/products/home'),(33,'Mozilla/5.0 (Windows NT 6.1; Win64; x64) AppleWebKit/537.36 (KHTML, like Gecko) Chrome/66.0.3359.117 Safari/537.36',4,'Chrome','chrome','66.0.3359.117','http://www.google.com/chrome/','Windows','windows','7 64 bit','http://windows.microsoft.com/en-US/windows7/products/home'),(34,'Mozilla/5.0 (Windows NT 6.1) AppleWebKit/537.36 (KHTML, like Gecko) Chrome/66.0.3359.117 Safari/537.36',12,'Chrome','chrome','66.0.3359.117','http://www.google.com/chrome/','Windows','windows','7','http://windows.microsoft.com/en-US/windows7/products/home'),(35,'Mozilla/5.0 (Linux; Android 6.0.1; SOV33 Build/35.0.D.0.326) AppleWebKit/537.36 (KHTML, like Gecko)Chrome/49.0.2623.91 Mobile Safari/537.36',1,'Chrome','chrome','49.0.2623.91','http://www.google.com/chrome/','Android','android','6.0.1','http://www.android.com/'),(36,'Mozilla/5.0 (Windows NT 6.1) AppleWebKit/537.36 (KHTML, like Gecko) Chrome/67.0.3396.99 Safari/537.36',2,'Chrome','chrome','67.0.3396.99','http://www.google.com/chrome/','Windows','windows','7','http://windows.microsoft.com/en-US/windows7/products/home'),(37,'Mozilla/5.0 (Android 5.1.1; Mobile; rv:57.0) Gecko/57.0 Firefox/57.0',1,'Mozilla Firefox','firefox','57.0','http://www.mozilla.com/firefox/','Android','android','5.1.1','http://www.android.com/'),(38,'Mozilla/5.0 (Linux; Android 7.1.1; SM-C710F Build/NMF26X) AppleWebKit/537.36 (KHTML, like Gecko) Chrome/69.0.3497.100 Mobile Safari/537.36',1,'Chrome','chrome','69.0.3497.100','http://www.google.com/chrome/','Android','android','7.1.1','http://www.android.com/'),(39,'Mozilla/5.0 (Windows NT 6.1; WOW64; rv:62.0) Gecko/20100101 Firefox/62.0',9,'Mozilla Firefox','firefox','62.0','http://www.mozilla.com/firefox/','Windows','windows','7 64 bit','http://windows.microsoft.com/en-US/windows7/products/home'),(40,'Mozilla/5.0 (Linux; Android 5.1; A1601 Build/LMY47I) AppleWebKit/537.36 (KHTML, like Gecko) Chrome/68.0.3440.91 Mobile Safari/537.36',3,'Chrome','chrome','68.0.3440.91','http://www.google.com/chrome/','Android','android','5.1','http://www.android.com/'),(41,'Mozilla/5.0 (Linux; Android 8.1.0; CPH1803 Build/OPM1.171019.026) AppleWebKit/537.36 (KHTML, like Gecko) Chrome/66.0.3359.126 Mobile Safari/537.36',2,'Chrome','chrome','66.0.3359.126','http://www.google.com/chrome/','Android','android','8.1.0','http://www.android.com/'),(42,'Mozilla/5.0 (Linux; Android 6.0.1; SAMSUNG SM-G532G Build/MMB29T) AppleWebKit/537.36 (KHTML, like Gecko) SamsungBrowser/4.2 Chrome/44.0.2403.133 Mobile Safari/537.36',2,'Chrome','chrome','44.0.2403.133','http://www.google.com/chrome/','Android','android','6.0.1','http://www.android.com/'),(43,'Mozilla/5.0 (Linux; Android 8.0.0; SM-J400F) AppleWebKit/537.36 (KHTML, like Gecko) Chrome/70.0.3538.64 Mobile Safari/537.36',1,'Chrome','chrome','70.0.3538.64','http://www.google.com/chrome/','Android','android','8.0.0','http://www.android.com/'),(44,'Mozilla/5.0 (Windows NT 10.0; Win64; x64; rv:63.0) Gecko/20100101 Firefox/63.0',16,'Mozilla Firefox','firefox','63.0','http://www.mozilla.com/firefox/','Windows','windows','NT','http://www.microsoft.com/windows/'),(45,'Mozilla/5.0 (Linux; Android 8.1.0; vivo 1724 Build/OPM1.171019.011) AppleWebKit/537.36 (KHTML, like Gecko) Chrome/69.0.3497.100 Mobile Safari/537.36',8,'Chrome','chrome','69.0.3497.100','http://www.google.com/chrome/','Android','android','8.1.0','http://www.android.com/'),(46,'Mozilla/5.0 (Linux; Android 5.1; A33w Build/LMY47I; wv) AppleWebKit/537.36 (KHTML, like Gecko) Version/4.0 Chrome/69.0.3497.100 Mobile Safari/537.36',8,'Chrome','chrome','69.0.3497.100','http://www.google.com/chrome/','Android','android','5.1','http://www.android.com/'),(47,'Mozilla/5.0 (Linux; Android 6.0.1; Redmi 4X Build/MMB29M) AppleWebKit/537.36 (KHTML, like Gecko) Chrome/63.0.3239.111 Mobile Safari/537.36',10,'Chrome','chrome','63.0.3239.111','http://www.google.com/chrome/','Android','android','6.0.1','http://www.android.com/'),(48,'Mozilla/5.0 (Linux; Android 8.1.0; vivo 1718 Build/OPM1.171019.011) AppleWebKit/537.36 (KHTML, like Gecko) Chrome/69.0.3497.100 Mobile Safari/537.36',1,'Chrome','chrome','69.0.3497.100','http://www.google.com/chrome/','Android','android','8.1.0','http://www.android.com/'),(49,'Mozilla/5.0 (Windows NT 10.0; Win64; x64) AppleWebKit/537.36 (KHTML, like Gecko) Chrome/70.0.3538.77 Safari/537.36',2,'Chrome','chrome','70.0.3538.77','http://www.google.com/chrome/','Windows','windows','NT','http://www.microsoft.com/windows/'),(50,'Mozilla/5.0 (iPhone; CPU iPhone OS 12_0_1 like Mac OS X) AppleWebKit/605.1.15 (KHTML, like Gecko) Version/12.0 Mobile/15E148 Safari/604.1',1,'iPhone','iphone','','http://www.apple.com/iphone/','iPhone OS','iphone','12_0_1','http://www.apple.com/iphone/'),(51,'Mozilla/5.0 (Windows NT 6.3; WOW64; rv:60.0) Gecko/20100101 Firefox/60.0',2,'Mozilla Firefox','firefox','60.0','http://www.mozilla.com/firefox/','Windows','windows','NT','http://www.microsoft.com/windows/'),(52,'Mozilla/5.0 (Linux; Android 4.4.2; SM-G7102 Build/KOT49H) AppleWebKit/537.36 (KHTML, like Gecko) Chrome/35.0.1916.141 Mobile Safari/537.36',1,'Chrome','chrome','35.0.1916.141','http://www.google.com/chrome/','Android','android','4.4.2','http://www.android.com/'),(53,'Mozilla/5.0 (Linux; Android 5.1; vivo Y21 Build/LMY47I) AppleWebKit/537.36 (KHTML, like Gecko) Version/4.0 Chrome/38.0.0.0 Mobile Safari/537.36',1,'Chrome','chrome','38.0.0.0','http://www.google.com/chrome/','Android','android','5.1','http://www.android.com/'),(54,'Mozilla/5.0 (Linux; U; Android 6.0.1; zh-cn; OPPO R9s Build/MMB29M) AppleWebKit/537.36 (KHTML, like Gecko) Version/4.0 Chrome/38.0.0.0 Mobile Safari/537.36 OppoBrowser/4.2.8',2,'Chrome','chrome','38.0.0.0','http://www.google.com/chrome/','Android','android','6.0.1','http://www.android.com/'),(55,'Mozilla/5.0 (Linux; Android 5.1.1; F1f Build/LMY47V; wv) AppleWebKit/537.36 (KHTML, like Gecko) Version/4.0 Chrome/70.0.3538.110 Mobile Safari/537.36 Instagram 72.0.0.21.98 Android (22/5.1.1; 320dpi; 720x1280; OPPO; F1f; F1f; qcom; in_ID; 132081645)',1,'Chrome','chrome','70.0.3538.110','http://www.google.com/chrome/','Android','android','5.1.1','http://www.android.com/'),(56,'Opera/9.80 (Android; Opera Mini/37.3.2254/123.75; U; id) Presto/2.12.423 Version/12.16',3,'Opera Mini','opera','12.16','http://www.opera.com/mobile/','Android','android','','http://www.android.com/'),(57,'Mozilla/5.0 (Linux; Android 8.0.0; SM-A520F) AppleWebKit/537.36 (KHTML, like Gecko) Chrome/70.0.3538.110 Mobile Safari/537.36',1,'Chrome','chrome','70.0.3538.110','http://www.google.com/chrome/','Android','android','8.0.0','http://www.android.com/'),(58,'Mozilla/5.0 (Windows NT 6.2) AppleWebKit/537.36 (KHTML, like Gecko) Chrome/65.0.3325.181 Safari/537.36',3,'Chrome','chrome','65.0.3325.181','http://www.google.com/chrome/','Windows','windows','8','http://www.microsoft.com/windows/'),(59,'Mozilla/5.0 (Linux; Android 6.0.1; Redmi 3S) AppleWebKit/537.36 (KHTML, like Gecko) Chrome/70.0.3538.110 Mobile Safari/537.36',1,'Chrome','chrome','70.0.3538.110','http://www.google.com/chrome/','Android','android','6.0.1','http://www.android.com/'),(60,'Mozilla/5.0 (Windows NT 6.1; WOW64) AppleWebKit/537.36 (KHTML, like Gecko) Chrome/63.0.3239.26 Safari/537.36 Core/1.63.4737.400 QQBrowser/10.0.654.400',2,'Chrome','chrome','63.0.3239.26','http://www.google.com/chrome/','Windows','windows','7 64 bit','http://windows.microsoft.com/en-US/windows7/products/home'),(61,'Mozilla/5.0 (X11; Linux x86_64) AppleWebKit/537.36 (KHTML, like Gecko) Chrome/65.0.3325.181 Safari/537.36 OPR/52.0.2871.99',3,'Chrome','chrome','65.0.3325.181','http://www.google.com/chrome/','Linux','linux','64 bit','http://en.wikipedia.org/wiki/Linux'),(62,'Mozilla/5.0 (Windows NT 10.0; Win64; x64) AppleWebKit/537.36 (KHTML, like Gecko) Chrome/70.0.3538.110 Safari/537.36',2,'Chrome','chrome','70.0.3538.110','http://www.google.com/chrome/','Windows','windows','NT','http://www.microsoft.com/windows/'),(63,'Mozilla/5.0 (Linux; Android 5.1; HUAWEI CUN-L22) AppleWebKit/537.36 (KHTML, like Gecko) Chrome/70.0.3538.80 Mobile Safari/537.36',2,'Chrome','chrome','70.0.3538.80','http://www.google.com/chrome/','Android','android','5.1','http://www.android.com/'),(64,'Mozilla/5.0 (Linux; Android 5.1; A1603) AppleWebKit/537.36 (KHTML, like Gecko) Chrome/71.0.3578.98 Mobile Safari/537.36',1,'Chrome','chrome','71.0.3578.98','http://www.google.com/chrome/','Android','android','5.1','http://www.android.com/'),(65,'Mozilla/5.0 (Linux; Android 5.1; vivo Y21) AppleWebKit/537.36 (KHTML, like Gecko) Chrome/70.0.3538.64 Mobile Safari/537.36',1,'Chrome','chrome','70.0.3538.64','http://www.google.com/chrome/','Android','android','5.1','http://www.android.com/'),(66,'Mozilla/5.0 (Windows NT 10.0; WOW64) AppleWebKit/537.36 (KHTML, like Gecko) Chrome/71.0.3578.98 Safari/537.36',1,'Chrome','chrome','71.0.3578.98','http://www.google.com/chrome/','Windows','windows','NT','http://www.microsoft.com/windows/'),(67,'Mozilla/5.0 (Linux; Android 7.1.2; Redmi 5) AppleWebKit/537.36 (KHTML, like Gecko) Chrome/71.0.3578.99 Mobile Safari/537.36',1,'Chrome','chrome','71.0.3578.99','http://www.google.com/chrome/','Android','android','7.1.2','http://www.android.com/'),(68,'Mozilla/5.0 (Windows NT 6.0; rv:34.0) Gecko/20100101 Firefox/34.0',176,'Mozilla Firefox','firefox','34.0','http://www.mozilla.com/firefox/','Windows','windows','Vista','http://windows.microsoft.com/en-US/windows-vista/products/home'),(69,'Mozilla/5.0 (Linux; Android 8.1.0; vivo 1724) AppleWebKit/537.36 (KHTML, like Gecko) Chrome/71.0.3578.99 Mobile Safari/537.36',1,'Chrome','chrome','71.0.3578.99','http://www.google.com/chrome/','Android','android','8.1.0','http://www.android.com/'),(70,'Mozilla/5.0 (Windows NT 6.1; WOW64) AppleWebKit/537.36 (KHTML, like Gecko) Chrome/72.0.3626.109 Safari/537.36',2,'Chrome','chrome','72.0.3626.109','http://www.google.com/chrome/','Windows','windows','7 64 bit','http://windows.microsoft.com/en-US/windows7/products/home'),(71,'Mozilla/5.0 (Linux; Android 8.1.0; CPH1803) AppleWebKit/537.36 (KHTML, like Gecko) Chrome/72.0.3626.105 Mobile Safari/537.36',7,'Chrome','chrome','72.0.3626.105','http://www.google.com/chrome/','Android','android','8.1.0','http://www.android.com/'),(72,'Mozilla/5.0 (Linux; Android 8.0.0; SM-G570Y Build/R16NW) AppleWebKit/537.36 (KHTML, like Gecko) Chrome/69.0.3497.100 Mobile Safari/537.36',11,'Chrome','chrome','69.0.3497.100','http://www.google.com/chrome/','Android','android','8.0.0','http://www.android.com/'),(73,'Mozilla/5.0 (iPhone; CPU iPhone OS 12_1_4 like Mac OS X) AppleWebKit/605.1.15 (KHTML, like Gecko) Version/12.0 Mobile/15E148 Safari/604.1',2,'iPhone','iphone','','http://www.apple.com/iphone/','iPhone OS','iphone','12_1_4','http://www.apple.com/iphone/'),(74,'Mozilla/5.0 (Linux; Android 7.0; SAMSUNG SM-J730G Build/NRD90M) AppleWebKit/537.36 (KHTML, like Gecko) SamsungBrowser/5.2 Chrome/51.0.2704.106 Mobile Safari/537.36',1,'Chrome','chrome','51.0.2704.106','http://www.google.com/chrome/','Android','android','7.0','http://www.android.com/'),(75,'Mozilla/5.0 (Linux; Android 6.0.1; SAMSUNG SM-G532G Build/MMB29T) AppleWebKit/537.36 (KHTML, like Gecko) SamsungBrowser/7.4 Chrome/59.0.3071.125 Mobile Safari/537.36',7,'Chrome','chrome','59.0.3071.125','http://www.google.com/chrome/','Android','android','6.0.1','http://www.android.com/'),(76,'Mozilla/5.0 (Linux; Android 5.1.1; A37f Build/LMY47V) AppleWebKit/537.36 (KHTML, like Gecko) Chrome/67.0.3396.87 Mobile Safari/537.36',1,'Chrome','chrome','67.0.3396.87','http://www.google.com/chrome/','Android','android','5.1.1','http://www.android.com/'),(77,'Mozilla/5.0 (Linux; Android 8.1.0; CPH1803) AppleWebKit/537.36 (KHTML, like Gecko) Chrome/73.0.3683.90 Mobile Safari/537.36',1,'Chrome','chrome','73.0.3683.90','http://www.google.com/chrome/','Android','android','8.1.0','http://www.android.com/'),(78,'Mozilla/5.0 (Linux; Android 9; SAMSUNG SM-G950F Build/PPR1.180610.011) AppleWebKit/537.36 (KHTML, like Gecko) SamsungBrowser/9.0 Chrome/67.0.3396.87 Mobile Safari/537.36',1,'Chrome','chrome','67.0.3396.87','http://www.google.com/chrome/','Android','android','9','http://www.android.com/'),(79,'Mozilla/5.0 (Linux; Android 8.1.0; Redmi 6A) AppleWebKit/537.36 (KHTML, like Gecko) Chrome/72.0.3626.105 Mobile Safari/537.36',2,'Chrome','chrome','72.0.3626.105','http://www.google.com/chrome/','Android','android','8.1.0','http://www.android.com/'),(80,'Mozilla/5.0 (Windows NT 10.0; Win64; x64) AppleWebKit/537.36 (KHTML, like Gecko) Chrome/73.0.3683.103 Safari/537.36',1,'Chrome','chrome','73.0.3683.103','http://www.google.com/chrome/','Windows','windows','NT','http://www.microsoft.com/windows/'),(81,'Mozilla/5.0 (Windows NT 10.0; Win64; x64; rv:66.0) Gecko/20100101 Firefox/66.0',1,'Mozilla Firefox','firefox','66.0','http://www.mozilla.com/firefox/','Windows','windows','NT','http://www.microsoft.com/windows/'),(82,'Mozilla/5.0 (Linux; Android 8.0.0; ASUS_Z012DB Build/OPR1.170623.026) AppleWebKit/537.36 (KHTML, like Gecko) Chrome/69.0.3497.100 Mobile Safari/537.36',1,'Chrome','chrome','69.0.3497.100','http://www.google.com/chrome/','Android','android','8.0.0','http://www.android.com/'),(83,'Mozilla/5.0 (Windows NT 6.1; rv:66.0) Gecko/20100101 Firefox/66.0',1,'Mozilla Firefox','firefox','66.0','http://www.mozilla.com/firefox/','Windows','windows','7','http://windows.microsoft.com/en-US/windows7/products/home'),(84,'Mozilla/5.0 (Linux; Android 5.1; A1603 Build/LMY47I; wv) AppleWebKit/537.36 (KHTML, like Gecko) Version/4.0 Chrome/60.0.3112.107 Mobile Safari/537.36',1,'Chrome','chrome','60.0.3112.107','http://www.google.com/chrome/','Android','android','5.1','http://www.android.com/'),(85,'Mozilla/5.0 (Windows NT 6.1; rv:21.0) Gecko/20100101 Firefox/21.0',1,'Mozilla Firefox','firefox','21.0','http://www.mozilla.com/firefox/','Windows','windows','7','http://windows.microsoft.com/en-US/windows7/products/home'),(86,'Mozilla/5.0 (Linux; Android 9; Mi A1) AppleWebKit/537.36 (KHTML, like Gecko) Chrome/75.0.3770.101 Mobile Safari/537.36',1,'Chrome','chrome','75.0.3770.101','http://www.google.com/chrome/','Android','android','9','http://www.android.com/'),(87,'Mozilla/5.0 (Linux; Android 9; ASUS_X00TD) AppleWebKit/537.36 (KHTML, like Gecko) Chrome/74.0.3729.136 Mobile Safari/537.36',2,'Chrome','chrome','74.0.3729.136','http://www.google.com/chrome/','Android','android','9','http://www.android.com/'),(88,'WhatsApp/2.19.175 A',1,'Unknown','unknown','','','Unknown','unknown','',''),(89,'Mozilla/5.0 (Linux; Android 6.0.1; CPH1701) AppleWebKit/537.36 (KHTML, like Gecko) Chrome/75.0.3770.101 Mobile Safari/537.36',1,'Chrome','chrome','75.0.3770.101','http://www.google.com/chrome/','Android','android','6.0.1','http://www.android.com/'),(90,'Mozilla/5.0 (Windows NT 6.1; rv:68.0) Gecko/20100101 Firefox/68.0',1,'Mozilla Firefox','firefox','68.0','http://www.mozilla.com/firefox/','Windows','windows','7','http://windows.microsoft.com/en-US/windows7/products/home'),(91,'Mozilla/5.0 (Linux; Android 5.1.1; A37fw Build/LMY47V) AppleWebKit/537.36 (KHTML, like Gecko) Chrome/50.0.2661.94 Mobile Safari/537.36 OPR/37.0.2192.110129',2,'Chrome','chrome','50.0.2661.94','http://www.google.com/chrome/','Android','android','5.1.1','http://www.android.com/'),(92,'Mozilla/5.0(Linux;Android 5.1.1;OPPO A33 Build/LMY47V;wv) AppleWebKit/537.36(KHTML,link Gecko) Version/4.0 Chrome/43.0.2357.121 Mobile Safari/537.36 LieBaoFast/4.51.3',17,'Chrome','chrome','43.0.2357.121','http://www.google.com/chrome/','Android','android','5.1.1','http://www.android.com/'),(93,'Mozilla/5.0(Linux;U;Android 5.1.1;zh-CN;OPPO A33 Build/LMY47V) AppleWebKit/537.36(KHTML,like Gecko) Version/4.0 Chrome/40.0.2214.89 UCBrowser/11.7.0.953 Mobile Safari/537.36',11,'Chrome','chrome','40.0.2214.89','http://www.google.com/chrome/','Android','android','5.1.1','http://www.android.com/'),(94,'Mozilla/5.0 (Linux; Android 8.1.0; vivo 1724) AppleWebKit/537.36 (KHTML, like Gecko) Chrome/75.0.3770.143 Mobile Safari/537.36',17,'Chrome','chrome','75.0.3770.143','http://www.google.com/chrome/','Android','android','8.1.0','http://www.android.com/'),(95,'Mozilla/5.0 (Linux; Android 7.0; FRD-AL00 Build/HUAWEIFRD-AL00; wv) AppleWebKit/537.36 (KHTML, like Gecko) Version/4.0 Chrome/53.0.2785.49 Mobile MQQBrowser/6.2 TBS/043602 Safari/537.36 MicroMessenger/6.5.16.1120 NetType/WIFI Language/zh_CN',9,'Chrome','chrome','53.0.2785.49','http://www.google.com/chrome/','Android','android','7.0','http://www.android.com/'),(96,'WhatsApp/2.19.150 A',1,'Unknown','unknown','','','Unknown','unknown','',''),(97,'Mozilla/5.0(Linux;Android 5.1.1;OPPO A33 Build/LMY47V;wv) AppleWebKit/537.36(KHTML,link Gecko) Version/4.0 Chrome/42.0.2311.138 Mobile Safari/537.36 Mb2345Browser/9.0',8,'Chrome','chrome','42.0.2311.138','http://www.google.com/chrome/','Android','android','5.1.1','http://www.android.com/'),(98,'Mozilla/5.0 (Linux; Android 8.0.0; BV9000Pro-F) AppleWebKit/537.36 (KHTML, like Gecko) Chrome/75.0.3770.143 Mobile Safari/537.36',1,'Chrome','chrome','75.0.3770.143','http://www.google.com/chrome/','Android','android','8.0.0','http://www.android.com/'),(99,'Mozilla/5.0 (Linux; Android 7.1.1; SM-J510FN) AppleWebKit/537.36 (KHTML, like Gecko) Chrome/75.0.3770.143 Mobile Safari/537.36',1,'Chrome','chrome','75.0.3770.143','http://www.google.com/chrome/','Android','android','7.1.1','http://www.android.com/'),(100,'Mozilla/5.0 (Windows NT 10.0; Win64; x64) AppleWebKit/537.36 (KHTML, like Gecko) Chrome/75.0.3770.142 Safari/537.36',9,'Chrome','chrome','75.0.3770.142','http://www.google.com/chrome/','Windows','windows','NT','http://www.microsoft.com/windows/'),(101,'Mozilla/5.0 (Linux; Android 9; ASUS_X00QD) AppleWebKit/537.36 (KHTML, like Gecko) Chrome/76.0.3809.89 Mobile Safari/537.36',14,'Chrome','chrome','76.0.3809.89','http://www.google.com/chrome/','Android','android','9','http://www.android.com/'),(102,'Mozilla/5.0 (Linux; Android 8.1.0; Vibe K5 Plus) AppleWebKit/537.36 (KHTML, like Gecko) Chrome/76.0.3809.132 Mobile Safari/537.36',2,'Chrome','chrome','76.0.3809.132','http://www.google.com/chrome/','Android','android','8.1.0','http://www.android.com/'),(103,'Mozilla/5.0 (Linux; U; Android 7.1.2; en-US; Redmi 5A Build/N2G47H) AppleWebKit/537.36 (KHTML, like Gecko) Version/4.0 Chrome/57.0.2987.108 UCBrowser/12.9.3.1144 Mobile Safari/537.36',1,'Chrome','chrome','57.0.2987.108','http://www.google.com/chrome/','Android','android','7.1.2','http://www.android.com/'),(104,'Mozilla/5.0 (Windows NT 6.3; Win64; x64) AppleWebKit/537.36 (KHTML, like Gecko) Chrome/76.0.3809.132 Safari/537.36',1,'Chrome','chrome','76.0.3809.132','http://www.google.com/chrome/','Windows','windows','NT','http://www.microsoft.com/windows/'),(105,'Mozilla/5.0 (Windows NT 6.1) AppleWebKit/537.36 (KHTML, like Gecko) Chrome/76.0.3809.132 Safari/537.36',1,'Chrome','chrome','76.0.3809.132','http://www.google.com/chrome/','Windows','windows','7','http://windows.microsoft.com/en-US/windows7/products/home'),(106,'Mozilla/5.0 (Linux; Android 8.1.0; Redmi 6A) AppleWebKit/537.36 (KHTML, like Gecko) Chrome/76.0.3809.132 Mobile Safari/537.36',2,'Chrome','chrome','76.0.3809.132','http://www.google.com/chrome/','Android','android','8.1.0','http://www.android.com/'),(107,'Mozilla/5.0 (Linux; Android 4.2.2; Nexus 4 Build/JDQ39) AppleWebKit/537.31 (KHTML, like Gecko) Chrome/26.0.1410.35 Mobile Safari/537.31',20,'Chrome','chrome','26.0.1410.35','http://www.google.com/chrome/','Android','android','4.2.2','http://www.android.com/'),(108,'Mozilla/5.0 (Windows NT 6.3; WOW64) AppleWebKit/537.36 (KHTML, like Gecko) Chrome/77.0.3865.90 Safari/537.36',1,'Chrome','chrome','77.0.3865.90','http://www.google.com/chrome/','Windows','windows','NT','http://www.microsoft.com/windows/'),(109,'Mozilla/5.0 (Linux; Android 7.0; 5060 Build/NRD90M) AppleWebKit/537.36 (KHTML, like Gecko) Chrome/66.0.3359.158 Mobile Safari/537.36',1,'Chrome','chrome','66.0.3359.158','http://www.google.com/chrome/','Android','android','7.0','http://www.android.com/'),(110,'Mozilla/5.0 (iPhone; CPU iPhone OS 12_4_1 like Mac OS X) AppleWebKit/605.1.15 (KHTML, like Gecko) Version/12.1.2 Mobile/15E148 Safari/604.1',1,'iPhone','iphone','','http://www.apple.com/iphone/','iPhone OS','iphone','12_4_1','http://www.apple.com/iphone/'),(111,'Mozilla/5.0 (Linux; Android 9; SAMSUNG SM-A205F) AppleWebKit/537.36 (KHTML, like Gecko) SamsungBrowser/10.1 Chrome/71.0.3578.99 Mobile Safari/537.36',5,'Chrome','chrome','71.0.3578.99','http://www.google.com/chrome/','Android','android','9','http://www.android.com/'),(112,'Mozilla/5.0 (Windows NT 6.2; WOW64) AppleWebKit/537.36 (KHTML, like Gecko) Chrome/77.0.3865.90 Safari/537.36',5,'Chrome','chrome','77.0.3865.90','http://www.google.com/chrome/','Windows','windows','8 64 bit','http://www.microsoft.com/windows/'),(113,'Mozilla/5.0 (Windows NT 6.1; Win64; x64) AppleWebKit/537.36 (KHTML, like Gecko) Chrome/77.0.3865.90 Safari/537.36',1,'Chrome','chrome','77.0.3865.90','http://www.google.com/chrome/','Windows','windows','7 64 bit','http://windows.microsoft.com/en-US/windows7/products/home'),(114,'Mozilla/5.0 (Linux; Android 8.0.0; SM-G955F) AppleWebKit/537.36 (KHTML, like Gecko) Chrome/77.0.3865.116 Mobile Safari/537.36',1,'Chrome','chrome','77.0.3865.116','http://www.google.com/chrome/','Android','android','8.0.0','http://www.android.com/'),(115,'Mozilla/5.0 (Linux; Android 5.1.1; SM-J320G) AppleWebKit/537.36 (KHTML, like Gecko) Chrome/70.0.3538.80 Mobile Safari/537.36',1,'Chrome','chrome','70.0.3538.80','http://www.google.com/chrome/','Android','android','5.1.1','http://www.android.com/'),(116,'Mozilla/5.0 (Linux; Android 8.1.0; Redmi 5 Plus) AppleWebKit/537.36 (KHTML, like Gecko) Chrome/77.0.3865.92 Mobile Safari/537.36',2,'Chrome','chrome','77.0.3865.92','http://www.google.com/chrome/','Android','android','8.1.0','http://www.android.com/'),(117,'Mozilla/5.0 (Windows NT 6.1; Win64; x64) AppleWebKit/537.36 (KHTML, like Gecko) Chrome/77.0.3865.120 Safari/537.36',1,'Chrome','chrome','77.0.3865.120','http://www.google.com/chrome/','Windows','windows','7 64 bit','http://windows.microsoft.com/en-US/windows7/products/home'),(118,'Mozilla/5.0 (Linux; Android 5.1.1; A37f) AppleWebKit/537.36 (KHTML, like Gecko) Chrome/77.0.3865.92 Mobile Safari/537.36',1,'Chrome','chrome','77.0.3865.92','http://www.google.com/chrome/','Android','android','5.1.1','http://www.android.com/'),(119,'Mozilla/5.0 (Linux; Android 5.1; CPH1605) AppleWebKit/537.36 (KHTML, like Gecko) Chrome/78.0.3904.62 Mobile Safari/537.36',1,'Chrome','chrome','78.0.3904.62','http://www.google.com/chrome/','Android','android','5.1','http://www.android.com/'),(120,'Mozilla/5.0 (Linux; U; Android 4.0.3; en-us; LG-L160L Build/IML74K) AppleWebkit/537.36 (KHTML, like Gecko) Version/4.0 Chrome/78.0.3904.74 Mobile Safari/537.36',1,'Chrome','chrome','78.0.3904.74','http://www.google.com/chrome/','Android','android','4.0.3','http://www.android.com/'),(121,'Mozilla/5.0 (Linux; Android 4.4.4; XT1034 Build/KXB21.14-L1.61) AppleWebKit/537.36 (KHTML, like Gecko) Chrome/59.0.3071.125 Mobile Safari/537.36 PTST/170721.190705',4,'Chrome','chrome','59.0.3071.125','http://www.google.com/chrome/','Android','android','4.4.4','http://www.android.com/'),(122,'Mozilla/5.0 (Linux; Android 7.1.1; CPH1729) AppleWebKit/537.36 (KHTML, like Gecko) Chrome/78.0.3904.62 Mobile Safari/537.36',4,'Chrome','chrome','78.0.3904.62','http://www.google.com/chrome/','Android','android','7.1.1','http://www.android.com/'),(123,'Mozilla/5.0 (Macintosh; Intel Mac OS X 10_13_6) AppleWebKit/537.36 (KHTML, like Gecko) Chrome/78.0.3904.87 Safari/537.36',1,'Chrome','chrome','78.0.3904.87','http://www.google.com/chrome/','Mac OS','macos','X','http://www.apple.com/macosx/'),(124,'Mozilla/5.0 (Linux; Android 5.1.1; A37f Build/LMY47V) AppleWebKit/537.36 (KHTML, like Gecko) Chrome/50.0.2661.94 Mobile Safari/537.36 OPR/37.0.2192.110129',1,'Chrome','chrome','50.0.2661.94','http://www.google.com/chrome/','Android','android','5.1.1','http://www.android.com/'),(125,'Mozilla/5.0 (compatible; Qwantify/2.4w; +https://www.qwant.com/)/2.4w',2,'Unknown','unknown','','','Unknown','unknown','',''),(126,'Mozilla/5.0 (Windows NT 10.0; Win64; x64) AppleWebKit/537.36 (KHTML, like Gecko) Chrome/78.0.3904.97 Safari/537.36',1,'Chrome','chrome','78.0.3904.97','http://www.google.com/chrome/','Windows','windows','NT','http://www.microsoft.com/windows/'),(127,'Mozilla/5.0 (Linux; Android 6.0.1; SM-J710F) AppleWebKit/537.36 (KHTML, like Gecko) Chrome/75.0.3770.143 Mobile Safari/537.36',1,'Chrome','chrome','75.0.3770.143','http://www.google.com/chrome/','Android','android','6.0.1','http://www.android.com/'),(128,'Mozilla/5.0 (Windows NT 6.1; Win64; x64) AppleWebKit/537.36 (KHTML, like Gecko) Chrome/78.0.3904.108 Safari/537.36',1,'Chrome','chrome','78.0.3904.108','http://www.google.com/chrome/','Windows','windows','7 64 bit','http://windows.microsoft.com/en-US/windows7/products/home'),(129,'Mozilla/5.0 (Linux; Android 5.0.2; Redmi Note 2) AppleWebKit/537.36 (KHTML, like Gecko) Chrome/78.0.3904.90 Mobile Safari/537.36',1,'Chrome','chrome','78.0.3904.90','http://www.google.com/chrome/','Android','android','5.0.2','http://www.android.com/'),(130,'Mozilla/5.0 (Linux; Android 5.1.1; SM-J111F Build/LMY47V) AppleWebKit/537.36 (KHTML, like Gecko) Chrome/59.0.3071.125 Mobile Safari/537.36',2,'Chrome','chrome','59.0.3071.125','http://www.google.com/chrome/','Android','android','5.1.1','http://www.android.com/'),(131,'Mozilla/5.0 (Windows NT 10.0; Win64; x64) AppleWebKit/537.36 (KHTML, like Gecko) Chrome/69.0.3497.100 Safari/537.36',54,'Chrome','chrome','69.0.3497.100','http://www.google.com/chrome/','Windows','windows','NT','http://www.microsoft.com/windows/'),(132,'Mozilla/5.0 (Windows NT 10.0; rv:68.0) Gecko/20100101 Firefox/68.0',15,'Mozilla Firefox','firefox','68.0','http://www.mozilla.com/firefox/','Windows','windows','NT','http://www.microsoft.com/windows/'),(133,'Mozilla/5.0 (Linux; Android 8.1.0; vivo 1816) AppleWebKit/537.36 (KHTML, like Gecko) Chrome/78.0.3904.108 Mobile Safari/537.36',1,'Chrome','chrome','78.0.3904.108','http://www.google.com/chrome/','Android','android','8.1.0','http://www.android.com/'),(134,'Mozilla/5.0 (Linux; Android 8.1.0; vivo 1724) AppleWebKit/537.36 (KHTML, like Gecko) Chrome/78.0.3904.108 Mobile Safari/537.36',5,'Chrome','chrome','78.0.3904.108','http://www.google.com/chrome/','Android','android','8.1.0','http://www.android.com/'),(135,'Mozilla/5.0 (Linux; Android 7.0; vivo 1612) AppleWebKit/537.36 (KHTML, like Gecko) Chrome/71.0.3578.99 Mobile Safari/537.36 EdgA/42.0.92.3367',1,'Chrome','chrome','71.0.3578.99','http://www.google.com/chrome/','Android','android','7.0','http://www.android.com/'),(136,'Mozilla/5.0 (Linux; Android 5.1.1; SM-J111F) AppleWebKit/537.36 (KHTML, like Gecko) Chrome/77.0.3865.92 Mobile Safari/537.36',3,'Chrome','chrome','77.0.3865.92','http://www.google.com/chrome/','Android','android','5.1.1','http://www.android.com/'),(137,'Mozilla/5.0 (Macintosh; Intel Mac OS X 10_10_3) AppleWebKit/537.36 (KHTML, like Gecko) Chrome/42.0.2311.90 Safari/537.36',1,'Chrome','chrome','42.0.2311.90','http://www.google.com/chrome/','Mac OS','macos','X','http://www.apple.com/macosx/'),(138,'Mozilla/5.0 (Linux; U; Android 5.1.1; id; Redmi_3 Build/LMY47V) AppleWebKit/528.5+ (KHTML, like Gecko) Version/3.1.2 Mobile Safari/525.20.1 UCBrowser/10.6.8.732 Mobile',1,'Mobile Safari','safari','3.1.2','http://www.apple.com/iphone/features/safari.html','Android','android','5.1.1','http://www.android.com/'),(139,'Mozilla/5.0 (Linux; Android 6.0.1; vivo 1606) AppleWebKit/537.36 (KHTML, like Gecko) Chrome/79.0.3945.116 Mobile Safari/537.36',2,'Chrome','chrome','79.0.3945.116','http://www.google.com/chrome/','Android','android','6.0.1','http://www.android.com/'),(140,'Mozilla/5.0 (Linux; Android 9; ASUS_X00QD) AppleWebKit/537.36 (KHTML, like Gecko) Chrome/79.0.3945.136 Mobile Safari/537.36',2,'Chrome','chrome','79.0.3945.136','http://www.google.com/chrome/','Android','android','9','http://www.android.com/'),(141,'Mozilla/5.0 (Linux; Android 9; CPH1937) AppleWebKit/537.36 (KHTML, like Gecko) Chrome/79.0.3945.136 Mobile Safari/537.36',2,'Chrome','chrome','79.0.3945.136','http://www.google.com/chrome/','Android','android','9','http://www.android.com/'),(142,'Mozilla/5.0 (Windows NT 10.0; Win64; x64) AppleWebKit/537.36 (KHTML, like Gecko) Chrome/80.0.3987.106 Safari/537.36',1,'Chrome','chrome','80.0.3987.106','http://www.google.com/chrome/','Windows','windows','NT','http://www.microsoft.com/windows/'),(143,'Mozilla/5.0 (Linux; Android 7.1.2; Redmi 5A) AppleWebKit/537.36 (KHTML, like Gecko) Chrome/78.0.3904.108 Mobile Safari/537.36',1,'Chrome','chrome','78.0.3904.108','http://www.google.com/chrome/','Android','android','7.1.2','http://www.android.com/'),(144,'Mozilla/5.0 (Linux; Android 9; vivo 1915) AppleWebKit/537.36 (KHTML, like Gecko) Chrome/80.0.3987.119 Mobile Safari/537.36',1,'Chrome','chrome','80.0.3987.119','http://www.google.com/chrome/','Android','android','9','http://www.android.com/'),(145,'Mozilla/5.0 (Linux; Android 8.1.0; CPH1909) AppleWebKit/537.36 (KHTML, like Gecko) Chrome/80.0.3987.119 Mobile Safari/537.36',1,'Chrome','chrome','80.0.3987.119','http://www.google.com/chrome/','Android','android','8.1.0','http://www.android.com/'),(146,'Mozilla/5.0 (Linux; Android 6.0.1; CPH1701 Build/MMB29M) AppleWebKit/537.36 (KHTML, like Gecko) Chrome/69.0.3497.86 Mobile Safari/537.36',2,'Chrome','chrome','69.0.3497.86','http://www.google.com/chrome/','Android','android','6.0.1','http://www.android.com/'),(147,'Mozilla/5.0 (Linux; Android 5.1; i4A Build/LMY47D; wv) AppleWebKit/537.36 (KHTML, like Gecko) Version/4.0 Chrome/78.0.3904.108 Mobile Safari/537.36',1,'Chrome','chrome','78.0.3904.108','http://www.google.com/chrome/','Android','android','5.1','http://www.android.com/'),(148,'Mozilla/5.0 (Linux; Android 8.1.0; vivo 1724) AppleWebKit/537.36 (KHTML, like Gecko) Chrome/80.0.3987.132 Mobile Safari/537.36',2,'Chrome','chrome','80.0.3987.132','http://www.google.com/chrome/','Android','android','8.1.0','http://www.android.com/'),(149,'Mozilla/5.0 (Windows NT 6.3; Win64; x64; rv:74.0) Gecko/20100101 Firefox/74.0',2,'Mozilla Firefox','firefox','74.0','http://www.mozilla.com/firefox/','Windows','windows','NT','http://www.microsoft.com/windows/'),(150,'Mozilla/5.0 (Linux; Android 8.1.0; CPH1853) AppleWebKit/537.36 (KHTML, like Gecko) Chrome/77.0.3865.92 Mobile Safari/537.36',1,'Chrome','chrome','77.0.3865.92','http://www.google.com/chrome/','Android','android','8.1.0','http://www.android.com/'),(151,'Mozilla/5.0 (Windows NT 10.0; Win64; x64) AppleWebKit/537.36 (KHTML, like Gecko) Chrome/77.0.3865.120 Safari/537.36',24,'Chrome','chrome','77.0.3865.120','http://www.google.com/chrome/','Windows','windows','NT','http://www.microsoft.com/windows/'),(152,'Mozilla/5.0 (Linux; Android 10; RMX1851) AppleWebKit/537.36 (KHTML, like Gecko) Chrome/80.0.3987.132 Mobile Safari/537.36',2,'Chrome','chrome','80.0.3987.132','http://www.google.com/chrome/','Android','android','10','http://www.android.com/'),(153,'Mozilla/5.0 (Windows NT 10.0; WOW64) AppleWebKit/537.36 (KHTML, like Gecko) Chrome/63.0.3239.26 Safari/537.36 Core/1.63.5408.400 QQBrowser/10.1.1430.400',2,'Chrome','chrome','63.0.3239.26','http://www.google.com/chrome/','Windows','windows','NT','http://www.microsoft.com/windows/'),(154,'Mozilla/5.0 (Linux; Android 7.1.2; Redmi 4A) AppleWebKit/537.36 (KHTML, like Gecko) Chrome/80.0.3987.132 Mobile Safari/537.36',2,'Chrome','chrome','80.0.3987.132','http://www.google.com/chrome/','Android','android','7.1.2','http://www.android.com/'),(155,'Mozilla/5.0 (Linux; Android 6.0; CPH1609 Build/MRA58K) AppleWebKit/537.36 (KHTML, like Gecko) Chrome/65.0.3325.109 Mobile Safari/537.36',1,'Chrome','chrome','65.0.3325.109','http://www.google.com/chrome/','Android','android','6.0','http://www.android.com/'),(156,'Mozilla/5.0 (Linux; Android 8.1.0; SM-M205G Build/M1AJQ) AppleWebKit/537.36 (KHTML, like Gecko) Chrome/69.0.3497.100 Mobile Safari/537.36',1,'Chrome','chrome','69.0.3497.100','http://www.google.com/chrome/','Android','android','8.1.0','http://www.android.com/'),(157,'Mozilla/5.0 (Linux; Android 6.0.1; CPH1701) AppleWebKit/537.36 (KHTML, like Gecko) Chrome/81.0.4044.111 Mobile Safari/537.36',1,'Chrome','chrome','81.0.4044.111','http://www.google.com/chrome/','Android','android','6.0.1','http://www.android.com/'),(158,'Mozilla/5.0 (Linux; Android 8.1.0; CPH1901) AppleWebKit/537.36 (KHTML, like Gecko) Chrome/75.0.3770.101 Mobile Safari/537.36',2,'Chrome','chrome','75.0.3770.101','http://www.google.com/chrome/','Android','android','8.1.0','http://www.android.com/'),(159,'Mozilla/5.0 (Linux; Android 8.1.0; SM-G610F) AppleWebKit/537.36 (KHTML, like Gecko) Chrome/77.0.3865.116 Mobile Safari/537.36',1,'Chrome','chrome','77.0.3865.116','http://www.google.com/chrome/','Android','android','8.1.0','http://www.android.com/'),(160,'User-Agent: Mozilla/5.0 (X11; Linux x86_64) AppleWebKit/537.36 (KHTML, like Gecko) Chrome/80.0.3987.100 Safari/537.36',1,'Chrome','chrome','80.0.3987.100','http://www.google.com/chrome/','Linux','linux','64 bit','http://en.wikipedia.org/wiki/Linux'),(161,'Mozilla/5.0 (Windows NT 6.1; Win64; x64) AppleWebKit/537.36 (KHTML, like Gecko) Chrome/81.0.4044.138 Safari/537.36',1,'Chrome','chrome','81.0.4044.138','http://www.google.com/chrome/','Windows','windows','7 64 bit','http://windows.microsoft.com/en-US/windows7/products/home'),(162,'Mozilla/5.0 (Linux; Android 8.1.0; i5G) AppleWebKit/537.36 (KHTML, like Gecko) Chrome/79.0.3945.116 Mobile Safari/537.36',1,'Chrome','chrome','79.0.3945.116','http://www.google.com/chrome/','Android','android','8.1.0','http://www.android.com/'),(163,'Mozilla/5.0 (Linux; Android 5.1.1; 4G Build/KOT49H) AppleWebKit/537.36 (KHTML, like Gecko) Chrome/63.0.3239.111 Mobile Safari/537.36',1,'Chrome','chrome','63.0.3239.111','http://www.google.com/chrome/','Android','android','5.1.1','http://www.android.com/'),(164,'Mozilla/5.0 (Linux; Android 9; SM-A207F) AppleWebKit/537.36 (KHTML, like Gecko) Chrome/79.0.3945.93 Mobile Safari/537.36',1,'Chrome','chrome','79.0.3945.93','http://www.google.com/chrome/','Android','android','9','http://www.android.com/'),(165,'Mozilla/5.0 (Linux; Android 9; vivo 1902) AppleWebKit/537.36 (KHTML, like Gecko) Chrome/83.0.4103.101 Mobile Safari/537.36',2,'Chrome','chrome','83.0.4103.101','http://www.google.com/chrome/','Android','android','9','http://www.android.com/'),(166,'Mozilla/5.0 (Linux; Android 5.1; A1601) AppleWebKit/537.36 (KHTML, like Gecko) Chrome/77.0.3865.116 Mobile Safari/537.36',1,'Chrome','chrome','77.0.3865.116','http://www.google.com/chrome/','Android','android','5.1','http://www.android.com/'),(167,'Mozilla/5.0 (Linux; Android 10; SM-N960F) AppleWebKit/537.36 (KHTML, like Gecko) Chrome/83.0.4103.96 Mobile Safari/537.36',1,'Chrome','chrome','83.0.4103.96','http://www.google.com/chrome/','Android','android','10','http://www.android.com/'),(168,'WhatsApp/2.20.172 A',1,'Unknown','unknown','','','Unknown','unknown','',''),(169,'Mozilla/5.0 (Linux; Android 10; SM-J600G) AppleWebKit/537.36 (KHTML, like Gecko) Chrome/83.0.4103.106 Mobile Safari/537.36',2,'Chrome','chrome','83.0.4103.106','http://www.google.com/chrome/','Android','android','10','http://www.android.com/'),(170,'Mozilla/5.0 (iPhone; CPU iPhone OS 13_3_1 like Mac OS X) AppleWebKit/605.1.15 (KHTML, like Gecko) Version/13.0.5 Mobile/15E148 Safari/604.1',2,'iPhone','iphone','','http://www.apple.com/iphone/','iPhone OS','iphone','13_3_1','http://www.apple.com/iphone/'),(171,'Mozilla/5.0 (Linux; Android 7.0; SAMSUNG SM-G610F) AppleWebKit/537.36 (KHTML, like Gecko) SamsungBrowser/11.2 Chrome/75.0.3770.143 Mobile Safari/537.36',1,'Chrome','chrome','75.0.3770.143','http://www.google.com/chrome/','Android','android','7.0','http://www.android.com/'),(172,'Mozilla/5.0 (Linux; Android 9; vivo 1920 Build/PKQ1.190626.001; wv) AppleWebKit/537.36 (KHTML, like Gecko) Chrome/62.0.3202.84 Mobile Safari/537.36 VivoBrowser/6.3.0.3',1,'Chrome','chrome','62.0.3202.84','http://www.google.com/chrome/','Android','android','9','http://www.android.com/'),(173,'Mozilla/5.0 (Linux; U; Android 9; id-id; Redmi 7 Build/PKQ1.181021.001) AppleWebKit/537.36 (KHTML, like Gecko) Version/4.0 Chrome/71.0.3578.141 Mobile Safari/537.36 XiaoMi/MiuiBrowser/12.2.6-g',1,'Chrome','chrome','71.0.3578.141','http://www.google.com/chrome/','Android','android','9','http://www.android.com/'),(174,'Mozilla/5.0 (Linux; Android 9; SM-N950F) AppleWebKit/537.36 (KHTML, like Gecko) Chrome/83.0.4103.106 Mobile Safari/537.36',1,'Chrome','chrome','83.0.4103.106','http://www.google.com/chrome/','Android','android','9','http://www.android.com/'),(175,'Mozilla/5.0 (Linux; Android 7.1.1; CPH1723) AppleWebKit/537.36 (KHTML, like Gecko) Chrome/71.0.3578.99 Mobile Safari/537.36',2,'Chrome','chrome','71.0.3578.99','http://www.google.com/chrome/','Android','android','7.1.1','http://www.android.com/'),(176,'Mozilla/5.0 (Linux; Android 8.1.0; CPH1803) AppleWebKit/537.36 (KHTML, like Gecko) Chrome/80.0.3987.132 Mobile Safari/537.36',1,'Chrome','chrome','80.0.3987.132','http://www.google.com/chrome/','Android','android','8.1.0','http://www.android.com/'),(177,'Mozilla/5.0 (Linux; U; Android 8.1.0; in-id; CPH1901 Build/OPM1.171019.026) AppleWebKit/537.36 (KHTML, like Gecko) Version/4.0 Chrome/70.0.3538.80 Mobile Safari/537.36 HeyTapBrowser/15.7.1.1',1,'Chrome','chrome','70.0.3538.80','http://www.google.com/chrome/','Android','android','8.1.0','http://www.android.com/'),(178,'Mozilla/5.0 (Linux; Android 9; RMX1821) AppleWebKit/537.36 (KHTML, like Gecko) Chrome/83.0.4103.106 Mobile Safari/537.36',1,'Chrome','chrome','83.0.4103.106','http://www.google.com/chrome/','Android','android','9','http://www.android.com/'),(179,'Mozilla/5.0 (Windows NT 10.0; Win64; x64) AppleWebKit/537.36 (KHTML, like Gecko) Chrome/84.0.4147.89 Safari/537.36',6,'Chrome','chrome','84.0.4147.89','http://www.google.com/chrome/','Windows','windows','NT','http://www.microsoft.com/windows/'),(180,'Mozilla/5.0 (Linux; Android 4.4.2; SM-G7102) AppleWebKit/537.36 (KHTML, like Gecko) Chrome/72.0.3626.121 Mobile Safari/537.36',3,'Chrome','chrome','72.0.3626.121','http://www.google.com/chrome/','Android','android','4.4.2','http://www.android.com/'),(181,'Mozilla/5.0 (Linux; Android 10; RMX2030) AppleWebKit/537.36 (KHTML, like Gecko) Chrome/84.0.4147.89 Mobile Safari/537.36',1,'Chrome','chrome','84.0.4147.89','http://www.google.com/chrome/','Android','android','10','http://www.android.com/'),(182,'Mozilla/5.0 (Linux; Android 8.1.0; vivo 1716) AppleWebKit/537.36 (KHTML, like Gecko) Chrome/84.0.4147.111 Mobile Safari/537.36',1,'Chrome','chrome','84.0.4147.111','http://www.google.com/chrome/','Android','android','8.1.0','http://www.android.com/'),(183,'Mozilla/5.0 (Linux; Android 8.1.0; vivo 1814) AppleWebKit/537.36 (KHTML, like Gecko) Chrome/84.0.4147.111 Mobile Safari/537.36',2,'Chrome','chrome','84.0.4147.111','http://www.google.com/chrome/','Android','android','8.1.0','http://www.android.com/'),(184,'Mozilla/5.0 (Linux; Android 7.1.2; Redmi Note 5A) AppleWebKit/537.36 (KHTML, like Gecko) Chrome/84.0.4147.111 Mobile Safari/537.36',2,'Chrome','chrome','84.0.4147.111','http://www.google.com/chrome/','Android','android','7.1.2','http://www.android.com/'),(185,'Mozilla/5.0 (Windows NT 6.1) AppleWebKit/537.36 (KHTML, like Gecko) Chrome/84.0.4147.125 Safari/537.36',1,'Chrome','chrome','84.0.4147.125','http://www.google.com/chrome/','Windows','windows','7','http://windows.microsoft.com/en-US/windows7/products/home'),(186,'Mozilla/5.0 (Linux; Android 9; SM-A105G) AppleWebKit/537.36 (KHTML, like Gecko) Chrome/83.0.4103.106 Mobile Safari/537.36',1,'Chrome','chrome','83.0.4103.106','http://www.google.com/chrome/','Android','android','9','http://www.android.com/'),(187,'Mozilla/4.0 (compatible; MSIE 6.0; Windows NT 5.1; SV1)',1,'Internet Explorer','ie','6.0','http://windows.microsoft.com/en-US/internet-explorer/products/ie/home','Windows','windows','XP','http://windows.microsoft.com/en-US/windows/products/windows-xp'),(188,'Mozilla/5.0 (Windows NT 6.1; Win64; x64) AppleWebKit/537.36 (KHTML, like Gecko) Chrome/84.0.4147.135 Safari/537.36',1,'Chrome','chrome','84.0.4147.135','http://www.google.com/chrome/','Windows','windows','7 64 bit','http://windows.microsoft.com/en-US/windows7/products/home'),(189,'Mozilla/5.0 (Linux; Android 7.1.2; Redmi 5 Plus) AppleWebKit/537.36 (KHTML, like Gecko) Chrome/84.0.4147.125 Mobile Safari/537.36',2,'Chrome','chrome','84.0.4147.125','http://www.google.com/chrome/','Android','android','7.1.2','http://www.android.com/'),(190,'Mozilla/5.0 (Linux; Android 9; RMX1941) AppleWebKit/537.36 (KHTML, like Gecko) Chrome/80.0.3987.132 Mobile Safari/537.36',1,'Chrome','chrome','80.0.3987.132','http://www.google.com/chrome/','Android','android','9','http://www.android.com/'),(191,'Mozilla/5.0 (Linux; Android 6.0.1; Redmi 4X Build/MMB29M) AppleWebKit/537.36 (KHTML, like Gecko) Chrome/54.0.2840.85 Mobile Safari/537.36',2,'Chrome','chrome','54.0.2840.85','http://www.google.com/chrome/','Android','android','6.0.1','http://www.android.com/'),(192,'Mozilla/5.0 (Linux; Android 8.1.0; SM-J701F) AppleWebKit/537.36 (KHTML, like Gecko) Chrome/81.0.4044.138 Mobile Safari/537.36',1,'Chrome','chrome','81.0.4044.138','http://www.google.com/chrome/','Android','android','8.1.0','http://www.android.com/'),(193,'Mozilla/5.0 (Linux; Android 9; Mi A1) AppleWebKit/537.36 (KHTML, like Gecko) Chrome/85.0.4183.101 Mobile Safari/537.36',1,'Chrome','chrome','85.0.4183.101','http://www.google.com/chrome/','Android','android','9','http://www.android.com/'),(194,'Mozilla/5.0 (iPhone; CPU iPhone OS 12_4_8 like Mac OS X) AppleWebKit/605.1.15 (KHTML, like Gecko) Version/12.1.2 Mobile/15E148 Safari/604.1',1,'iPhone','iphone','','http://www.apple.com/iphone/','iPhone OS','iphone','12_4_8','http://www.apple.com/iphone/'),(195,'Mozilla/5.0 (Windows NT 10.0; WOW64) AppleWebKit/537.36 (KHTML, like Gecko) Chrome/85.0.4183.102 Safari/537.36',1,'Chrome','chrome','85.0.4183.102','http://www.google.com/chrome/','Windows','windows','NT','http://www.microsoft.com/windows/'),(196,'Mozilla/5.0 (Linux; Android 10; CPH1911) AppleWebKit/537.36 (KHTML, like Gecko) Chrome/85.0.4183.81 Mobile Safari/537.36',1,'Chrome','chrome','85.0.4183.81','http://www.google.com/chrome/','Android','android','10','http://www.android.com/'),(197,'Mozilla/5.0 (Linux; U; Android 8.1.0; in-id; CPH1803 Build/OPM1.171019.026) AppleWebKit/537.36 (KHTML, like Gecko) Version/4.0 Chrome/70.0.3538.80 Mobile Safari/537.36 HeyTapBrowser/15.7.2.5',1,'Chrome','chrome','70.0.3538.80','http://www.google.com/chrome/','Android','android','8.1.0','http://www.android.com/'),(198,'WhatsApp/2.20.193.9 A',1,'Unknown','unknown','','','Unknown','unknown','',''),(199,'Mozilla/5.0 (Linux; Android 10; Redmi Note 8 Pro) AppleWebKit/537.36 (KHTML, like Gecko) Chrome/85.0.4183.127 Mobile Safari/537.36',1,'Chrome','chrome','85.0.4183.127','http://www.google.com/chrome/','Android','android','10','http://www.android.com/'),(200,'Mozilla/5.0 (Linux; Android 9; vivo 1904 Build/PPR1.180610.011; wv) AppleWebKit/537.36 (KHTML, like Gecko) Chrome/62.0.3202.84 Mobile Safari/537.36 VivoBrowser/6.8.0.1',1,'Chrome','chrome','62.0.3202.84','http://www.google.com/chrome/','Android','android','9','http://www.android.com/'),(201,'Mozilla/5.0 (Linux; Android 9; vivo 1907) AppleWebKit/537.36 (KHTML, like Gecko) Chrome/85.0.4183.127 Mobile Safari/537.36',1,'Chrome','chrome','85.0.4183.127','http://www.google.com/chrome/','Android','android','9','http://www.android.com/'),(202,'Mozilla/5.0 (Linux; Android 10; SM-A705F) AppleWebKit/537.36 (KHTML, like Gecko) Chrome/85.0.4183.127 Mobile Safari/537.36',1,'Chrome','chrome','85.0.4183.127','http://www.google.com/chrome/','Android','android','10','http://www.android.com/'),(203,'Mozilla/5.0 (Linux; Android 5.1.1; Redmi 3) AppleWebKit/537.36 (KHTML, like Gecko) Chrome/85.0.4183.101 Mobile Safari/537.36',1,'Chrome','chrome','85.0.4183.101','http://www.google.com/chrome/','Android','android','5.1.1','http://www.android.com/'),(204,'Mozilla/5.0 (Windows NT 6.1) AppleWebKit/537.36 (KHTML, like Gecko) Chrome/85.0.4183.121 Safari/537.36',3,'Chrome','chrome','85.0.4183.121','http://www.google.com/chrome/','Windows','windows','7','http://windows.microsoft.com/en-US/windows7/products/home'),(205,'Mozilla/5.0 (Windows NT 6.1) AppleWebKit/537.36 (KHTML, like Gecko) Chrome/86.0.4240.75 Safari/537.36',2,'Chrome','chrome','86.0.4240.75','http://www.google.com/chrome/','Windows','windows','7','http://windows.microsoft.com/en-US/windows7/products/home'),(206,'Mozilla/5.0 (Windows NT 10.0; Win64; x64) AppleWebKit/537.36 (KHTML, like Gecko) Chrome/86.0.4240.75 Safari/537.36',2,'Chrome','chrome','86.0.4240.75','http://www.google.com/chrome/','Windows','windows','NT','http://www.microsoft.com/windows/'),(207,'Mozilla/5.0 (Linux; U; Android 6.0.1; id-id; Redmi 3S Build/MMB29M) AppleWebKit/537.36 (KHTML, like Gecko) Version/4.0 Chrome/46.0.2490.85 Mobile Safari/537.36 XiaoMi/MiuiBrowser/8.2.15',1,'Chrome','chrome','46.0.2490.85','http://www.google.com/chrome/','Android','android','6.0.1','http://www.android.com/'),(208,'Mozilla/5.0 (Linux; Android 10; SM-A505F) AppleWebKit/537.36 (KHTML, like Gecko) Chrome/85.0.4183.127 Mobile Safari/537.36',2,'Chrome','chrome','85.0.4183.127','http://www.google.com/chrome/','Android','android','10','http://www.android.com/'),(209,'Mozilla/5.0 (Linux; Android 9; SM-A207F) AppleWebKit/537.36 (KHTML, like Gecko) Chrome/74.0.3729.136 Mobile Safari/537.36',1,'Chrome','chrome','74.0.3729.136','http://www.google.com/chrome/','Android','android','9','http://www.android.com/'),(210,'Mozilla/5.0 (Windows NT 6.1; WOW64) AppleWebKit/537.36 (KHTML, like Gecko) Chrome/27.0.1453.93 Safari/537.36',1,'Chrome','chrome','27.0.1453.93','http://www.google.com/chrome/','Windows','windows','7 64 bit','http://windows.microsoft.com/en-US/windows7/products/home'),(211,'Mozilla/5.0 (Windows NT 6.4; WOW64) AppleWebKit/537.36 (KHTML, like Gecko) Chrome/41.0.2225.0 Safari/537.36',1,'Chrome','chrome','41.0.2225.0','http://www.google.com/chrome/','Windows','windows','NT','http://www.microsoft.com/windows/'),(212,'Mozilla/5.0 (Linux; Android 9; SM-A530F) AppleWebKit/537.36 (KHTML, like Gecko) Chrome/85.0.4183.127 Mobile Safari/537.36',2,'Chrome','chrome','85.0.4183.127','http://www.google.com/chrome/','Android','android','9','http://www.android.com/'),(213,'Mozilla/5.0 (iPhone; CPU iPhone OS 14_2 like Mac OS X) AppleWebKit/605.1.15 (KHTML, like Gecko) Version/14.0.1 Mobile/15E148 Safari/604.1',2,'iPhone','iphone','','http://www.apple.com/iphone/','iPhone OS','iphone','14_2','http://www.apple.com/iphone/'),(214,'Mozilla/5.0 (Linux; U; Android 7.1.1; CPH1723 Build/N6F26Q; wv) AppleWebKit/537.36 (KHTML, like Gecko) Version/4.0 Chrome/86.0.4240.75 Mobile Safari/537.36 OPR/51.0.2254.150807',5,'Chrome','chrome','86.0.4240.75','http://www.google.com/chrome/','Android','android','7.1.1','http://www.android.com/'),(215,'Mozilla/5.0 (Linux; Android 8.1.0; CPH1909) AppleWebKit/537.36 (KHTML, like Gecko) Chrome/77.0.3865.92 Mobile Safari/537.36',3,'Chrome','chrome','77.0.3865.92','http://www.google.com/chrome/','Android','android','8.1.0','http://www.android.com/'),(216,'Mozilla/5.0 (Linux; Android 9; SAMSUNG SM-A105G) AppleWebKit/537.36 (KHTML, like Gecko) SamsungBrowser/12.1 Chrome/79.0.3945.136 Mobile Safari/537.36',1,'Chrome','chrome','79.0.3945.136','http://www.google.com/chrome/','Android','android','9','http://www.android.com/'),(217,'Mozilla/5.0 (Windows NT 6.2) AppleWebKit/537.36 (KHTML, like Gecko) Chrome/28.0.1464.0 Safari/537.36',1,'Chrome','chrome','28.0.1464.0','http://www.google.com/chrome/','Windows','windows','8','http://www.microsoft.com/windows/'),(218,'Mozilla/5.0 (X11; Linux x86_64) AppleWebKit/537.36 (KHTML, like Gecko) Chrome/41.0.2227.0 Safari/537.36',1,'Chrome','chrome','41.0.2227.0','http://www.google.com/chrome/','Linux','linux','64 bit','http://en.wikipedia.org/wiki/Linux'),(219,'Mozilla/5.0 (Windows NT 10.0) AppleWebKit/537.36 (KHTML, like Gecko) Chrome/40.0.2214.93 Safari/537.36',1,'Chrome','chrome','40.0.2214.93','http://www.google.com/chrome/','Windows','windows','NT','http://www.microsoft.com/windows/'),(220,'Mozilla/5.0 (Windows NT 5.1) AppleWebKit/537.36 (KHTML, like Gecko) Chrome/35.0.2117.157 Safari/537.36',1,'Chrome','chrome','35.0.2117.157','http://www.google.com/chrome/','Windows','windows','XP','http://windows.microsoft.com/en-US/windows/products/windows-xp'),(221,'Mozilla/5.0 (Windows NT 6.2; Win64; x64) AppleWebKit/537.36 (KHTML, like Gecko) Chrome/32.0.1667.0 Safari/537.36',1,'Chrome','chrome','32.0.1667.0','http://www.google.com/chrome/','Windows','windows','8 64 bit','http://www.microsoft.com/windows/'),(222,'Mozilla/5.0 (Windows NT 6.2) AppleWebKit/537.36 (KHTML, like Gecko) Chrome/28.0.1467.0 Safari/537.36',1,'Chrome','chrome','28.0.1467.0','http://www.google.com/chrome/','Windows','windows','8','http://www.microsoft.com/windows/'),(223,'Mozilla/5.0 (Windows NT 6.3; WOW64) AppleWebKit/537.36 (KHTML, like Gecko) Chrome/41.0.2226.0 Safari/537.36',1,'Chrome','chrome','41.0.2226.0','http://www.google.com/chrome/','Windows','windows','NT','http://www.microsoft.com/windows/'),(224,'Mozilla/5.0 (Windows NT 4.0; WOW64) AppleWebKit/537.36 (KHTML, like Gecko) Chrome/37.0.2049.0 Safari/537.36',1,'Chrome','chrome','37.0.2049.0','http://www.google.com/chrome/','Windows','windows','NT 4.0','http://www.microsoft.com/windows/'),(225,'Mozilla/5.0 (Linux; Android 7.1.2; Redmi Note 5A) AppleWebKit/537.36 (KHTML, like Gecko) Chrome/85.0.4183.127 Mobile Safari/537.36',1,'Chrome','chrome','85.0.4183.127','http://www.google.com/chrome/','Android','android','7.1.2','http://www.android.com/'),(226,'Mozilla/5.0 (Linux; Android 8.1.0; CPH1853 Build/OPM1.171019.026) AppleWebKit/537.36 (KHTML, like Gecko) Chrome/68.0.3440.91 Mobile Safari/537.36',1,'Chrome','chrome','68.0.3440.91','http://www.google.com/chrome/','Android','android','8.1.0','http://www.android.com/'),(227,'Mozilla/5.0 (Linux; Android 5.0.2; Redmi Note 3) AppleWebKit/537.36 (KHTML, like Gecko) Chrome/86.0.4240.99 Mobile Safari/537.36',2,'Chrome','chrome','86.0.4240.99','http://www.google.com/chrome/','Android','android','5.0.2','http://www.android.com/'),(228,'Mozilla/5.0 (Linux; Android 9; CPH1819) AppleWebKit/537.36 (KHTML, like Gecko) Chrome/80.0.3987.149 Mobile Safari/537.36',1,'Chrome','chrome','80.0.3987.149','http://www.google.com/chrome/','Android','android','9','http://www.android.com/'),(229,'Mozilla/5.0 (Linux; U; Android 7.1.1; en-US; CPH1723 Build/N6F26Q) AppleWebKit/537.36 (KHTML, like Gecko) Version/4.0 Chrome/57.0.2987.108 UCBrowser/12.5.0.1109 Mobile Safari/537.36',2,'Chrome','chrome','57.0.2987.108','http://www.google.com/chrome/','Android','android','7.1.1','http://www.android.com/'),(230,'Mozilla/5.0 (Linux; Android 5.1.1; A37f Build/LMY47V) AppleWebKit/537.36 (KHTML, like Gecko) Chrome/60.0.3112.116 Mobile Safari/537.36 OPR/44.12.2246.133431',1,'Chrome','chrome','60.0.3112.116','http://www.google.com/chrome/','Android','android','5.1.1','http://www.android.com/'),(231,'Mozilla/5.0 (Linux; Android 5.1.1; A37f) AppleWebKit/537.36 (KHTML, like Gecko) Chrome/86.0.4240.110 Mobile Safari/537.36',3,'Chrome','chrome','86.0.4240.110','http://www.google.com/chrome/','Android','android','5.1.1','http://www.android.com/'),(232,'Mozilla/5.0 (Windows NT 10.0; Win64; x64) AppleWebKit/537.36 (KHTML, like Gecko) Chrome/86.0.4240.111 Safari/537.36',1,'Chrome','chrome','86.0.4240.111','http://www.google.com/chrome/','Windows','windows','NT','http://www.microsoft.com/windows/'),(233,'Mozilla/5.0 (Linux; Android 9; SM-A207F) AppleWebKit/537.36 (KHTML, like Gecko) Chrome/81.0.4044.138 Mobile Safari/537.36',2,'Chrome','chrome','81.0.4044.138','http://www.google.com/chrome/','Android','android','9','http://www.android.com/'),(234,'Mozilla/5.0 (Linux; Android 7.1.1; CPH1723) AppleWebKit/537.36 (KHTML, like Gecko) Chrome/85.0.4183.127 Mobile Safari/537.36',1,'Chrome','chrome','85.0.4183.127','http://www.google.com/chrome/','Android','android','7.1.1','http://www.android.com/'),(235,'Mozilla/5.0 (Linux; Android 10; RMX2180) AppleWebKit/537.36 (KHTML, like Gecko) Chrome/86.0.4240.110 Mobile Safari/537.36',2,'Chrome','chrome','86.0.4240.110','http://www.google.com/chrome/','Android','android','10','http://www.android.com/'),(236,'Mozilla/5.0 (Linux; Android 10; RMX2180) AppleWebKit/537.36 (KHTML, like Gecko) Chrome/86.0.4240.185 Mobile Safari/537.36',1,'Chrome','chrome','86.0.4240.185','http://www.google.com/chrome/','Android','android','10','http://www.android.com/'),(237,'Mozilla/5.0 (Windows NT 10.0; Win64; x64) AppleWebKit/537.36 (KHTML, like Gecko) Chrome/86.0.4240.198 Safari/537.36',1,'Chrome','chrome','86.0.4240.198','http://www.google.com/chrome/','Windows','windows','NT','http://www.microsoft.com/windows/'),(238,'Mozilla/5.0 (Linux; Android 10; ASUS_Z01RD) AppleWebKit/537.36 (KHTML, like Gecko) Chrome/86.0.4240.198 Mobile Safari/537.36',5,'Chrome','chrome','86.0.4240.198','http://www.google.com/chrome/','Android','android','10','http://www.android.com/'),(239,'Mozilla/5.0 (Linux; Android 5.0.2; vivo Y51L) AppleWebKit/537.36 (KHTML, like Gecko) Chrome/87.0.4280.66 Mobile Safari/537.36',1,'Chrome','chrome','87.0.4280.66','http://www.google.com/chrome/','Android','android','5.0.2','http://www.android.com/'),(240,'Mozilla/5.0 (Windows NT 10.0; Win64; x64; rv:83.0) Gecko/20100101 Firefox/83.0',4,'Mozilla Firefox','firefox','83.0','http://www.mozilla.com/firefox/','Windows','windows','NT','http://www.microsoft.com/windows/'),(241,'Mozilla/5.0 (Linux; Android 10; V2027) AppleWebKit/537.36 (KHTML, like Gecko) Chrome/80.0.3987.99 Mobile Safari/537.36',1,'Chrome','chrome','80.0.3987.99','http://www.google.com/chrome/','Android','android','10','http://www.android.com/'),(242,'Mozilla/5.0 (iPhone; CPU iPhone OS 13_1_3 like Mac OS X) AppleWebKit/605.1.15 (KHTML, like Gecko) Version/13.0.1 Mobile/15E148 Safari/604.1',1,'iPhone','iphone','','http://www.apple.com/iphone/','iPhone OS','iphone','13_1_3','http://www.apple.com/iphone/'),(243,'Mozilla/5.0 (Linux; Android 8.1.0; SM-J260G) AppleWebKit/537.36 (KHTML, like Gecko) Chrome/85.0.4183.81 Mobile Safari/537.36',2,'Chrome','chrome','85.0.4183.81','http://www.google.com/chrome/','Android','android','8.1.0','http://www.android.com/'),(244,'Mozilla/5.0 (Linux; Android 6.0; vivo 1601) AppleWebKit/537.36 (KHTML, like Gecko) Chrome/80.0.3987.119 Mobile Safari/537.36',2,'Chrome','chrome','80.0.3987.119','http://www.google.com/chrome/','Android','android','6.0','http://www.android.com/'),(245,'Mozilla/5.0 (Linux; Android 8.1.0; vivo 1724) AppleWebKit/537.36 (KHTML, like Gecko) Chrome/76.0.3809.111 Mobile Safari/537.36',1,'Chrome','chrome','76.0.3809.111','http://www.google.com/chrome/','Android','android','8.1.0','http://www.android.com/'),(246,'Mozilla/5.0 (Linux; Android 9; Redmi 6A) AppleWebKit/537.36 (KHTML, like Gecko) Chrome/86.0.4240.185 Mobile Safari/537.36',2,'Chrome','chrome','86.0.4240.185','http://www.google.com/chrome/','Android','android','9','http://www.android.com/'),(247,'Mozilla/5.0 (Windows NT 6.3; WOW64; rv:44.0) Gecko/20100101 Firefox/44.0',1,'Mozilla Firefox','firefox','44.0','http://www.mozilla.com/firefox/','Windows','windows','NT','http://www.microsoft.com/windows/'),(248,'Mozilla/5.0 (iPhone; CPU iPhone OS 13_7 like Mac OS X) AppleWebKit/605.1.15 (KHTML, like Gecko) Version/13.1.2 Mobile/15E148 Safari/604.1',1,'iPhone','iphone','','http://www.apple.com/iphone/','iPhone OS','iphone','13_7','http://www.apple.com/iphone/'),(249,'Mozilla/5.0 (Linux; Android 5.1; Lenovo A2010-a) AppleWebKit/537.36 (KHTML, like Gecko) Chrome/84.0.4147.111 Mobile Safari/537.36',1,'Chrome','chrome','84.0.4147.111','http://www.google.com/chrome/','Android','android','5.1','http://www.android.com/'),(250,'Mozilla/5.0 (Linux; Android 6.0.1; SM-G532G) AppleWebKit/537.36 (KHTML, like Gecko) Chrome/85.0.4183.81 Mobile Safari/537.36',2,'Chrome','chrome','85.0.4183.81','http://www.google.com/chrome/','Android','android','6.0.1','http://www.android.com/'),(251,'Mozilla/5.0 (Windows NT 6.1; Win64; x64) AppleWebKit/537.36 (KHTML, like Gecko) Chrome/87.0.4280.88 Safari/537.36',5,'Chrome','chrome','87.0.4280.88','http://www.google.com/chrome/','Windows','windows','7 64 bit','http://windows.microsoft.com/en-US/windows7/products/home'),(252,'Mozilla/5.0 (Linux; Android 7.0; Redmi Note 4) AppleWebKit/537.36 (KHTML, like Gecko) Chrome/86.0.4240.198 Mobile Safari/537.36',6,'Chrome','chrome','86.0.4240.198','http://www.google.com/chrome/','Android','android','7.0','http://www.android.com/'),(253,'Mozilla/5.0 (Linux; Android 6.0.1; Redmi 4A) AppleWebKit/537.36 (KHTML, like Gecko) Chrome/78.0.3904.96 Mobile Safari/537.36',1,'Chrome','chrome','78.0.3904.96','http://www.google.com/chrome/','Android','android','6.0.1','http://www.android.com/'),(254,'Mozilla/5.0 (Windows NT 10.0; Win64; x64) AppleWebKit/537.36 (KHTML, like Gecko) Chrome/87.0.4280.88 Safari/537.36',9,'Chrome','chrome','87.0.4280.88','http://www.google.com/chrome/','Windows','windows','NT','http://www.microsoft.com/windows/'),(255,'Mozilla/5.0 (Linux; Android 9; CPH1937) AppleWebKit/537.36 (KHTML, like Gecko) Chrome/74.0.3729.136 Mobile Safari/537.36',1,'Chrome','chrome','74.0.3729.136','http://www.google.com/chrome/','Android','android','9','http://www.android.com/'),(256,'Mozilla/5.0 (Linux; Android 8.1.0; vivo 1817) AppleWebKit/537.36 (KHTML, like Gecko) Chrome/86.0.4240.99 Mobile Safari/537.36',1,'Chrome','chrome','86.0.4240.99','http://www.google.com/chrome/','Android','android','8.1.0','http://www.android.com/'),(257,'Mozilla/5.0 (Linux; Android 10; CPH1911) AppleWebKit/537.36 (KHTML, like Gecko) Chrome/87.0.4280.101 Mobile Safari/537.36',1,'Chrome','chrome','87.0.4280.101','http://www.google.com/chrome/','Android','android','10','http://www.android.com/'),(258,'Mozilla/5.0 (Linux; Android 6.0; Redmi Pro) AppleWebKit/537.36 (KHTML, like Gecko) Chrome/86.0.4240.198 Mobile Safari/537.36',1,'Chrome','chrome','86.0.4240.198','http://www.google.com/chrome/','Android','android','6.0','http://www.android.com/'),(259,'Mozilla/5.0 (Linux; Android 9; ASUS_X00TD) AppleWebKit/537.36 (KHTML, like Gecko) Chrome/87.0.4280.101 Mobile Safari/537.36',1,'Chrome','chrome','87.0.4280.101','http://www.google.com/chrome/','Android','android','9','http://www.android.com/'),(260,'Mozilla/5.0 (Linux; Android 6.0.1; SAMSUNG SM-J700F) AppleWebKit/537.36 (KHTML, like Gecko) SamsungBrowser/13.0 Chrome/83.0.4103.106 Mobile Safari/537.36',5,'Chrome','chrome','83.0.4103.106','http://www.google.com/chrome/','Android','android','6.0.1','http://www.android.com/'),(261,'Mozilla/5.0 (Linux; Android 9; CPH2083) AppleWebKit/537.36 (KHTML, like Gecko) Chrome/79.0.3945.116 Mobile Safari/537.36',1,'Chrome','chrome','79.0.3945.116','http://www.google.com/chrome/','Android','android','9','http://www.android.com/'),(262,'Mozilla/5.0 (Linux; Android 7.1.1; CPH1725) AppleWebKit/537.36 (KHTML, like Gecko) Chrome/87.0.4280.101 Mobile Safari/537.36',1,'Chrome','chrome','87.0.4280.101','http://www.google.com/chrome/','Android','android','7.1.1','http://www.android.com/'),(263,'Mozilla/5.0 (Linux; Android 6.0.1; Redmi 3S) AppleWebKit/537.36 (KHTML, like Gecko) Chrome/85.0.4183.127 Mobile Safari/537.36',1,'Chrome','chrome','85.0.4183.127','http://www.google.com/chrome/','Android','android','6.0.1','http://www.android.com/'),(264,'Mozilla/5.0 (Linux; Android 10; vivo 2019; wv) AppleWebKit/537.36 (KHTML, like Gecko) Chrome/62.0.3202.84 Mobile Safari/537.36 VivoBrowser/7.0.0.3',1,'Chrome','chrome','62.0.3202.84','http://www.google.com/chrome/','Android','android','10','http://www.android.com/'),(265,'Mozilla/5.0 (Linux; U; Android 4.4.4; zh-CN; Coolpad Y82-520 Build/KTU84P) AppleWebKit/534.30 (KHTML, like Gecko) Version/4.0 UCBrowser/10.9.8.738 U3/0.8.0 Mobile Safari/534.30',1,'Mobile Safari','safari','4.0','http://www.apple.com/iphone/features/safari.html','Android','android','4.4.4','http://www.android.com/'),(266,'Mozilla/5.0 (Linux; Android 9; Redmi 6) AppleWebKit/537.36 (KHTML, like Gecko) Chrome/80.0.3987.99 Mobile Safari/537.36',1,'Chrome','chrome','80.0.3987.99','http://www.google.com/chrome/','Android','android','9','http://www.android.com/'),(267,'Mozilla/5.0 (Linux; Android 6.0.1; SM-G532G Build/MMB29T) AppleWebKit/537.36 (KHTML, like Gecko) Chrome/55.0.2883.91 Mobile Safari/537.36',2,'Chrome','chrome','55.0.2883.91','http://www.google.com/chrome/','Android','android','6.0.1','http://www.android.com/'),(268,'Mozilla/5.0 (Windows NT 6.1) AppleWebKit/537.36 (KHTML, like Gecko) Chrome/87.0.4280.88 Safari/537.36',1,'Chrome','chrome','87.0.4280.88','http://www.google.com/chrome/','Windows','windows','7','http://windows.microsoft.com/en-US/windows7/products/home'),(269,'Mozilla/5.0 (Linux; Android 8.1.0; vivo 1820) AppleWebKit/537.36 (KHTML, like Gecko) Chrome/87.0.4280.101 Mobile Safari/537.36',2,'Chrome','chrome','87.0.4280.101','http://www.google.com/chrome/','Android','android','8.1.0','http://www.android.com/'),(270,'Mozilla/5.0 (Linux; Android 8.1.0; Redmi Note 5) AppleWebKit/537.36 (KHTML, like Gecko) Chrome/84.0.4147.105 Mobile Safari/537.36',1,'Chrome','chrome','84.0.4147.105','http://www.google.com/chrome/','Android','android','8.1.0','http://www.android.com/'),(271,'Mozilla/5.0 (Linux; Android 10; SM-M115F) AppleWebKit/537.36 (KHTML, like Gecko) Chrome/87.0.4280.66 Mobile Safari/537.36',1,'Chrome','chrome','87.0.4280.66','http://www.google.com/chrome/','Android','android','10','http://www.android.com/'),(272,'Mozilla/5.0 (Linux; Android 7.0; Redmi Note 4) AppleWebKit/537.36 (KHTML, like Gecko) Chrome/87.0.4280.101 Mobile Safari/537.36',1,'Chrome','chrome','87.0.4280.101','http://www.google.com/chrome/','Android','android','7.0','http://www.android.com/'),(273,'Buck/2.2; (+https://app.hypefactors.com/media-monitoring/about.html)',120,'Unknown','unknown','','','Unknown','unknown','',''),(274,'Mozilla/5.0 (Linux; U; Android 10; en-US; CPH2061 Build/QKQ1.200114.002) AppleWebKit/537.36 (KHTML, like Gecko) Version/4.0 Chrome/78.0.3904.108 UCBrowser/13.3.2.1303 Mobile Safari/537.36',1,'Chrome','chrome','78.0.3904.108','http://www.google.com/chrome/','Android','android','10','http://www.android.com/'),(275,'Mozilla/5.0 (Linux; Android 8.1.0; CPH1803) AppleWebKit/537.36 (KHTML, like Gecko) Chrome/87.0.4280.101 Mobile Safari/537.36',1,'Chrome','chrome','87.0.4280.101','http://www.google.com/chrome/','Android','android','8.1.0','http://www.android.com/'),(276,'Mozilla/5.0 (Linux; Android 9; vivo 1904) AppleWebKit/537.36 (KHTML, like Gecko) Chrome/85.0.4183.120 Mobile Safari/537.36',1,'Chrome','chrome','85.0.4183.120','http://www.google.com/chrome/','Android','android','9','http://www.android.com/'),(277,'Mozilla/5.0 (Linux; Android 5.1.1; A37f) AppleWebKit/537.36 (KHTML, like Gecko) Chrome/86.0.4240.114 Mobile Safari/537.36',5,'Chrome','chrome','86.0.4240.114','http://www.google.com/chrome/','Android','android','5.1.1','http://www.android.com/'),(278,'Mozilla/5.0 (Linux; Android 9; CPH1931) AppleWebKit/537.36 (KHTML, like Gecko) Chrome/87.0.4280.101 Mobile Safari/537.36',1,'Chrome','chrome','87.0.4280.101','http://www.google.com/chrome/','Android','android','9','http://www.android.com/'),(279,'Mozilla/5.0 (Linux; Android 5.1; A1603) AppleWebKit/537.36 (KHTML, like Gecko) Chrome/87.0.4280.101 Mobile Safari/537.36',1,'Chrome','chrome','87.0.4280.101','http://www.google.com/chrome/','Android','android','5.1','http://www.android.com/'),(280,'Mozilla/5.0 (Linux; Android 10; CPH2127) AppleWebKit/537.36 (KHTML, like Gecko) Chrome/83.0.4103.106 Mobile Safari/537.36',1,'Chrome','chrome','83.0.4103.106','http://www.google.com/chrome/','Android','android','10','http://www.android.com/'),(281,'Mozilla/5.0 (Linux; Android 9; RMX2030) AppleWebKit/537.36 (KHTML, like Gecko) Chrome/86.0.4240.185 Mobile Safari/537.36',1,'Chrome','chrome','86.0.4240.185','http://www.google.com/chrome/','Android','android','9','http://www.android.com/'),(282,'Mozilla/5.0 (Linux; Android 8.1.0; Redmi Note 5) AppleWebKit/537.36 (KHTML, like Gecko) Chrome/87.0.4280.141 Mobile Safari/537.36',1,'Chrome','chrome','87.0.4280.141','http://www.google.com/chrome/','Android','android','8.1.0','http://www.android.com/'),(283,'Mozilla/5.0 (X11; Linux x86_64) AppleWebKit/537.36 (KHTML, like Gecko) Chrome/49.0.2623.75 Safari/537.36 Google Favicon',1,'Chrome','chrome','49.0.2623.75','http://www.google.com/chrome/','Linux','linux','64 bit','http://en.wikipedia.org/wiki/Linux'),(284,'Mozilla/5.0 (Windows NT 10.0; Win64; x64; rv:84.0) Gecko/20100101 Firefox/84.0',2,'Mozilla Firefox','firefox','84.0','http://www.mozilla.com/firefox/','Windows','windows','NT','http://www.microsoft.com/windows/'),(285,'Mozilla/5.0 (Linux; U; Android 10; in-id; CPH2185 Build/QP1A.190711.020) AppleWebKit/537.36 (KHTML, like Gecko) Version/4.0 Chrome/70.0.3538.80 Mobile Safari/537.36 HeyTapBrowser/45.7.5.1',1,'Chrome','chrome','70.0.3538.80','http://www.google.com/chrome/','Android','android','10','http://www.android.com/'),(286,'Mozilla/5.0 (Linux; Android 5.1.1; A37f Build/LMY47V) AppleWebKit/537.36 (KHTML, like Gecko) Chrome/43.0.2357.93 Mobile Safari/537.36',3,'Chrome','chrome','43.0.2357.93','http://www.google.com/chrome/','Android','android','5.1.1','http://www.android.com/'),(287,'Mozilla/5.0 (Windows NT 10.0; Win64; x64) AppleWebKit/537.36 (KHTML, like Gecko) Chrome/87.0.4280.141 Safari/537.36',2,'Chrome','chrome','87.0.4280.141','http://www.google.com/chrome/','Windows','windows','NT','http://www.microsoft.com/windows/'),(288,'Mozilla/5.0 (iPhone; CPU iPhone OS 14_3 like Mac OS X) AppleWebKit/605.1.15 (KHTML, like Gecko) Version/14.0.2 Mobile/15E148 Safari/604.1',1,'iPhone','iphone','','http://www.apple.com/iphone/','iPhone OS','iphone','14_3','http://www.apple.com/iphone/'),(289,'Mozilla/5.0 (Windows NT 10.0; WOW64) AppleWebKit/537.36 (KHTML, like Gecko) Chrome/87.0.4280.141 Safari/537.36',1,'Chrome','chrome','87.0.4280.141','http://www.google.com/chrome/','Windows','windows','NT','http://www.microsoft.com/windows/'),(290,'Mozilla/5.0 (Linux; Android 7.1.2; Redmi 5A) AppleWebKit/537.36 (KHTML, like Gecko) Chrome/86.0.4240.185 Mobile Safari/537.36',1,'Chrome','chrome','86.0.4240.185','http://www.google.com/chrome/','Android','android','7.1.2','http://www.android.com/'),(291,'Mozilla/5.0 (Linux; Android 9; CPH1923) AppleWebKit/537.36 (KHTML, like Gecko) Chrome/87.0.4280.141 Mobile Safari/537.36',1,'Chrome','chrome','87.0.4280.141','http://www.google.com/chrome/','Android','android','9','http://www.android.com/'),(292,'Mozilla/5.0 (Linux; Android 10; Redmi Note 9 Pro) AppleWebKit/537.36 (KHTML, like Gecko) Chrome/87.0.4280.66 Mobile Safari/537.36',1,'Chrome','chrome','87.0.4280.66','http://www.google.com/chrome/','Android','android','10','http://www.android.com/'),(293,'Mozilla/5.0 (Linux; Android 7.1.2; Redmi 5A) AppleWebKit/537.36 (KHTML, like Gecko) Chrome/78.0.3904.96 Mobile Safari/537.36',1,'Chrome','chrome','78.0.3904.96','http://www.google.com/chrome/','Android','android','7.1.2','http://www.android.com/'),(294,'Mozilla/5.0 (Linux; Android 8.1.0; Redmi 6A) AppleWebKit/537.36 (KHTML, like Gecko) Chrome/87.0.4280.66 Mobile Safari/537.36',1,'Chrome','chrome','87.0.4280.66','http://www.google.com/chrome/','Android','android','8.1.0','http://www.android.com/'),(295,'Mozilla/5.0 (Windows NT 10.0; WOW64) AppleWebKit/537.36 (KHTML, like Gecko) Chrome/79.0.3945.0 Safari/537.36',1,'Chrome','chrome','79.0.3945.0','http://www.google.com/chrome/','Windows','windows','NT','http://www.microsoft.com/windows/'),(296,'Mozilla/5.0 (Windows NT 6.1; WOW64) AppleWebKit/537.36 (KHTML, like Gecko) Chrome/88.0.4324.104 Safari/537.36',1,'Chrome','chrome','88.0.4324.104','http://www.google.com/chrome/','Windows','windows','7 64 bit','http://windows.microsoft.com/en-US/windows7/products/home'),(297,'Mozilla/5.0 (Windows NT 6.1) AppleWebKit/537.36 (KHTML, like Gecko) Chrome/87.0.4280.141 Safari/537.36',2,'Chrome','chrome','87.0.4280.141','http://www.google.com/chrome/','Windows','windows','7','http://windows.microsoft.com/en-US/windows7/products/home'),(298,'Mozilla/5.0 (Windows NT 10.0; Win64; x64; rv:85.0) Gecko/20100101 Firefox/85.0',3,'Mozilla Firefox','firefox','85.0','http://www.mozilla.com/firefox/','Windows','windows','NT','http://www.microsoft.com/windows/'),(299,'WhatsApp/2.21.1.13 A',1,'Unknown','unknown','','','Unknown','unknown','',''),(300,'Mozilla/5.0 (Linux; Android 10; M2003J15SC) AppleWebKit/537.36 (KHTML, like Gecko) Chrome/86.0.4240.110 Mobile Safari/537.36',2,'Chrome','chrome','86.0.4240.110','http://www.google.com/chrome/','Android','android','10','http://www.android.com/'),(301,'Mozilla/5.0 (Windows NT 10.0; Win64; x64) AppleWebKit/537.36 (KHTML, like Gecko) Chrome/88.0.4324.104 Safari/537.36',3,'Chrome','chrome','88.0.4324.104','http://www.google.com/chrome/','Windows','windows','NT','http://www.microsoft.com/windows/'),(302,'Mozilla/5.0 (Linux; Android 8.1.0; vivo 1724) AppleWebKit/537.36 (KHTML, like Gecko) Chrome/88.0.4324.93 Mobile Safari/537.36',1,'Chrome','chrome','88.0.4324.93','http://www.google.com/chrome/','Android','android','8.1.0','http://www.android.com/'),(303,'Mozilla/5.0 (Windows NT 6.1; Win64; x64) AppleWebKit/537.36 (KHTML, like Gecko) Chrome/88.0.4324.146 Safari/537.36',2,'Chrome','chrome','88.0.4324.146','http://www.google.com/chrome/','Windows','windows','7 64 bit','http://windows.microsoft.com/en-US/windows7/products/home'),(304,'Mozilla/5.0 (Linux; Android 8.1.0; vivo 1814) AppleWebKit/537.36 (KHTML, like Gecko) Chrome/86.0.4240.185 Mobile Safari/537.36',2,'Chrome','chrome','86.0.4240.185','http://www.google.com/chrome/','Android','android','8.1.0','http://www.android.com/'),(305,'Mozilla/5.0 (Linux; Android 5.1.1; A37f) AppleWebKit/537.36 (KHTML, like Gecko) Chrome/70.0.3538.64 Mobile Safari/537.36',3,'Chrome','chrome','70.0.3538.64','http://www.google.com/chrome/','Android','android','5.1.1','http://www.android.com/'),(306,'Mozilla/5.0 (Linux; Android 11; CPH2059) AppleWebKit/537.36 (KHTML, like Gecko) Chrome/86.0.4240.198 Mobile Safari/537.36',1,'Chrome','chrome','86.0.4240.198','http://www.google.com/chrome/','Android','android','11','http://www.android.com/'),(307,'Mozilla/5.0 (Linux; Android 9; CPH2015) AppleWebKit/537.36 (KHTML, like Gecko) Chrome/88.0.4324.152 Mobile Safari/537.36',1,'Chrome','chrome','88.0.4324.152','http://www.google.com/chrome/','Android','android','9','http://www.android.com/'),(308,'Mozilla/5.0 (Linux; Android 6.0.1; vivo 1606) AppleWebKit/537.36 (KHTML, like Gecko) Chrome/88.0.4324.152 Mobile Safari/537.36',4,'Chrome','chrome','88.0.4324.152','http://www.google.com/chrome/','Android','android','6.0.1','http://www.android.com/'),(309,'Mozilla/5.0 (Macintosh; Intel Mac OS X 10_13_6) AppleWebKit/605.1.15 (KHTML, like Gecko) Version/13.1.2 Safari/605.1.15',2,'Safari','safari','13.1.2','http://www.apple.com/safari/','Mac OS','macos','X','http://www.apple.com/macosx/'),(310,'Mozilla/5.0 (Linux; Android 10; SAMSUNG SM-J810Y) AppleWebKit/537.36 (KHTML, like Gecko) SamsungBrowser/13.0 Chrome/83.0.4103.106 Mobile Safari/537.36',1,'Chrome','chrome','83.0.4103.106','http://www.google.com/chrome/','Android','android','10','http://www.android.com/'),(311,'Mozilla/5.0 (Linux; Android 8.1.0; vivo 1817) AppleWebKit/537.36 (KHTML, like Gecko) Chrome/70.0.3538.110 Mobile Safari/537.36',1,'Chrome','chrome','70.0.3538.110','http://www.google.com/chrome/','Android','android','8.1.0','http://www.android.com/'),(312,'Mozilla/5.0 (Linux; Android 8.1.0; vivo 1811) AppleWebKit/537.36 (KHTML, like Gecko) Chrome/88.0.4324.152 Mobile Safari/537.36',1,'Chrome','chrome','88.0.4324.152','http://www.google.com/chrome/','Android','android','8.1.0','http://www.android.com/'),(313,'Mozilla/5.0 (Linux; Android 9; vivo 2007) AppleWebKit/537.36 (KHTML, like Gecko) Chrome/74.0.3729.136 Mobile Safari/537.36',1,'Chrome','chrome','74.0.3729.136','http://www.google.com/chrome/','Android','android','9','http://www.android.com/'),(314,'Mozilla/5.0 (Linux; Android 10; CPH1937) AppleWebKit/537.36 (KHTML, like Gecko) Chrome/88.0.4324.93 Mobile Safari/537.36',1,'Chrome','chrome','88.0.4324.93','http://www.google.com/chrome/','Android','android','10','http://www.android.com/'),(315,'Mozilla/5.0 (Linux; Android 5.1.1; A37f) AppleWebKit/537.36 (KHTML, like Gecko) Chrome/87.0.4280.141 Mobile Safari/537.36',3,'Chrome','chrome','87.0.4280.141','http://www.google.com/chrome/','Android','android','5.1.1','http://www.android.com/'),(316,'Mozilla/5.0 (iPhone; CPU iPhone OS 14_4 like Mac OS X) AppleWebKit/605.1.15 (KHTML, like Gecko) Version/14.0.3 Mobile/15E148 Safari/604.1',2,'iPhone','iphone','','http://www.apple.com/iphone/','iPhone OS','iphone','14_4','http://www.apple.com/iphone/'),(317,'Mozilla/5.0 (Windows NT 10.0; Win64; x64) AppleWebKit/537.36 (KHTML, like Gecko) Chrome/88.0.4324.150 Safari/537.36',1,'Chrome','chrome','88.0.4324.150','http://www.google.com/chrome/','Windows','windows','NT','http://www.microsoft.com/windows/'),(318,'Mozilla/5.0 (Linux; U; Android 10; Infinix X680B Build/QP1A.190711.020; wv) AppleWebKit/537.36 (KHTML, like Gecko) Version/4.0 Chrome/84.0.4147.89 Mobile Safari/537.36 OPR/44.1.2254.142553',3,'Chrome','chrome','84.0.4147.89','http://www.google.com/chrome/','Android','android','10','http://www.android.com/'),(319,'Mozilla/5.0 (Linux; U; Android 7.0; SM-J701F Build/NRD90M; wv) AppleWebKit/537.36 (KHTML, like Gecko) Version/4.0 Chrome/64.0.3282.137 Mobile Safari/537.36 OPR/47.0.2254.146543',1,'Chrome','chrome','64.0.3282.137','http://www.google.com/chrome/','Android','android','7.0','http://www.android.com/'),(320,'Mozilla/5.0 (Linux; Android 5.1.1; A37fw Build/LMY47V) AppleWebKit/537.36 (KHTML, like Gecko) Chrome/60.0.3112.116 Mobile Safari/537.36 OPR/44.12.2246.133431',1,'Chrome','chrome','60.0.3112.116','http://www.google.com/chrome/','Android','android','5.1.1','http://www.android.com/'),(321,'Mozilla/5.0 (Linux; Android 9; vivo 1915) AppleWebKit/537.36 (KHTML, like Gecko) Chrome/88.0.4324.152 Mobile Safari/537.36',1,'Chrome','chrome','88.0.4324.152','http://www.google.com/chrome/','Android','android','9','http://www.android.com/'),(322,'Mozilla/5.0 (iPhone; CPU iPhone OS 14_0 like Mac OS X) AppleWebKit/605.1.15 (KHTML, like Gecko) CriOS/87.0.4280.77 Mobile/15E148 Safari/604.1',1,'iPhone','iphone','','http://www.apple.com/iphone/','iPhone OS','iphone','14_0','http://www.apple.com/iphone/'),(323,'Mozilla/5.0 (Linux; Android 8.1.0; vivo 1820) AppleWebKit/537.36 (KHTML, like Gecko) Chrome/88.0.4324.93 Mobile Safari/537.36',1,'Chrome','chrome','88.0.4324.93','http://www.google.com/chrome/','Android','android','8.1.0','http://www.android.com/'),(324,'Mozilla/5.0 (Linux; Android 8.1.0; vivo 1814 Build/O11019; wv) AppleWebKit/537.36 (KHTML, like Gecko) Chrome/62.0.3202.84 Mobile Safari/537.36 VivoBrowser/7.2.0.4',1,'Chrome','chrome','62.0.3202.84','http://www.google.com/chrome/','Android','android','8.1.0','http://www.android.com/'),(325,'Mozilla/5.0 (Windows NT 10.0; Win64; x64) AppleWebKit/537.36 (KHTML, like Gecko) Chrome/88.0.4324.182 Safari/537.36',4,'Chrome','chrome','88.0.4324.182','http://www.google.com/chrome/','Windows','windows','NT','http://www.microsoft.com/windows/'),(326,'Mozilla/5.0 (Linux; Android 8.1.0; CPH1803) AppleWebKit/537.36 (KHTML, like Gecko) Chrome/88.0.4324.93 Mobile Safari/537.36',1,'Chrome','chrome','88.0.4324.93','http://www.google.com/chrome/','Android','android','8.1.0','http://www.android.com/'),(327,'Mozilla/5.0 (Linux; U; Android 10; id-id; Redmi 8 Build/QKQ1.191014.001) AppleWebKit/537.36 (KHTML, like Gecko) Version/4.0 Chrome/71.0.3578.141 Mobile Safari/537.36 XiaoMi/MiuiBrowser/12.8.3-gn',1,'Chrome','chrome','71.0.3578.141','http://www.google.com/chrome/','Android','android','10','http://www.android.com/'),(328,'Mozilla/5.0 (Linux; Android 10; RMX2001) AppleWebKit/537.36 (KHTML, like Gecko) Chrome/88.0.4324.181 Mobile Safari/537.36',1,'Chrome','chrome','88.0.4324.181','http://www.google.com/chrome/','Android','android','10','http://www.android.com/'),(329,'Mozilla/5.0 (Linux; Android 8.1.0; CPH1803) AppleWebKit/537.36 (KHTML, like Gecko) Chrome/84.0.4147.89 Mobile Safari/537.36',1,'Chrome','chrome','84.0.4147.89','http://www.google.com/chrome/','Android','android','8.1.0','http://www.android.com/'),(330,'Mozilla/5.0 (Linux; Android 7.0; SM-J330G) AppleWebKit/537.36 (KHTML, like Gecko) Chrome/73.0.3683.90 Mobile Safari/537.36',1,'Chrome','chrome','73.0.3683.90','http://www.google.com/chrome/','Android','android','7.0','http://www.android.com/'),(331,'Mozilla/5.0 (Linux; Android 10; M2007J3SY) AppleWebKit/537.36 (KHTML, like Gecko) Chrome/88.0.4324.181 Mobile Safari/537.36',2,'Chrome','chrome','88.0.4324.181','http://www.google.com/chrome/','Android','android','10','http://www.android.com/'),(332,'Mozilla/5.0 (Linux; Android 9; SAMSUNG SM-M305M Build/PPR1.180610.011) AppleWebKit/537.36 (KHTML, like Gecko) SamsungBrowser/9.2 Chrome/67.0.3396.87 Mobile Safari/537.36',2,'Chrome','chrome','67.0.3396.87','http://www.google.com/chrome/','Android','android','9','http://www.android.com/'),(333,'Mozilla/5.0 (Linux; Android 10; SM-A207F) AppleWebKit/537.36 (KHTML, like Gecko) Chrome/88.0.4324.152 Mobile Safari/537.36',1,'Chrome','chrome','88.0.4324.152','http://www.google.com/chrome/','Android','android','10','http://www.android.com/'),(334,'Mozilla/5.0 (Windows NT 10.0; Win64; x64) AppleWebKit/537.36 (KHTML, like Gecko) Chrome/88.0.4324.190 Safari/537.36',4,'Chrome','chrome','88.0.4324.190','http://www.google.com/chrome/','Windows','windows','NT','http://www.microsoft.com/windows/'),(335,'Mozilla/5.0 (Linux; Android 8.1.0; CPH1909) AppleWebKit/537.36 (KHTML, like Gecko) Chrome/84.0.4147.125 Mobile Safari/537.36',1,'Chrome','chrome','84.0.4147.125','http://www.google.com/chrome/','Android','android','8.1.0','http://www.android.com/'),(336,'Mozilla/5.0 (Linux; Android 10; CPH1937) AppleWebKit/537.36 (KHTML, like Gecko) Chrome/88.0.4324.152 Mobile Safari/537.36',1,'Chrome','chrome','88.0.4324.152','http://www.google.com/chrome/','Android','android','10','http://www.android.com/'),(337,'Mozilla/5.0 (Linux; Android 9; SM-M305M) AppleWebKit/537.36 (KHTML, like Gecko) Chrome/80.0.3987.132 Mobile Safari/537.36',5,'Chrome','chrome','80.0.3987.132','http://www.google.com/chrome/','Android','android','9','http://www.android.com/'),(338,'Mozilla/5.0 (Linux; Android 10; SM-A600G) AppleWebKit/537.36 (KHTML, like Gecko) Chrome/83.0.4103.106 Mobile Safari/537.36 OPR/59.1.2926.54067',2,'Chrome','chrome','83.0.4103.106','http://www.google.com/chrome/','Android','android','10','http://www.android.com/'),(339,'Mozilla/5.0 (Linux; Android 9; Redmi Note 5) AppleWebKit/537.36 (KHTML, like Gecko) Chrome/88.0.4324.181 Mobile Safari/537.36',1,'Chrome','chrome','88.0.4324.181','http://www.google.com/chrome/','Android','android','9','http://www.android.com/'),(340,'Mozilla/5.0 (Linux; Android 10; SAMSUNG SM-A217F) AppleWebKit/537.36 (KHTML, like Gecko) SamsungBrowser/13.2 Chrome/83.0.4103.106 Mobile Safari/537.36',1,'Chrome','chrome','83.0.4103.106','http://www.google.com/chrome/','Android','android','10','http://www.android.com/'),(341,'Mozilla/5.0 (Windows NT 6.1; WOW64) AppleWebKit/537.36 (KHTML, like Gecko) Chrome/89.0.4389.72 Safari/537.36',1,'Chrome','chrome','89.0.4389.72','http://www.google.com/chrome/','Windows','windows','7 64 bit','http://windows.microsoft.com/en-US/windows7/products/home'),(342,'Mozilla/5.0 (Linux; Android 10; Redmi 8) AppleWebKit/537.36 (KHTML, like Gecko) Chrome/88.0.4324.152 Mobile Safari/537.36',1,'Chrome','chrome','88.0.4324.152','http://www.google.com/chrome/','Android','android','10','http://www.android.com/'),(343,'Mozilla/5.0 (Linux; Android 10; RMX1911) AppleWebKit/537.36 (KHTML, like Gecko) Chrome/88.0.4324.181 Mobile Safari/537.36',1,'Chrome','chrome','88.0.4324.181','http://www.google.com/chrome/','Android','android','10','http://www.android.com/'),(344,'Mozilla/5.0 (Linux; Android 10; M2004J19C) AppleWebKit/537.36 (KHTML, like Gecko) Chrome/88.0.4324.181 Mobile Safari/537.36',1,'Chrome','chrome','88.0.4324.181','http://www.google.com/chrome/','Android','android','10','http://www.android.com/'),(345,'Mozilla/5.0 (Windows NT 10.0; Win64; x64) AppleWebKit/537.36 (KHTML, like Gecko) Chrome/89.0.4389.82 Safari/537.36',6,'Chrome','chrome','89.0.4389.82','http://www.google.com/chrome/','Windows','windows','NT','http://www.microsoft.com/windows/'),(346,'Mozilla/5.0 (Linux; Android 10; M2003J15SC) AppleWebKit/537.36 (KHTML, like Gecko) Chrome/88.0.4324.152 Mobile Safari/537.36',3,'Chrome','chrome','88.0.4324.152','http://www.google.com/chrome/','Android','android','10','http://www.android.com/'),(347,'Mozilla/5.0 (Windows NT 10.0; Win64; x64; rv:86.0) Gecko/20100101 Firefox/86.0',2,'Mozilla Firefox','firefox','86.0','http://www.mozilla.com/firefox/','Windows','windows','NT','http://www.microsoft.com/windows/'),(348,'Mozilla/5.0 (Windows NT 10.0) AppleWebKit/537.36 (KHTML, like Gecko) Chrome/88.0.4324.190 Safari/537.36',1,'Chrome','chrome','88.0.4324.190','http://www.google.com/chrome/','Windows','windows','NT','http://www.microsoft.com/windows/'),(349,'Mozilla/5.0 (Linux; Android 8.1.0; CPH1803) AppleWebKit/537.36 (KHTML, like Gecko) Chrome/88.0.4324.181 Mobile Safari/537.36',2,'Chrome','chrome','88.0.4324.181','http://www.google.com/chrome/','Android','android','8.1.0','http://www.android.com/'),(350,'Mozilla/5.0 (Windows NT 6.1; Win64; x64; rv:84.0) Gecko/20100101 Firefox/84.0',1,'Mozilla Firefox','firefox','84.0','http://www.mozilla.com/firefox/','Windows','windows','7 64 bit','http://windows.microsoft.com/en-US/windows7/products/home'),(351,'Mozilla/5.0 (Linux; Android 10; RMX2101) AppleWebKit/537.36 (KHTML, like Gecko) Chrome/88.0.4324.155 Mobile Safari/537.36',1,'Chrome','chrome','88.0.4324.155','http://www.google.com/chrome/','Android','android','10','http://www.android.com/'),(352,'Mozilla/5.0 (Linux; Android 9; vivo 1901) AppleWebKit/537.36 (KHTML, like Gecko) Chrome/88.0.4324.181 Mobile Safari/537.36',1,'Chrome','chrome','88.0.4324.181','http://www.google.com/chrome/','Android','android','9','http://www.android.com/'),(353,'Mozilla/5.0 (Linux; U; Android 7.1.2; en-US; Redmi Note 5A Build/N2G47H) AppleWebKit/534.30 (KHTML, like Gecko) Version/4.0 UCBrowser/13.2.8.1301 (SpeedMode) U4/1.0 UCWEB/2.0 Mobile Safari/534.30',1,'Mobile Safari','safari','4.0','http://www.apple.com/iphone/features/safari.html','Android','android','7.1.2','http://www.android.com/'),(354,'Mozilla/5.0 (Linux; U; Android 7.1.2; en-US; Redmi Note 5A Build/N2G47H) AppleWebKit/537.36 (KHTML, like Gecko) Version/4.0 Chrome/57.0.2987.108 UCBrowser/13.2.8.1301 Mobile Safari/537.36',1,'Chrome','chrome','57.0.2987.108','http://www.google.com/chrome/','Android','android','7.1.2','http://www.android.com/'),(355,'Mozilla/5.0 (Windows NT 10.0; Win64; x64) AppleWebKit/537.36 (KHTML, like Gecko) Chrome/84.0.4147.105 Safari/537.36',1,'Chrome','chrome','84.0.4147.105','http://www.google.com/chrome/','Windows','windows','NT','http://www.microsoft.com/windows/'),(356,'Mozilla/5.0 (Linux; Android 8.1.0; vivo 1724 Build/OPM1.171019.011; wv) AppleWebKit/537.36 (KHTML, like Gecko) Chrome/62.0.3202.84 Mobile Safari/537.36 VivoBrowser/7.3.2.0',2,'Chrome','chrome','62.0.3202.84','http://www.google.com/chrome/','Android','android','8.1.0','http://www.android.com/'),(357,'Mozilla/5.0 (iPhone; CPU iPhone OS 14_4 like Mac OS X) AppleWebKit/605.1.15 (KHTML, like Gecko) CriOS/83.0.4103.88 Mobile/15E148 Safari/604.1',3,'iPhone','iphone','','http://www.apple.com/iphone/','iPhone OS','iphone','14_4','http://www.apple.com/iphone/'),(358,'Mozilla/5.0 (Linux; Android 5.1.1; A37f) AppleWebKit/537.36 (KHTML, like Gecko) Chrome/86.0.4240.198 Mobile Safari/537.36',3,'Chrome','chrome','86.0.4240.198','http://www.google.com/chrome/','Android','android','5.1.1','http://www.android.com/'),(359,'Mozilla/5.0 (Windows NT 10.0; Win64; x64) AppleWebKit/537.36 (KHTML, like Gecko) Chrome/89.0.4389.90 Safari/537.36',6,'Chrome','chrome','89.0.4389.90','http://www.google.com/chrome/','Windows','windows','NT','http://www.microsoft.com/windows/'),(360,'Mozilla/5.0 (X11; Linux x86_64; rv:109)',1,'Mozilla','mozilla','109','http://www.mozilla.org/','Linux','linux','64 bit','http://en.wikipedia.org/wiki/Linux'),(361,'Mozilla/5.0 (Windows NT 10.0; WOW64) AppleWebKit/537.36 (KHTML, like Gecko) Chrome/89.0.4389.90 Safari/537.36',1,'Chrome','chrome','89.0.4389.90','http://www.google.com/chrome/','Windows','windows','NT','http://www.microsoft.com/windows/'),(362,'Mozilla/5.0 (Macintosh; Intel Mac OS X 10_15_6) AppleWebKit/605.1.15 (KHTML, like Gecko) Version/14.0 Safari/605.1.15',1,'Safari','safari','14.0','http://www.apple.com/safari/','Mac OS','macos','X','http://www.apple.com/macosx/'),(363,'Mozilla/5.0 (Linux; Android 10; Redmi Note 8) AppleWebKit/537.36 (KHTML, like Gecko) Chrome/88.0.4324.152 Mobile Safari/537.36',1,'Chrome','chrome','88.0.4324.152','http://www.google.com/chrome/','Android','android','10','http://www.android.com/'),(364,'Mozilla/5.0 (Linux; Android 10; CPH1933) AppleWebKit/537.36 (KHTML, like Gecko) Chrome/89.0.4389.86 Mobile Safari/537.36',1,'Chrome','chrome','89.0.4389.86','http://www.google.com/chrome/','Android','android','10','http://www.android.com/'),(365,'Mozilla/5.0 (Windows NT 10.0; Win64; x64; rv:87.0) Gecko/20100101 Firefox/87.0',2,'Mozilla Firefox','firefox','87.0','http://www.mozilla.com/firefox/','Windows','windows','NT','http://www.microsoft.com/windows/'),(366,'Mozilla/5.0 (Linux; Android 10; SM-A125F) AppleWebKit/537.36 (KHTML, like Gecko) Chrome/89.0.4389.105 Mobile Safari/537.36',2,'Chrome','chrome','89.0.4389.105','http://www.google.com/chrome/','Android','android','10','http://www.android.com/'),(367,'Mozilla/5.0 (Windows NT 6.1; WOW64) AppleWebKit/537.36 (KHTML, like Gecko) Chrome/89.0.4389.90 Safari/537.36',2,'Chrome','chrome','89.0.4389.90','http://www.google.com/chrome/','Windows','windows','7 64 bit','http://windows.microsoft.com/en-US/windows7/products/home'),(368,'Mozilla/5.0 (Linux; Android 10; SM-A600G) AppleWebKit/537.36 (KHTML, like Gecko) Chrome/87.0.4280.141 Mobile Safari/537.36',1,'Chrome','chrome','87.0.4280.141','http://www.google.com/chrome/','Android','android','10','http://www.android.com/'),(369,'Mozilla/5.0 (Linux; Android 10; SAMSUNG SM-A600G) AppleWebKit/537.36 (KHTML, like Gecko) SamsungBrowser/13.2 Chrome/83.0.4103.106 Mobile Safari/537.36',1,'Chrome','chrome','83.0.4103.106','http://www.google.com/chrome/','Android','android','10','http://www.android.com/'),(370,'Mozilla/5.0 (Linux; Android 10; vivo 1938) AppleWebKit/537.36 (KHTML, like Gecko) Chrome/78.0.3904.96 Mobile Safari/537.36',1,'Chrome','chrome','78.0.3904.96','http://www.google.com/chrome/','Android','android','10','http://www.android.com/'),(371,'Mozilla/5.0 (Windows NT 6.1) AppleWebKit/537.36 (KHTML, like Gecko) Chrome/88.0.4324.192 Safari/537.36 OPR/74.0.3911.218',1,'Chrome','chrome','88.0.4324.192','http://www.google.com/chrome/','Windows','windows','7','http://windows.microsoft.com/en-US/windows7/products/home'),(372,'Mozilla/5.0 (Linux; Android 9; vivo 1904) AppleWebKit/537.36 (KHTML, like Gecko) Chrome/74.0.3729.136 Mobile Safari/537.36',1,'Chrome','chrome','74.0.3729.136','http://www.google.com/chrome/','Android','android','9','http://www.android.com/'),(373,'Mozilla/5.0 (Linux; Android 10; RMX2193) AppleWebKit/537.36 (KHTML, like Gecko) Chrome/83.0.4103.106 Mobile Safari/537.36',1,'Chrome','chrome','83.0.4103.106','http://www.google.com/chrome/','Android','android','10','http://www.android.com/'),(374,'Mozilla/5.0 (Linux; Android 10; SM-A315G) AppleWebKit/537.36 (KHTML, like Gecko) Chrome/89.0.4389.105 Mobile Safari/537.36',1,'Chrome','chrome','89.0.4389.105','http://www.google.com/chrome/','Android','android','10','http://www.android.com/'),(375,'Mozilla/5.0 (Linux; Android 9; vivo 1901) AppleWebKit/537.36 (KHTML, like Gecko) Chrome/74.0.3729.136 Mobile Safari/537.36',2,'Chrome','chrome','74.0.3729.136','http://www.google.com/chrome/','Android','android','9','http://www.android.com/'),(376,'Mozilla/5.0 (Linux; Android 9; RMX1805) AppleWebKit/537.36 (KHTML, like Gecko) Chrome/89.0.4389.90 Mobile Safari/537.36',1,'Chrome','chrome','89.0.4389.90','http://www.google.com/chrome/','Android','android','9','http://www.android.com/');

--
-- Table structure for table `kbm_19_commentmeta`
--

CREATE TABLE `kbm_19_commentmeta` (
  `meta_id` bigint(20) unsigned NOT NULL AUTO_INCREMENT,
  `comment_id` bigint(20) unsigned NOT NULL DEFAULT '0',
  `meta_key` varchar(255) COLLATE utf8mb4_unicode_ci DEFAULT NULL,
  `meta_value` longtext COLLATE utf8mb4_unicode_ci,
  PRIMARY KEY (`meta_id`),
  KEY `comment_id` (`comment_id`),
  KEY `meta_key` (`meta_key`(191))
) ENGINE=InnoDB DEFAULT CHARSET=utf8mb4 COLLATE=utf8mb4_unicode_ci;

--
-- Dumping data for table `kbm_19_commentmeta`
--


--
